000
CDUS41 KALY 082144
CLIGFL


CLIMATE REPORT
NATIONAL WEATHER SERVICE ALBANY NY
443 PM EST THU FEB 8 2018


...................................

...THE GLENS FALLS NY CLIMATE SUMMARY FOR FEBRUARY 8 2018...
VALID TODAY AS OF 0400 PM LOCAL TIME.

CLIMATE NORMAL PERIOD 1981 TO 2010
CLIMATE RECORD PERIOD 1949 TO 2018


WEATHER ITEM   OBSERVED TIME   RECORD YEAR NORMAL DEPARTURE LAST
                VALUE   (LST)  VALUE       VALUE  FROM      YEAR
                                                  NORMAL
..................................................................
TEMPERATURE (F)
 TODAY
  MAXIMUM         23    428 PM  50    2009  31     -8       46
  MINIMUM          2    559 AM -28    1967   8     -6       30
  AVERAGE         13                        20     -7       38

PRECIPITATION (IN)
  TODAY            T             1.08 1971   0.08  -0.08     0.26
  MONTH TO DATE    1.39                      0.62   0.77     1.00
  SINCE DEC 1      5.98                      6.53  -0.55     6.05
  SINCE JAN 1      3.66                      3.48   0.18     3.18

DEGREE DAYS
 HEATING
  TODAY           52                        45      7       27
  MONTH TO DATE  375                       368      7      292
  SINCE DEC 1   3193                      3066    127     2545
  SINCE JUL 1   4604                      4764   -160     3861

 COOLING
  TODAY            0                         0      0        0
  MONTH TO DATE    0                         0      0        0
  SINCE DEC 1      0                         0      0        0
  SINCE JAN 1      0                         0      0        0
..................................................................


WIND (MPH)
  HIGHEST WIND SPEED    15   HIGHEST WIND DIRECTION    NW (330)
  HIGHEST GUST SPEED    19   HIGHEST GUST DIRECTION    NW (320)
  AVERAGE WIND SPEED     3.4


SKY COVER
  AVERAGE SKY COVER 0.2



RELATIVE HUMIDITY (PERCENT)
 HIGHEST    91          1200 AM
 LOWEST     57           200 PM
 AVERAGE    74

..........................................................


THE GLENS FALLS NY CLIMATE NORMALS FOR TOMORROW
                         NORMAL    RECORD    YEAR
 MAXIMUM TEMPERATURE (F)   31        47      1990
 MINIMUM TEMPERATURE (F)    8       -16      1994


SUNRISE AND SUNSET
FEBRUARY  8 2018......SUNRISE   702 AM EST   SUNSET   516 PM EST
FEBRUARY  9 2018......SUNRISE   701 AM EST   SUNSET   517 PM EST


-  INDICATES NEGATIVE NUMBERS.
R  INDICATES RECORD WAS SET OR TIED.
MM INDICATES DATA IS MISSING.
T  INDICATES TRACE AMOUNT.




$$
