000
CDUS41 KALY 130626
CLIGFL


CLIMATE REPORT
NATIONAL WEATHER SERVICE ALBANY NY
126 AM EST MON FEB 13 2017


...................................

...THE GLENS FALLS NY CLIMATE SUMMARY FOR FEBRUARY 12 2017...

CLIMATE NORMAL PERIOD 1981 TO 2010
CLIMATE RECORD PERIOD 1949 TO 2017


WEATHER ITEM   OBSERVED TIME   RECORD YEAR NORMAL DEPARTURE LAST
                VALUE   (LST)  VALUE       VALUE  FROM      YEAR
                                                  NORMAL
..................................................................
TEMPERATURE (F)
 YESTERDAY
  MAXIMUM         29    814 PM  53    1999  32     -3       23
  MINIMUM         20    749 AM -25    1979   9     11       -6
  AVERAGE         25                        20      5        9

PRECIPITATION (IN)
  YESTERDAY        0.67          0.72 1988   0.07   0.60     0.00
  MONTH TO DATE    1.85                      0.91   0.94     1.39
  SINCE DEC 1      6.90                      6.82   0.08     6.50
  SINCE JAN 1      4.03                      3.77   0.26     2.45

DEGREE DAYS
 HEATING
  YESTERDAY       40                        45     -5       56
  MONTH TO DATE  476                       548    -72      347
  SINCE DEC 1   2729                      3246   -517     2235
  SINCE JUL 1   4045                      4944   -899     3526

 COOLING
  YESTERDAY        0                         0      0        0
  MONTH TO DATE    0                         0      0        0
  SINCE DEC 1      0                         0      0        0
  SINCE JAN 1      0                         0      0        0
..................................................................


WIND (MPH)
  HIGHEST WIND SPEED    10   HIGHEST WIND DIRECTION    NW (300)
  HIGHEST GUST SPEED    11   HIGHEST GUST DIRECTION     W (290)
  AVERAGE WIND SPEED     2.1


SKY COVER
  AVERAGE SKY COVER 0.8



RELATIVE HUMIDITY (PERCENT)
 HIGHEST    88          1200 PM
 LOWEST     77           800 AM
 AVERAGE    83

..........................................................


THE GLENS FALLS NY CLIMATE NORMALS FOR TODAY
                         NORMAL    RECORD    YEAR
 MAXIMUM TEMPERATURE (F)   32        46      1951
 MINIMUM TEMPERATURE (F)    9       -25      1967


SUNRISE AND SUNSET
FEBRUARY 13 2017......SUNRISE   655 AM EST   SUNSET   523 PM EST
FEBRUARY 14 2017......SUNRISE   654 AM EST   SUNSET   524 PM EST


-  INDICATES NEGATIVE NUMBERS.
R  INDICATES RECORD WAS SET OR TIED.
MM INDICATES DATA IS MISSING.
T  INDICATES TRACE AMOUNT.




$$
