000
CDUS41 KALY 120630
CLIGFL


CLIMATE REPORT
NATIONAL WEATHER SERVICE ALBANY NY
130 AM EST THU JAN 12 2017


...................................

...THE GLENS FALLS NY CLIMATE SUMMARY FOR JANUARY 11 2017...

CLIMATE NORMAL PERIOD 1981 TO 2010
CLIMATE RECORD PERIOD 1949 TO 2017


WEATHER ITEM   OBSERVED TIME   RECORD YEAR NORMAL DEPARTURE LAST
                VALUE   (LST)  VALUE       VALUE  FROM      YEAR
                                                  NORMAL
..................................................................
TEMPERATURE (F)
 YESTERDAY
  MAXIMUM         51    133 PM  54    1980  28     23       36
  MINIMUM         33    937 PM -33    1968   8     25       20
  AVERAGE         42                        18     24       28

PRECIPITATION (IN)
  YESTERDAY        0.17          1.18 2008   0.10   0.07      T
  MONTH TO DATE    0.67                      0.99  -0.32     0.78
  SINCE DEC 1      3.54                      4.04  -0.50     4.83
  SINCE JAN 1      0.67                      0.99  -0.32     0.78

DEGREE DAYS
 HEATING
  YESTERDAY       23                        47    -24       37
  MONTH TO DATE  448                       511    -63      413
  SINCE DEC 1   1593                      1751   -158     1236
  SINCE JUL 1   2909                      3449   -540     2527

 COOLING
  YESTERDAY        0                         0      0        0
  MONTH TO DATE    0                         0      0        0
  SINCE DEC 1      0                         0      0        0
  SINCE JAN 1      0                         0      0        0
..................................................................


WIND (MPH)
  HIGHEST WIND SPEED    25   HIGHEST WIND DIRECTION     S (190)
  HIGHEST GUST SPEED    37   HIGHEST GUST DIRECTION     S (200)
  AVERAGE WIND SPEED     8.2


SKY COVER
  AVERAGE SKY COVER 0.3



RELATIVE HUMIDITY (PERCENT)
 HIGHEST    85           700 AM
 LOWEST     39           100 PM
 AVERAGE    62

..........................................................


THE GLENS FALLS NY CLIMATE NORMALS FOR TODAY
                         NORMAL    RECORD    YEAR
 MAXIMUM TEMPERATURE (F)   28        53      1980
 MINIMUM TEMPERATURE (F)    7       -33      1968


SUNRISE AND SUNSET
JANUARY 12 2017.......SUNRISE   725 AM EST   SUNSET   441 PM EST
JANUARY 13 2017.......SUNRISE   725 AM EST   SUNSET   442 PM EST


-  INDICATES NEGATIVE NUMBERS.
R  INDICATES RECORD WAS SET OR TIED.
MM INDICATES DATA IS MISSING.
T  INDICATES TRACE AMOUNT.




$$
