000
CDUS41 KALY 212054
CLIGFL


CLIMATE REPORT
NATIONAL WEATHER SERVICE ALBANY NY
453 PM EDT FRI APR 21 2017


...................................

...THE GLENS FALLS NY CLIMATE SUMMARY FOR APRIL 21 2017...
VALID TODAY AS OF 0400 PM LOCAL TIME.

CLIMATE NORMAL PERIOD 1981 TO 2010
CLIMATE RECORD PERIOD 1949 TO 2017


WEATHER ITEM   OBSERVED TIME   RECORD YEAR NORMAL DEPARTURE LAST
                VALUE   (LST)  VALUE       VALUE  FROM      YEAR
                                                  NORMAL
..................................................................
TEMPERATURE (F)
 TODAY
  MAXIMUM         52    124 PM  82    1954  60     -8       76
  MINIMUM         45    228 AM  23    1956  35     10       30
  AVERAGE         49                        47      2       53

PRECIPITATION (IN)
  TODAY            0.46          0.97 1991   0.10   0.36      T
  MONTH TO DATE    2.92                      2.05   0.87     1.13
  SINCE MAR 1      5.46                      4.99   0.47     3.41
  SINCE JAN 1     10.15                      9.93   0.22     8.20

DEGREE DAYS
 HEATING
  TODAY           16                        18     -2       12
  MONTH TO DATE  350                       466   -116      479
  SINCE MAR 1   1418                      1509    -91     1293
  SINCE JUL 1   5940                      7129  -1189     5473

 COOLING
  TODAY            0                         0      0        0
  MONTH TO DATE    2                         0      2        0
  SINCE MAR 1      2                         0      2        0
  SINCE JAN 1      2                         0      2        0
..................................................................


WIND (MPH)
  HIGHEST WIND SPEED     9   HIGHEST WIND DIRECTION    NW (310)
  HIGHEST GUST SPEED    11   HIGHEST GUST DIRECTION    NW (300)
  AVERAGE WIND SPEED     2.1


SKY COVER
  AVERAGE SKY COVER 1.0



RELATIVE HUMIDITY (PERCENT)
 HIGHEST    93           300 AM
 LOWEST     83           100 PM
 AVERAGE    88

..........................................................


THE GLENS FALLS NY CLIMATE NORMALS FOR TOMORROW
                         NORMAL    RECORD    YEAR
 MAXIMUM TEMPERATURE (F)   60        84      1973
 MINIMUM TEMPERATURE (F)   35        21      1975


SUNRISE AND SUNSET
APRIL 21 2017.........SUNRISE   602 AM EDT   SUNSET   745 PM EDT
APRIL 22 2017.........SUNRISE   601 AM EDT   SUNSET   746 PM EDT


-  INDICATES NEGATIVE NUMBERS.
R  INDICATES RECORD WAS SET OR TIED.
MM INDICATES DATA IS MISSING.
T  INDICATES TRACE AMOUNT.




$$
