000
CDUS41 KALY 170622
CLIGFL


CLIMATE REPORT
NATIONAL WEATHER SERVICE ALBANY NY
222 AM EDT SUN AUG 17 2014


...................................

...THE GLENS FALLS NY CLIMATE SUMMARY FOR AUGUST 16 2014...

CLIMATE NORMAL PERIOD 1981 TO 2010
CLIMATE RECORD PERIOD 1949 TO 2014


WEATHER ITEM   OBSERVED TIME   RECORD YEAR NORMAL DEPARTURE LAST
                VALUE   (LST)  VALUE       VALUE  FROM      YEAR
                                                  NORMAL
..................................................................
TEMPERATURE (F)
 YESTERDAY
  MAXIMUM         71    120 PM  93    1959  79     -8       78
  MINIMUM         54    601 AM  43    1964  55     -1       48
  AVERAGE         63                        67     -4       63

PRECIPITATION (IN)
  YESTERDAY        0.01          1.34 1951   0.12  -0.11     0.00
  MONTH TO DATE    0.82                      2.05  -1.23     1.89
  SINCE JUN 1     10.92                      9.69   1.23    12.31
  SINCE JAN 1     24.03                     24.18  -0.15    24.24

DEGREE DAYS
 HEATING
  YESTERDAY        2                         1      1        2
  MONTH TO DATE    7                        16     -9       24
  SINCE JUN 1     40                       127    -87      118
  SINCE JUL 1      8                        37    -29       29

 COOLING
  YESTERDAY        0                         4     -4        0
  MONTH TO DATE   51                        64    -13       32
  SINCE JUN 1    284                       272     12      395
  SINCE JAN 1    304                       284     20      428
..................................................................


WIND (MPH)
  HIGHEST WIND SPEED    15   HIGHEST WIND DIRECTION    SW (230)
  HIGHEST GUST SPEED    20   HIGHEST GUST DIRECTION     S (180)
  AVERAGE WIND SPEED     6.4


SKY COVER
  AVERAGE SKY COVER 0.4



RELATIVE HUMIDITY (PERCENT)
 HIGHEST    86          1200 AM
 LOWEST     49           100 PM
 AVERAGE    68

..........................................................


THE GLENS FALLS NY CLIMATE NORMALS FOR TODAY
                         NORMAL    RECORD    YEAR
 MAXIMUM TEMPERATURE (F)   79        93      1987
 MINIMUM TEMPERATURE (F)   55        41      1979


SUNRISE AND SUNSET
AUGUST 17 2014........SUNRISE   602 AM EDT   SUNSET   754 PM EDT
AUGUST 18 2014........SUNRISE   603 AM EDT   SUNSET   753 PM EDT


-  INDICATES NEGATIVE NUMBERS.
R  INDICATES RECORD WAS SET OR TIED.
MM INDICATES DATA IS MISSING.
T  INDICATES TRACE AMOUNT.




$$
