000
CDUS41 KALY 260634
CLIGFL


CLIMATE REPORT
NATIONAL WEATHER SERVICE ALBANY NY
134 AM EST MON JAN 26 2015


...................................

...THE GLENS FALLS NY CLIMATE SUMMARY FOR JANUARY 25 2015...

CLIMATE NORMAL PERIOD 1981 TO 2010
CLIMATE RECORD PERIOD 1949 TO 2015


WEATHER ITEM   OBSERVED TIME   RECORD YEAR NORMAL DEPARTURE LAST
                VALUE   (LST)  VALUE       VALUE  FROM      YEAR
                                                  NORMAL
..................................................................
TEMPERATURE (F)
 YESTERDAY
  MAXIMUM         34    710 AM  54    2010  29      5       20
  MINIMUM          6   1159 PM -23    2004   7     -1       13
  AVERAGE         20                        18      2       17

PRECIPITATION (IN)
  YESTERDAY        T             1.28 2010   0.10  -0.10     0.02
  MONTH TO DATE    1.39                      2.33  -0.94     1.93
  SINCE DEC 1      5.47                      5.38   0.09     4.32
  SINCE JAN 1      1.39                      2.33  -0.94     1.93

DEGREE DAYS
 HEATING
  YESTERDAY       45                        47     -2       48
  MONTH TO DATE 1214                      1178     36     1192
  SINCE DEC 1   2285                      2418   -133     2452
  SINCE JUL 1   3746                      4116   -370     4131

 COOLING
  YESTERDAY        0                         0      0        0
  MONTH TO DATE    0                         0      0        0
  SINCE DEC 1      0                         0      0        0
  SINCE JAN 1      0                         0      0        0
..................................................................


WIND (MPH)
  HIGHEST WIND SPEED    22   HIGHEST WIND DIRECTION     N (350)
  HIGHEST GUST SPEED    28   HIGHEST GUST DIRECTION    NW (330)
  AVERAGE WIND SPEED    11.5


SKY COVER
  AVERAGE SKY COVER 0.4



RELATIVE HUMIDITY (PERCENT)
 HIGHEST    72          1200 AM
 LOWEST     36           400 PM
 AVERAGE    54

..........................................................


THE GLENS FALLS NY CLIMATE NORMALS FOR TODAY
                         NORMAL    RECORD    YEAR
 MAXIMUM TEMPERATURE (F)   29        57      1950
 MINIMUM TEMPERATURE (F)    7       -28      1994


SUNRISE AND SUNSET
JANUARY 26 2015.......SUNRISE   716 AM EST   SUNSET   458 PM EST
JANUARY 27 2015.......SUNRISE   716 AM EST   SUNSET   459 PM EST


-  INDICATES NEGATIVE NUMBERS.
R  INDICATES RECORD WAS SET OR TIED.
MM INDICATES DATA IS MISSING.
T  INDICATES TRACE AMOUNT.




$$
