000
CDUS41 KALY 290622
CLIGFL


CLIMATE REPORT
NATIONAL WEATHER SERVICE ALBANY NY
221 AM EDT SAT AUG 29 2015


...................................

...THE GLENS FALLS NY CLIMATE SUMMARY FOR AUGUST 28 2015...

CLIMATE NORMAL PERIOD 1981 TO 2010
CLIMATE RECORD PERIOD 1949 TO 2015


WEATHER ITEM   OBSERVED TIME   RECORD YEAR NORMAL DEPARTURE LAST
                VALUE   (LST)  VALUE       VALUE  FROM      YEAR
                                                  NORMAL
..................................................................
TEMPERATURE (F)
 YESTERDAY
  MAXIMUM         77    406 PM  92    1977  77      0       75
  MINIMUM         50    557 AM  39    1957  53     -3       56
  AVERAGE         64                        65     -1       66

PRECIPITATION (IN)
  YESTERDAY        0.00          3.67 2011   0.10  -0.10     0.00
  MONTH TO DATE    1.77                      3.38  -1.61     2.20
  SINCE JUN 1     10.21                     11.02  -0.81    12.30
  SINCE JAN 1     17.52                     25.51  -7.99    25.41

DEGREE DAYS
 HEATING
  YESTERDAY        1                         2     -1        0
  MONTH TO DATE    2                        36    -34       13
  SINCE JUN 1     92                       147    -55       46
  SINCE JUL 1     13                        57    -44       14

 COOLING
  YESTERDAY        0                         2     -2        1
  MONTH TO DATE  167                        98     69       78
  SINCE JUN 1    410                       306    104      311
  SINCE JAN 1    486                       318    168      331
..................................................................


WIND (MPH)
  HIGHEST WIND SPEED    12   HIGHEST WIND DIRECTION     S (170)
  HIGHEST GUST SPEED    15   HIGHEST GUST DIRECTION     S (160)
  AVERAGE WIND SPEED     3.0


SKY COVER
  AVERAGE SKY COVER 0.1



RELATIVE HUMIDITY (PERCENT)
 HIGHEST    93           100 AM
 LOWEST     49           100 PM
 AVERAGE    71

..........................................................


THE GLENS FALLS NY CLIMATE NORMALS FOR TODAY
                         NORMAL    RECORD    YEAR
 MAXIMUM TEMPERATURE (F)   77        93      1977
 MINIMUM TEMPERATURE (F)   53        31      1982


SUNRISE AND SUNSET
AUGUST 29 2015........SUNRISE   615 AM EDT   SUNSET   735 PM EDT
AUGUST 30 2015........SUNRISE   616 AM EDT   SUNSET   733 PM EDT


-  INDICATES NEGATIVE NUMBERS.
R  INDICATES RECORD WAS SET OR TIED.
MM INDICATES DATA IS MISSING.
T  INDICATES TRACE AMOUNT.




$$
