000
CDUS41 KALY 152048
CLIGFL


CLIMATE REPORT
NATIONAL WEATHER SERVICE ALBANY NY
447 PM EDT FRI JUL 15 2016


...................................

...THE GLENS FALLS NY CLIMATE SUMMARY FOR JULY 15 2016...
VALID TODAY AS OF 0400 PM LOCAL TIME.

CLIMATE NORMAL PERIOD 1981 TO 2010
CLIMATE RECORD PERIOD 1949 TO 2016


WEATHER ITEM   OBSERVED TIME   RECORD YEAR NORMAL DEPARTURE LAST
                VALUE   (LST)  VALUE       VALUE  FROM      YEAR
                                                  NORMAL
..................................................................
TEMPERATURE (F)
 TODAY
  MAXIMUM         88    250 PM  94    1983  81      7       73
  MINIMUM         66    403 AM  45    2009  57      9       53
  AVERAGE         77                        69      8       63

PRECIPITATION (IN)
  TODAY            0.00          1.91 1996   0.12  -0.12      T
  MONTH TO DATE    2.95                      1.91   1.04     0.56
  SINCE JUN 1      6.06                      5.46   0.60     6.78
  SINCE JAN 1     17.68                     19.95  -2.27    14.09

DEGREE DAYS
 HEATING
  TODAY            0                         1     -1        2
  MONTH TO DATE    0                        15    -15        8
  SINCE JUN 1     44                       105    -61       87
  SINCE JUL 1      0                        15    -15        8

 COOLING
  TODAY           12                         5      7        0
  MONTH TO DATE   96                        67     29       66
  SINCE JUN 1    199                       136     63      132
  SINCE JAN 1    255                       148    107      208
..................................................................


WIND (MPH)
  HIGHEST WIND SPEED    17   HIGHEST WIND DIRECTION    SW (230)
  HIGHEST GUST SPEED    23   HIGHEST GUST DIRECTION    SW (210)
  AVERAGE WIND SPEED     6.3


SKY COVER
  AVERAGE SKY COVER 0.3



RELATIVE HUMIDITY (PERCENT)
 HIGHEST   100           200 AM
 LOWEST     40           200 PM
 AVERAGE    70

..........................................................


THE GLENS FALLS NY CLIMATE NORMALS FOR TOMORROW
                         NORMAL    RECORD    YEAR
 MAXIMUM TEMPERATURE (F)   81        95      1983
 MINIMUM TEMPERATURE (F)   57        43      1966


SUNRISE AND SUNSET
JULY 15 2016..........SUNRISE   528 AM EDT   SUNSET   832 PM EDT
JULY 16 2016..........SUNRISE   529 AM EDT   SUNSET   832 PM EDT


-  INDICATES NEGATIVE NUMBERS.
R  INDICATES RECORD WAS SET OR TIED.
MM INDICATES DATA IS MISSING.
T  INDICATES TRACE AMOUNT.




$$
