000
CDUS41 KALY 140637
CLIGFL


CLIMATE REPORT
NATIONAL WEATHER SERVICE ALBANY NY
136 AM EST TUE FEB 14 2017


...................................

...THE GLENS FALLS NY CLIMATE SUMMARY FOR FEBRUARY 13 2017...

CLIMATE NORMAL PERIOD 1981 TO 2010
CLIMATE RECORD PERIOD 1949 TO 2017


WEATHER ITEM   OBSERVED TIME   RECORD YEAR NORMAL DEPARTURE LAST
                VALUE   (LST)  VALUE       VALUE  FROM      YEAR
                                                  NORMAL
..................................................................
TEMPERATURE (F)
 YESTERDAY
  MAXIMUM         32    215 PM  46    1951  32      0       15
  MINIMUM         20   1147 PM -25    1967   9     11      -11
  AVERAGE         26                        21      5        2

PRECIPITATION (IN)
  YESTERDAY        T             1.08 1966   0.07  -0.07     0.00
  MONTH TO DATE    1.85                      0.98   0.87     1.39
  SINCE DEC 1      6.90                      6.89   0.01     6.50
  SINCE JAN 1      4.03                      3.84   0.19     2.45

DEGREE DAYS
 HEATING
  YESTERDAY       39                        44     -5       63
  MONTH TO DATE  515                       592    -77      410
  SINCE DEC 1   2768                      3290   -522     2298
  SINCE JUL 1   4084                      4988   -904     3589

 COOLING
  YESTERDAY        0                         0      0        0
  MONTH TO DATE    0                         0      0        0
  SINCE DEC 1      0                         0      0        0
  SINCE JAN 1      0                         0      0        0
..................................................................


WIND (MPH)
  HIGHEST WIND SPEED    28   HIGHEST WIND DIRECTION    NW (310)
  HIGHEST GUST SPEED    38   HIGHEST GUST DIRECTION     N (350)
  AVERAGE WIND SPEED    11.2


SKY COVER
  AVERAGE SKY COVER 0.7



RELATIVE HUMIDITY (PERCENT)
 HIGHEST    92           100 AM
 LOWEST     47          1200 PM
 AVERAGE    70

..........................................................


THE GLENS FALLS NY CLIMATE NORMALS FOR TODAY
                         NORMAL    RECORD    YEAR
 MAXIMUM TEMPERATURE (F)   33        52      2011
 MINIMUM TEMPERATURE (F)    9       -24      2003


SUNRISE AND SUNSET
FEBRUARY 14 2017......SUNRISE   654 AM EST   SUNSET   524 PM EST
FEBRUARY 15 2017......SUNRISE   652 AM EST   SUNSET   526 PM EST


-  INDICATES NEGATIVE NUMBERS.
R  INDICATES RECORD WAS SET OR TIED.
MM INDICATES DATA IS MISSING.
T  INDICATES TRACE AMOUNT.




$$
