198
CDUS41 KALY 300629
CLIGFL


CLIMATE REPORT
NATIONAL WEATHER SERVICE ALBANY NY
128 AM EST SAT JAN 30 2016


...................................

...THE GLENS FALLS NY CLIMATE SUMMARY FOR JANUARY 29 2016...

CLIMATE NORMAL PERIOD 1981 TO 2010
CLIMATE RECORD PERIOD 1949 TO 2016


WEATHER ITEM   OBSERVED TIME   RECORD YEAR NORMAL DEPARTURE LAST
                VALUE   (LST)  VALUE       VALUE  FROM      YEAR
                                                  NORMAL
..................................................................
TEMPERATURE (F)
 YESTERDAY
  MAXIMUM         MM        MM  47    1989  29     MM       29
  MINIMUM         MM        MM -22    1963   7     MM      -10
  AVERAGE         MM                        18     MM       10

PRECIPITATION (IN)
  YESTERDAY        T             1.09 1990   0.09  -0.09     0.04
  MONTH TO DATE    1.06                      2.69  -1.63     1.44
  SINCE DEC 1      5.11                      5.74  -0.63     5.52
  SINCE JAN 1      1.06                      2.69  -1.63     1.44

DEGREE DAYS
 HEATING
  YESTERDAY       MM                        47     MM       55
  MONTH TO DATE 1065                      1366   -301     1432
  SINCE DEC 1   1888                      2606   -718     2503
  SINCE JUL 1   3179                      4304  -1125     3964

 COOLING
  YESTERDAY       MM                         0     MM        0
  MONTH TO DATE    0                         0      0        0
  SINCE DEC 1      0                         0      0        0
  SINCE JAN 1      0                         0      0        0
..................................................................


WIND (MPH)
  HIGHEST WIND SPEED    13   HIGHEST WIND DIRECTION    NW (310)
  HIGHEST GUST SPEED    20   HIGHEST GUST DIRECTION    NW (310)
  AVERAGE WIND SPEED     3.8


SKY COVER
  AVERAGE SKY COVER 0.8



RELATIVE HUMIDITY (PERCENT)
 HIGHEST    MM
 LOWEST     MM
 AVERAGE    MM

..........................................................


THE GLENS FALLS NY CLIMATE NORMALS FOR TODAY
                         NORMAL    RECORD    YEAR
 MAXIMUM TEMPERATURE (F)   29        53      2013
 MINIMUM TEMPERATURE (F)    7       -15      1973


SUNRISE AND SUNSET
JANUARY 30 2016.......SUNRISE   713 AM EST   SUNSET   503 PM EST
JANUARY 31 2016.......SUNRISE   712 AM EST   SUNSET   504 PM EST


-  INDICATES NEGATIVE NUMBERS.
R  INDICATES RECORD WAS SET OR TIED.
MM INDICATES DATA IS MISSING.
T  INDICATES TRACE AMOUNT.




$$
