000
CDUS41 KALY 120622
CLIGFL


CLIMATE REPORT
NATIONAL WEATHER SERVICE ALBANY NY
222 AM EDT FRI AUG 12 2016


...................................

...THE GLENS FALLS NY CLIMATE SUMMARY FOR AUGUST 11 2016...

CLIMATE NORMAL PERIOD 1981 TO 2010
CLIMATE RECORD PERIOD 1949 TO 2016


WEATHER ITEM   OBSERVED TIME   RECORD YEAR NORMAL DEPARTURE LAST
                VALUE   (LST)  VALUE       VALUE  FROM      YEAR
                                                  NORMAL
..................................................................
TEMPERATURE (F)
 YESTERDAY
  MAXIMUM         90    341 PM  91    2002  80     10       77
  MINIMUM         67   1232 AM  43    1976  56     11       64
  AVERAGE         79                        68     11       71

PRECIPITATION (IN)
  YESTERDAY        0.00          1.78 1983   0.12  -0.12     0.79
  MONTH TO DATE    1.33                      1.43  -0.10     0.88
  SINCE JUN 1      8.17                      9.07  -0.90     9.32
  SINCE JAN 1     19.79                     23.56  -3.77    16.63

DEGREE DAYS
 HEATING
  YESTERDAY        0                         1     -1        0
  MONTH TO DATE    0                        11    -11        1
  SINCE JUN 1     44                       122    -78       91
  SINCE JUL 1      0                        32    -32       12

 COOLING
  YESTERDAY       14                         4     10        6
  MONTH TO DATE   79                        44     35       49
  SINCE JUN 1    397                       252    145      292
  SINCE JAN 1    453                       264    189      368
..................................................................


WIND (MPH)
  HIGHEST WIND SPEED    16   HIGHEST WIND DIRECTION     S (170)
  HIGHEST GUST SPEED    20   HIGHEST GUST DIRECTION     S (170)
  AVERAGE WIND SPEED     4.9


SKY COVER
  AVERAGE SKY COVER 0.5



RELATIVE HUMIDITY (PERCENT)
 HIGHEST    97           200 AM
 LOWEST     59           200 PM
 AVERAGE    78

..........................................................


THE GLENS FALLS NY CLIMATE NORMALS FOR TODAY
                         NORMAL    RECORD    YEAR
 MAXIMUM TEMPERATURE (F)   80        92      2002
 MINIMUM TEMPERATURE (F)   56        42      2006


SUNRISE AND SUNSET
AUGUST 12 2016........SUNRISE   557 AM EDT   SUNSET   801 PM EDT
AUGUST 13 2016........SUNRISE   558 AM EDT   SUNSET   800 PM EDT


-  INDICATES NEGATIVE NUMBERS.
R  INDICATES RECORD WAS SET OR TIED.
MM INDICATES DATA IS MISSING.
T  INDICATES TRACE AMOUNT.




$$
