000
CDUS41 KALY 310630
CLIGFL


CLIMATE REPORT
NATIONAL WEATHER SERVICE ALBANY NY
129 AM EST SUN JAN 31 2016


...................................

...THE GLENS FALLS NY CLIMATE SUMMARY FOR JANUARY 30 2016...

CLIMATE NORMAL PERIOD 1981 TO 2010
CLIMATE RECORD PERIOD 1949 TO 2016


WEATHER ITEM   OBSERVED TIME   RECORD YEAR NORMAL DEPARTURE LAST
                VALUE   (LST)  VALUE       VALUE  FROM      YEAR
                                                  NORMAL
..................................................................
TEMPERATURE (F)
 YESTERDAY
  MAXIMUM         MM        MM  53    2013  29     MM       30
  MINIMUM         MM        MM -15    1973   7     MM        8
  AVERAGE         MM                        18     MM       19

PRECIPITATION (IN)
  YESTERDAY        0.00          0.56 1969   0.08  -0.08     0.05
  MONTH TO DATE    1.06                      2.77  -1.71     1.49
  SINCE DEC 1      5.11                      5.82  -0.71     5.57
  SINCE JAN 1      1.06                      2.77  -1.71     1.49

DEGREE DAYS
 HEATING
  YESTERDAY       MM                        47     MM       46
  MONTH TO DATE 1065                      1413   -348     1478
  SINCE DEC 1   1888                      2653   -765     2549
  SINCE JUL 1   3179                      4351  -1172     4010

 COOLING
  YESTERDAY       MM                         0     MM        0
  MONTH TO DATE    0                         0      0        0
  SINCE DEC 1      0                         0      0        0
  SINCE JAN 1      0                         0      0        0
..................................................................


WIND (MPH)
  HIGHEST WIND SPEED    12   HIGHEST WIND DIRECTION     S (180)
  HIGHEST GUST SPEED    20   HIGHEST GUST DIRECTION    SW (210)
  AVERAGE WIND SPEED     6.5


SKY COVER
  AVERAGE SKY COVER 0.3



RELATIVE HUMIDITY (PERCENT)
 HIGHEST    MM
 LOWEST     MM
 AVERAGE    MM

..........................................................


THE GLENS FALLS NY CLIMATE NORMALS FOR TODAY
                         NORMAL    RECORD    YEAR
 MAXIMUM TEMPERATURE (F)   30        53      2013
 MINIMUM TEMPERATURE (F)    7       -17      1999


SUNRISE AND SUNSET
JANUARY 31 2016.......SUNRISE   712 AM EST   SUNSET   504 PM EST
FEBRUARY  1 2016......SUNRISE   711 AM EST   SUNSET   506 PM EST


-  INDICATES NEGATIVE NUMBERS.
R  INDICATES RECORD WAS SET OR TIED.
MM INDICATES DATA IS MISSING.
T  INDICATES TRACE AMOUNT.




$$
