000
CDUS41 KALY 102155
CLIGFL


CLIMATE REPORT
NATIONAL WEATHER SERVICE ALBANY NY
454 PM EST WED JAN 10 2018


...................................

...THE GLENS FALLS NY CLIMATE SUMMARY FOR JANUARY 10 2018...
VALID TODAY AS OF 0400 PM LOCAL TIME.

CLIMATE NORMAL PERIOD 1981 TO 2010
CLIMATE RECORD PERIOD 1949 TO 2018


WEATHER ITEM   OBSERVED TIME   RECORD YEAR NORMAL DEPARTURE LAST
                VALUE   (LST)  VALUE       VALUE  FROM      YEAR
                                                  NORMAL
..................................................................
TEMPERATURE (F)
 TODAY
  MAXIMUM         32    416 PM  49    2016  28      4       41
                                      1972
  MINIMUM          1    750 AM -25    1968   8     -7        3
  AVERAGE         17                        18     -1       22

PRECIPITATION (IN)
  TODAY            0.00          0.98 1987   0.09  -0.09     0.01
  MONTH TO DATE    0.17                      0.89  -0.72     0.50
  SINCE DEC 1      2.49                      3.94  -1.45     3.37
  SINCE JAN 1      0.17                      0.89  -0.72     0.50

DEGREE DAYS
 HEATING
  TODAY           48                        47      1       43
  MONTH TO DATE  584                       464    120      425
  SINCE DEC 1   1958                      1704    254     1570
  SINCE JUL 1   3369                      3402    -33     2886

 COOLING
  TODAY            0                         0      0        0
  MONTH TO DATE    0                         0      0        0
  SINCE DEC 1      0                         0      0        0
  SINCE JAN 1      0                         0      0        0
..................................................................


WIND (MPH)
  HIGHEST WIND SPEED    10   HIGHEST WIND DIRECTION     S (170)
  HIGHEST GUST SPEED    13   HIGHEST GUST DIRECTION     S (180)
  AVERAGE WIND SPEED     2.0


SKY COVER
  AVERAGE SKY COVER 0.0



RELATIVE HUMIDITY (PERCENT)
 HIGHEST    96           500 AM
 LOWEST     58           300 PM
 AVERAGE    77

..........................................................


THE GLENS FALLS NY CLIMATE NORMALS FOR TOMORROW
                         NORMAL    RECORD    YEAR
 MAXIMUM TEMPERATURE (F)   28        54      1980
 MINIMUM TEMPERATURE (F)    8       -33      1968


SUNRISE AND SUNSET
JANUARY 10 2018.......SUNRISE   726 AM EST   SUNSET   438 PM EST
JANUARY 11 2018.......SUNRISE   726 AM EST   SUNSET   440 PM EST


-  INDICATES NEGATIVE NUMBERS.
R  INDICATES RECORD WAS SET OR TIED.
MM INDICATES DATA IS MISSING.
T  INDICATES TRACE AMOUNT.




$$
