000
CDUS41 KALY 130622
CLIGFL


CLIMATE REPORT
NATIONAL WEATHER SERVICE ALBANY NY
221 AM EDT SAT MAY 13 2017


...................................

...THE GLENS FALLS NY CLIMATE SUMMARY FOR MAY 12 2017...

CLIMATE NORMAL PERIOD 1981 TO 2010
CLIMATE RECORD PERIOD 1949 TO 2017


WEATHER ITEM   OBSERVED TIME   RECORD YEAR NORMAL DEPARTURE LAST
                VALUE   (LST)  VALUE       VALUE  FROM      YEAR
                                                  NORMAL
..................................................................
TEMPERATURE (F)
 YESTERDAY
  MAXIMUM         69    522 PM  87    2014  67      2       80
                                      1991
  MINIMUM         36    501 AM  28    2005  41     -5       42
  AVERAGE         53                        54     -1       61

PRECIPITATION (IN)
  YESTERDAY        0.00          1.25 1974   0.12  -0.12     0.00
  MONTH TO DATE    2.43                      1.37   1.06     1.36
  SINCE MAR 1      8.27                      7.31   0.96     5.10
  SINCE JAN 1     12.96                     12.25   0.71     9.89

DEGREE DAYS
 HEATING
  YESTERDAY       12                        11      1        4
  MONTH TO DATE  170                       153     17      156
  SINCE MAR 1   1682                      1809   -127     1603
  SINCE JUL 1   6204                      7429  -1225     5783

 COOLING
  YESTERDAY        0                         0      0        0
  MONTH TO DATE    0                         0      0        0
  SINCE MAR 1      6                         1      5        0
  SINCE JAN 1      6                         1      5        0
..................................................................


WIND (MPH)
  HIGHEST WIND SPEED    14   HIGHEST WIND DIRECTION    SE (150)
  HIGHEST GUST SPEED    17   HIGHEST GUST DIRECTION    SE (150)
  AVERAGE WIND SPEED     3.2


SKY COVER
  AVERAGE SKY COVER 0.1



RELATIVE HUMIDITY (PERCENT)
 HIGHEST    92           300 AM
 LOWEST     37           400 PM
 AVERAGE    65

..........................................................


THE GLENS FALLS NY CLIMATE NORMALS FOR TODAY
                         NORMAL    RECORD    YEAR
 MAXIMUM TEMPERATURE (F)   67        86      1991
 MINIMUM TEMPERATURE (F)   42        24      2005


SUNRISE AND SUNSET
MAY 13 2017...........SUNRISE   532 AM EDT   SUNSET   810 PM EDT
MAY 14 2017...........SUNRISE   531 AM EDT   SUNSET   811 PM EDT


-  INDICATES NEGATIVE NUMBERS.
R  INDICATES RECORD WAS SET OR TIED.
MM INDICATES DATA IS MISSING.
T  INDICATES TRACE AMOUNT.




$$
