000
CDUS41 KALY 270622
CLIGFL


CLIMATE REPORT
NATIONAL WEATHER SERVICE ALBANY NY
222 AM EDT FRI MAY 27 2016


...................................

...THE GLENS FALLS NY CLIMATE SUMMARY FOR MAY 26 2016...

CLIMATE NORMAL PERIOD 1981 TO 2010
CLIMATE RECORD PERIOD 1949 TO 2016


WEATHER ITEM   OBSERVED TIME   RECORD YEAR NORMAL DEPARTURE LAST
                VALUE   (LST)  VALUE       VALUE  FROM      YEAR
                                                  NORMAL
..................................................................
TEMPERATURE (F)
 YESTERDAY
  MAXIMUM         85    543 PM  92    2010  71     14       87
  MINIMUM         52    403 AM  31    2009  46      6       68
  AVERAGE         69                        58     11       78

PRECIPITATION (IN)
  YESTERDAY        0.00          1.52 1983   0.12  -0.12     0.00
  MONTH TO DATE    2.03                      3.04  -1.01     1.27
  SINCE MAR 1      5.77                      8.98  -3.21     3.92
  SINCE JAN 1     10.56                     13.92  -3.36     5.97

DEGREE DAYS
 HEATING
  YESTERDAY        0                         7     -7        0
  MONTH TO DATE  256                       278    -22      128
  SINCE MAR 1   1703                      1934   -231     1910
  SINCE JUL 1   5883                      7554  -1671     7591

 COOLING
  YESTERDAY        4                         1      3       13
  MONTH TO DATE    7                         3      4       53
  SINCE MAR 1      7                         4      3       53
  SINCE JAN 1      7                         4      3       53
..................................................................


WIND (MPH)
  HIGHEST WIND SPEED    13   HIGHEST WIND DIRECTION     S (190)
  HIGHEST GUST SPEED    17   HIGHEST GUST DIRECTION     S (190)
  AVERAGE WIND SPEED     3.0


SKY COVER
  AVERAGE SKY COVER 0.1



RELATIVE HUMIDITY (PERCENT)
 HIGHEST    93           400 AM
 LOWEST     37           400 PM
 AVERAGE    65

..........................................................


THE GLENS FALLS NY CLIMATE NORMALS FOR TODAY
                         NORMAL    RECORD    YEAR
 MAXIMUM TEMPERATURE (F)   71        86      2014
                                             1978
 MINIMUM TEMPERATURE (F)   46        30      1969


SUNRISE AND SUNSET
MAY 27 2016...........SUNRISE   520 AM EDT   SUNSET   824 PM EDT
MAY 28 2016...........SUNRISE   519 AM EDT   SUNSET   825 PM EDT


-  INDICATES NEGATIVE NUMBERS.
R  INDICATES RECORD WAS SET OR TIED.
MM INDICATES DATA IS MISSING.
T  INDICATES TRACE AMOUNT.




$$
