000
CDUS41 KALY 270623
CLIGFL


CLIMATE REPORT
NATIONAL WEATHER SERVICE ALBANY NY
223 AM EDT SAT AUG 27 2016


...................................

...THE GLENS FALLS NY CLIMATE SUMMARY FOR AUGUST 26 2016...

CLIMATE NORMAL PERIOD 1981 TO 2010
CLIMATE RECORD PERIOD 1949 TO 2016


WEATHER ITEM   OBSERVED TIME   RECORD YEAR NORMAL DEPARTURE LAST
                VALUE   (LST)  VALUE       VALUE  FROM      YEAR
                                                  NORMAL
..................................................................
TEMPERATURE (F)
 YESTERDAY
  MAXIMUM         88    305 PM  92    1949  77     11       77
  MINIMUM         61   1159 PM  42    1977  54      7       59
  AVERAGE         75                        65     10       68

PRECIPITATION (IN)
  YESTERDAY        0.07          0.61 1999   0.11  -0.04     0.00
  MONTH TO DATE    2.14                      3.18  -1.04     1.77
  SINCE JUN 1      8.98                     10.82  -1.84    10.21
  SINCE JAN 1     20.60                     25.31  -4.71    17.52

DEGREE DAYS
 HEATING
  YESTERDAY        0                         2     -2        0
  MONTH TO DATE    6                        32    -26        1
  SINCE JUN 1     50                       143    -93       91
  SINCE JUL 1      6                        53    -47       12

 COOLING
  YESTERDAY       10                         3      7        3
  MONTH TO DATE  187                        94     93      167
  SINCE JUN 1    505                       302    203      410
  SINCE JAN 1    561                       314    247      486
..................................................................


WIND (MPH)
  HIGHEST WIND SPEED    13   HIGHEST WIND DIRECTION     N (340)
  HIGHEST GUST SPEED    16   HIGHEST GUST DIRECTION     N (350)
  AVERAGE WIND SPEED     4.6


SKY COVER
  AVERAGE SKY COVER 0.4



RELATIVE HUMIDITY (PERCENT)
 HIGHEST    93          1200 AM
 LOWEST     40           300 PM
 AVERAGE    67

..........................................................


THE GLENS FALLS NY CLIMATE NORMALS FOR TODAY
                         NORMAL    RECORD    YEAR
 MAXIMUM TEMPERATURE (F)   77        96      1952
 MINIMUM TEMPERATURE (F)   53        40      1954


SUNRISE AND SUNSET
AUGUST 27 2016........SUNRISE   613 AM EDT   SUNSET   737 PM EDT
AUGUST 28 2016........SUNRISE   615 AM EDT   SUNSET   736 PM EDT


-  INDICATES NEGATIVE NUMBERS.
R  INDICATES RECORD WAS SET OR TIED.
MM INDICATES DATA IS MISSING.
T  INDICATES TRACE AMOUNT.




$$
