000
CDUS41 KALY 010626
CLIGFL


CLIMATE REPORT
NATIONAL WEATHER SERVICE ALBANY NY
225 AM EDT MON JUN 1 2015


...................................

...THE GLENS FALLS NY CLIMATE SUMMARY FOR MAY 31 2015...

CLIMATE NORMAL PERIOD 1981 TO 2010
CLIMATE RECORD PERIOD 1949 TO 2015


WEATHER ITEM   OBSERVED TIME   RECORD YEAR NORMAL DEPARTURE LAST
                VALUE   (LST)  VALUE       VALUE  FROM      YEAR
                                                  NORMAL
..................................................................
TEMPERATURE (F)
 YESTERDAY
  MAXIMUM         68    446 AM  91    2013  72     -4       69
  MINIMUM         50   1159 PM  30    1967  48      2       44
  AVERAGE         59                        60     -1       57

PRECIPITATION (IN)
  YESTERDAY        0.30          2.30 1992   0.12   0.18     0.00
  MONTH TO DATE    2.61                      3.61  -1.00     3.04
  SINCE MAR 1      5.26                      9.55  -4.29     8.58
  SINCE JAN 1      7.31                     14.49  -7.18    13.11

DEGREE DAYS
 HEATING
  YESTERDAY        6                         6      0        8
  MONTH TO DATE  134                       310   -176      224
  SINCE MAR 1   1916                      1966    -50     2128
  SINCE JUL 1   7597                      7586     11     7897

 COOLING
  YESTERDAY        0                         1     -1        0
  MONTH TO DATE   76                        11     65       20
  SINCE MAR 1     76                        12     64       20
  SINCE JAN 1     76                        12     64       20
..................................................................


WIND (MPH)
  HIGHEST WIND SPEED    21   HIGHEST WIND DIRECTION    NE (60)
  HIGHEST GUST SPEED    31   HIGHEST GUST DIRECTION    NE (50)
  AVERAGE WIND SPEED     9.1


SKY COVER
  AVERAGE SKY COVER 1.0



RELATIVE HUMIDITY (PERCENT)
 HIGHEST    93           300 AM
 LOWEST     71           600 PM
 AVERAGE    82

..........................................................


THE GLENS FALLS NY CLIMATE NORMALS FOR TODAY
                         NORMAL    RECORD    YEAR
 MAXIMUM TEMPERATURE (F)   73        90      2013
 MINIMUM TEMPERATURE (F)   48        32      2009


SUNRISE AND SUNSET
JUNE  1 2015..........SUNRISE   517 AM EDT   SUNSET   828 PM EDT
JUNE  2 2015..........SUNRISE   517 AM EDT   SUNSET   829 PM EDT


-  INDICATES NEGATIVE NUMBERS.
R  INDICATES RECORD WAS SET OR TIED.
MM INDICATES DATA IS MISSING.
T  INDICATES TRACE AMOUNT.




$$
