000
CDUS41 KALY 042148
CLIGFL


CLIMATE REPORT
NATIONAL WEATHER SERVICE ALBANY NY
447 PM EST WED MAR 4 2015


...................................

...THE GLENS FALLS NY CLIMATE SUMMARY FOR MARCH 4 2015...
VALID TODAY AS OF 0400 PM LOCAL TIME.

CLIMATE NORMAL PERIOD 1981 TO 2010
CLIMATE RECORD PERIOD 1949 TO 2015


WEATHER ITEM   OBSERVED TIME   RECORD YEAR NORMAL DEPARTURE LAST
                VALUE   (LST)  VALUE       VALUE  FROM      YEAR
                                                  NORMAL
..................................................................
TEMPERATURE (F)
 TODAY
  MAXIMUM         39    306 PM  53    1964  38      1       20
  MINIMUM         27    123 AM -24    1950  15     12      -15
  AVERAGE         33                        26      7        3

PRECIPITATION (IN)
  TODAY            T             1.75 1977   0.09  -0.09      T
  MONTH TO DATE    0.05                      0.36  -0.31      T
  SINCE MAR 1      0.05                      0.36  -0.31      T
  SINCE JAN 1      2.10                      5.30  -3.20     4.53

DEGREE DAYS
 HEATING
  TODAY           32                        39     -7       62
  MONTH TO DATE  182                       157     25      220
  SINCE MAR 1    182                       157     25      220
  SINCE JUL 1   5863                      5777     86     5989

 COOLING
  TODAY            0                         0      0        0
  MONTH TO DATE    0                         0      0        0
  SINCE MAR 1      0                         0      0        0
  SINCE JAN 1      0                         0      0        0
..................................................................


WIND (MPH)
  HIGHEST WIND SPEED    18   HIGHEST WIND DIRECTION    SW (230)
  HIGHEST GUST SPEED    27   HIGHEST GUST DIRECTION    SW (220)
  AVERAGE WIND SPEED     9.2


SKY COVER
  AVERAGE SKY COVER 1.0



RELATIVE HUMIDITY (PERCENT)
 HIGHEST    92           100 AM
 LOWEST     50           100 PM
 AVERAGE    71

..........................................................


THE GLENS FALLS NY CLIMATE NORMALS FOR TOMORROW
                         NORMAL    RECORD    YEAR
 MAXIMUM TEMPERATURE (F)   38        64      1964
 MINIMUM TEMPERATURE (F)   16        -5      2005


SUNRISE AND SUNSET
MARCH  4 2015.........SUNRISE   626 AM EST   SUNSET   547 PM EST
MARCH  5 2015.........SUNRISE   624 AM EST   SUNSET   548 PM EST


-  INDICATES NEGATIVE NUMBERS.
R  INDICATES RECORD WAS SET OR TIED.
MM INDICATES DATA IS MISSING.
T  INDICATES TRACE AMOUNT.




$$
