000
CDUS41 KALY 120622
CLIGFL


CLIMATE REPORT
NATIONAL WEATHER SERVICE ALBANY NY
121 AM EST TUE DEC 12 2017


...................................

...THE GLENS FALLS NY CLIMATE SUMMARY FOR DECEMBER 11 2017...

CLIMATE NORMAL PERIOD 1981 TO 2010
CLIMATE RECORD PERIOD 1949 TO 2017


WEATHER ITEM   OBSERVED TIME   RECORD YEAR NORMAL DEPARTURE LAST
                VALUE   (LST)  VALUE       VALUE  FROM      YEAR
                                                  NORMAL
..................................................................
TEMPERATURE (F)
 YESTERDAY
  MAXIMUM         34    238 PM  64    1966  36     -2       31
  MINIMUM         24   1159 PM -21    1977  18      6       12
  AVERAGE         29                        27      2       22

PRECIPITATION (IN)
  YESTERDAY        T             2.61 1952   0.10  -0.10     0.01
  MONTH TO DATE    0.75                      1.21  -0.46     0.51
  SINCE DEC 1      0.75                      1.21  -0.46     0.51
  SINCE JAN 1     34.27                     37.22  -2.95    28.81

DEGREE DAYS
 HEATING
  YESTERDAY       36                        38     -2       43
  MONTH TO DATE  346                       396    -50      354
  SINCE DEC 1    346                       396    -50      354
  SINCE JUL 1   1757                      2094   -337     1670

 COOLING
  YESTERDAY        0                         0      0        0
  MONTH TO DATE    0                         0      0        0
  SINCE DEC 1      0                         0      0        0
  SINCE JAN 1    388                       352     36      643
..................................................................


WIND (MPH)
  HIGHEST WIND SPEED    12   HIGHEST WIND DIRECTION     E (70)
  HIGHEST GUST SPEED    17   HIGHEST GUST DIRECTION    SW (230)
  AVERAGE WIND SPEED     6.5


SKY COVER
  AVERAGE SKY COVER 0.8



RELATIVE HUMIDITY (PERCENT)
 HIGHEST    78          1200 PM
 LOWEST     51           200 PM
 AVERAGE    65

..........................................................


THE GLENS FALLS NY CLIMATE NORMALS FOR TODAY
                         NORMAL    RECORD    YEAR
 MAXIMUM TEMPERATURE (F)   35        56      1979
 MINIMUM TEMPERATURE (F)   18       -23      1977


SUNRISE AND SUNSET
DECEMBER 12 2017......SUNRISE   718 AM EST   SUNSET   419 PM EST
DECEMBER 13 2017......SUNRISE   719 AM EST   SUNSET   419 PM EST


-  INDICATES NEGATIVE NUMBERS.
R  INDICATES RECORD WAS SET OR TIED.
MM INDICATES DATA IS MISSING.
T  INDICATES TRACE AMOUNT.




$$
