000
CDUS41 KALY 210625
CLIGFL


CLIMATE REPORT
NATIONAL WEATHER SERVICE ALBANY NY
225 AM EDT FRI APR 21 2017


...................................

...THE GLENS FALLS NY CLIMATE SUMMARY FOR APRIL 20 2017...

CLIMATE NORMAL PERIOD 1981 TO 2010
CLIMATE RECORD PERIOD 1949 TO 2017


WEATHER ITEM   OBSERVED TIME   RECORD YEAR NORMAL DEPARTURE LAST
                VALUE   (LST)  VALUE       VALUE  FROM      YEAR
                                                  NORMAL
..................................................................
TEMPERATURE (F)
 YESTERDAY
  MAXIMUM         58    312 PM  83    1954  59     -1       60
  MINIMUM         45   1159 PM  22    1974  34     11       37
  AVERAGE         52                        47      5       49

PRECIPITATION (IN)
  YESTERDAY        0.06          0.72 1950   0.09  -0.03     0.00
  MONTH TO DATE    2.46                      1.95   0.51     1.13
  SINCE MAR 1      5.00                      4.89   0.11     3.41
  SINCE JAN 1      9.69                      9.83  -0.14     8.20

DEGREE DAYS
 HEATING
  YESTERDAY       13                        18     -5       16
  MONTH TO DATE  334                       448   -114      467
  SINCE MAR 1   1402                      1491    -89     1281
  SINCE JUL 1   5924                      7111  -1187     5461

 COOLING
  YESTERDAY        0                         0      0        0
  MONTH TO DATE    2                         0      2        0
  SINCE MAR 1      2                         0      2        0
  SINCE JAN 1      2                         0      2        0
..................................................................


WIND (MPH)
  HIGHEST WIND SPEED    14   HIGHEST WIND DIRECTION    NE (30)
  HIGHEST GUST SPEED    19   HIGHEST GUST DIRECTION     N (10)
  AVERAGE WIND SPEED     5.8


SKY COVER
  AVERAGE SKY COVER 1.0



RELATIVE HUMIDITY (PERCENT)
 HIGHEST    92          1200 AM
 LOWEST     55           400 PM
 AVERAGE    74

..........................................................


THE GLENS FALLS NY CLIMATE NORMALS FOR TODAY
                         NORMAL    RECORD    YEAR
 MAXIMUM TEMPERATURE (F)   60        82      1954
 MINIMUM TEMPERATURE (F)   35        23      1956


SUNRISE AND SUNSET
APRIL 21 2017.........SUNRISE   602 AM EDT   SUNSET   745 PM EDT
APRIL 22 2017.........SUNRISE   601 AM EDT   SUNSET   746 PM EDT


-  INDICATES NEGATIVE NUMBERS.
R  INDICATES RECORD WAS SET OR TIED.
MM INDICATES DATA IS MISSING.
T  INDICATES TRACE AMOUNT.




$$
