870
CDUS41 KALY 120623
CLIGFL


CLIMATE REPORT
NATIONAL WEATHER SERVICE ALBANY NY
222 AM EDT THU OCT 12 2017


...................................

...THE GLENS FALLS NY CLIMATE SUMMARY FOR OCTOBER 11 2017...

CLIMATE NORMAL PERIOD 1981 TO 2010
CLIMATE RECORD PERIOD 1949 TO 2017


WEATHER ITEM   OBSERVED TIME   RECORD YEAR NORMAL DEPARTURE LAST
                VALUE   (LST)  VALUE       VALUE  FROM      YEAR
                                                  NORMAL
..................................................................
TEMPERATURE (F)
 YESTERDAY
  MAXIMUM         59   1215 PM  85    1949  60     -1       65
  MINIMUM         47   1159 PM  21    1993  36     11       28
  AVERAGE         53                        48      5       47

PRECIPITATION (IN)
  YESTERDAY        0.04          0.60 1987   0.11  -0.07     0.00
  MONTH TO DATE    0.97                      1.27  -0.30     0.14
  SINCE SEP 1      3.29                      4.65  -1.36     1.35
  SINCE JAN 1     30.42                     30.46  -0.04    22.51

DEGREE DAYS
 HEATING
  YESTERDAY       12                        17     -5       18
  MONTH TO DATE   91                       164    -73      113
  SINCE SEP 1    223                       383   -160      216
  SINCE JUL 1    290                       449   -159      222

 COOLING
  YESTERDAY        0                         0      0        0
  MONTH TO DATE    3                         0      3        0
  SINCE SEP 1     70                        24     46       55
  SINCE JAN 1    384                       351     33      640
..................................................................


WIND (MPH)
  HIGHEST WIND SPEED    18   HIGHEST WIND DIRECTION     N (20)
  HIGHEST GUST SPEED    23   HIGHEST GUST DIRECTION    NE (30)
  AVERAGE WIND SPEED     7.4


SKY COVER
  AVERAGE SKY COVER 0.5



RELATIVE HUMIDITY (PERCENT)
 HIGHEST   100           100 AM
 LOWEST     47           100 PM
 AVERAGE    74

..........................................................


THE GLENS FALLS NY CLIMATE NORMALS FOR TODAY
                         NORMAL    RECORD    YEAR
 MAXIMUM TEMPERATURE (F)   60        83      1954
 MINIMUM TEMPERATURE (F)   36        22      1956


SUNRISE AND SUNSET
OCTOBER 12 2017.......SUNRISE   705 AM EDT   SUNSET   616 PM EDT
OCTOBER 13 2017.......SUNRISE   706 AM EDT   SUNSET   614 PM EDT


-  INDICATES NEGATIVE NUMBERS.
R  INDICATES RECORD WAS SET OR TIED.
MM INDICATES DATA IS MISSING.
T  INDICATES TRACE AMOUNT.




$$
