000
CDUS41 KALY 140624
CLIGFL


CLIMATE REPORT
NATIONAL WEATHER SERVICE ALBANY NY
123 AM EST SUN DEC 14 2014


...................................

...THE GLENS FALLS NY CLIMATE SUMMARY FOR DECEMBER 13 2014...

CLIMATE NORMAL PERIOD 1981 TO 2010
CLIMATE RECORD PERIOD 1949 TO 2014


WEATHER ITEM   OBSERVED TIME   RECORD YEAR NORMAL DEPARTURE LAST
                VALUE   (LST)  VALUE       VALUE  FROM      YEAR
                                                  NORMAL
..................................................................
TEMPERATURE (F)
 YESTERDAY
  MAXIMUM         32    401 PM  50    1984  35     -3       25
  MINIMUM         16    727 AM -12    1995  17     -1        6
  AVERAGE         24                        26     -2       16

PRECIPITATION (IN)
  YESTERDAY        0.00          1.99 1983   0.10  -0.10      T
  MONTH TO DATE    2.53                      1.41   1.12     0.60
  SINCE DEC 1      2.53                      1.41   1.12     0.60
  SINCE JAN 1     34.88                     37.42  -2.54    33.44

DEGREE DAYS
 HEATING
  YESTERDAY       41                        39      2       49
  MONTH TO DATE  473                       474     -1      475
  SINCE DEC 1    473                       474     -1      475
  SINCE JUL 1   1934                      2172   -238     2154

 COOLING
  YESTERDAY        0                         0      0        0
  MONTH TO DATE    0                         0      0        0
  SINCE DEC 1      0                         0      0        0
  SINCE JAN 1    392                       352     40      537
..................................................................


WIND (MPH)
  HIGHEST WIND SPEED    12   HIGHEST WIND DIRECTION    NW (320)
  HIGHEST GUST SPEED    15   HIGHEST GUST DIRECTION    NW (320)
  AVERAGE WIND SPEED     3.0


SKY COVER
  AVERAGE SKY COVER 0.5



RELATIVE HUMIDITY (PERCENT)
 HIGHEST    96           900 PM
 LOWEST     75           100 AM
 AVERAGE    86

..........................................................


THE GLENS FALLS NY CLIMATE NORMALS FOR TODAY
                         NORMAL    RECORD    YEAR
 MAXIMUM TEMPERATURE (F)   34        49      2006
 MINIMUM TEMPERATURE (F)   17       -17      2005


SUNRISE AND SUNSET
DECEMBER 14 2014......SUNRISE   719 AM EST   SUNSET   419 PM EST
DECEMBER 15 2014......SUNRISE   720 AM EST   SUNSET   419 PM EST


-  INDICATES NEGATIVE NUMBERS.
R  INDICATES RECORD WAS SET OR TIED.
MM INDICATES DATA IS MISSING.
T  INDICATES TRACE AMOUNT.




$$
