000
CDUS41 KALY 092151
CLIGFL


CLIMATE REPORT
NATIONAL WEATHER SERVICE ALBANY NY
450 PM EST THU NOV 9 2017


...................................

...THE GLENS FALLS NY CLIMATE SUMMARY FOR NOVEMBER 9 2017...
VALID TODAY AS OF 0400 PM LOCAL TIME.

CLIMATE NORMAL PERIOD 1981 TO 2010
CLIMATE RECORD PERIOD 1949 TO 2017


WEATHER ITEM   OBSERVED TIME   RECORD YEAR NORMAL DEPARTURE LAST
                VALUE   (LST)  VALUE       VALUE  FROM      YEAR
                                                  NORMAL
..................................................................
TEMPERATURE (F)
 TODAY
  MAXIMUM         45    334 PM  68    2011  49     -4       49
  MINIMUM         18    655 AM  13    2003  29    -11       36
  AVERAGE         32                        39     -7       43

PRECIPITATION (IN)
  TODAY            0.00          1.55 2005   0.10  -0.10     0.08
  MONTH TO DATE    0.70                      1.00  -0.30     0.85
  SINCE SEP 1      5.83                      7.89  -2.06     5.00
  SINCE JAN 1     32.96                     33.70  -0.74    26.16

DEGREE DAYS
 HEATING
  TODAY           33                        26      7       22
  MONTH TO DATE  211                       221    -10      196
  SINCE SEP 1    686                      1010   -324      758
  SINCE JUL 1    753                      1076   -323      764

 COOLING
  TODAY            0                         0      0        0
  MONTH TO DATE    0                         0      0        0
  SINCE SEP 1     74                        25     49       58
  SINCE JAN 1    388                       352     36      643
..................................................................


WIND (MPH)
  HIGHEST WIND SPEED    12   HIGHEST WIND DIRECTION    SW (210)
  HIGHEST GUST SPEED    15   HIGHEST GUST DIRECTION     S (200)
  AVERAGE WIND SPEED     3.0


SKY COVER
  AVERAGE SKY COVER 0.3



RELATIVE HUMIDITY (PERCENT)
 HIGHEST    92          1200 AM
 LOWEST     58           200 PM
 AVERAGE    75

..........................................................


THE GLENS FALLS NY CLIMATE NORMALS FOR TOMORROW
                         NORMAL    RECORD    YEAR
 MAXIMUM TEMPERATURE (F)   49        67      1999
 MINIMUM TEMPERATURE (F)   29        14      2004


SUNRISE AND SUNSET
NOVEMBER  9 2017......SUNRISE   640 AM EST   SUNSET   436 PM EST
NOVEMBER 10 2017......SUNRISE   642 AM EST   SUNSET   435 PM EST


-  INDICATES NEGATIVE NUMBERS.
R  INDICATES RECORD WAS SET OR TIED.
MM INDICATES DATA IS MISSING.
T  INDICATES TRACE AMOUNT.




$$
