000
CDUS41 KALY 210624
CLIGFL


CLIMATE REPORT
NATIONAL WEATHER SERVICE ALBANY NY
223 AM EDT SAT MAR 21 2015


...................................

...THE GLENS FALLS NY CLIMATE SUMMARY FOR MARCH 20 2015...

CLIMATE NORMAL PERIOD 1981 TO 2010
CLIMATE RECORD PERIOD 1949 TO 2015


WEATHER ITEM   OBSERVED TIME   RECORD YEAR NORMAL DEPARTURE LAST
                VALUE   (LST)  VALUE       VALUE  FROM      YEAR
                                                  NORMAL
..................................................................
TEMPERATURE (F)
 YESTERDAY
  MAXIMUM         34    407 PM  79    2012  44    -10       43
  MINIMUM         14    302 AM   1    1967  22     -8       32
  AVERAGE         24                        33     -9       38

PRECIPITATION (IN)
  YESTERDAY        0.00          1.39 1990   0.10  -0.10     0.09
  MONTH TO DATE    0.14                      1.88  -1.74     1.53
  SINCE MAR 1      0.14                      1.88  -1.74     1.53
  SINCE JAN 1      2.19                      6.82  -4.63     6.06

DEGREE DAYS
 HEATING
  YESTERDAY       41                        32      9       27
  MONTH TO DATE  802                       720     82      913
  SINCE MAR 1    802                       720     82      913
  SINCE JUL 1   6483                      6340    143     6682

 COOLING
  YESTERDAY        0                         0      0        0
  MONTH TO DATE    0                         0      0        0
  SINCE MAR 1      0                         0      0        0
  SINCE JAN 1      0                         0      0        0
..................................................................


WIND (MPH)
  HIGHEST WIND SPEED    16   HIGHEST WIND DIRECTION     S (180)
  HIGHEST GUST SPEED    19   HIGHEST GUST DIRECTION     S (180)
  AVERAGE WIND SPEED     4.1


SKY COVER
  AVERAGE SKY COVER 0.6



RELATIVE HUMIDITY (PERCENT)
 HIGHEST    80           200 AM
 LOWEST     32           100 PM
 AVERAGE    56

..........................................................


THE GLENS FALLS NY CLIMATE NORMALS FOR TODAY
                         NORMAL    RECORD    YEAR
 MAXIMUM TEMPERATURE (F)   44        78      2012
 MINIMUM TEMPERATURE (F)   22        -5      2007


SUNRISE AND SUNSET
MARCH 21 2015.........SUNRISE   656 AM EDT   SUNSET   708 PM EDT
MARCH 22 2015.........SUNRISE   655 AM EDT   SUNSET   709 PM EDT


-  INDICATES NEGATIVE NUMBERS.
R  INDICATES RECORD WAS SET OR TIED.
MM INDICATES DATA IS MISSING.
T  INDICATES TRACE AMOUNT.




$$
