000
CDUS41 KALY 102047
CLIGFL


CLIMATE REPORT
NATIONAL WEATHER SERVICE ALBANY NY
446 PM EDT SUN SEP 10 2017


...................................

...THE GLENS FALLS NY CLIMATE SUMMARY FOR SEPTEMBER 10 2017...
VALID TODAY AS OF 0400 PM LOCAL TIME.

CLIMATE NORMAL PERIOD 1981 TO 2010
CLIMATE RECORD PERIOD 1949 TO 2017


WEATHER ITEM   OBSERVED TIME   RECORD YEAR NORMAL DEPARTURE LAST
                VALUE   (LST)  VALUE       VALUE  FROM      YEAR
                                                  NORMAL
..................................................................
TEMPERATURE (F)
 TODAY
  MAXIMUM         68    238 PM  91    2002  73     -5       84
  MINIMUM         45    214 AM  33    1978  49     -4       60
  AVERAGE         57                        61     -4       72

PRECIPITATION (IN)
  TODAY            0.00          0.87 1992   0.11  -0.11     0.04
  MONTH TO DATE    2.13                      1.03   1.10     0.19
  SINCE SEP 1      2.13                      1.03   1.10     0.19
  SINCE JAN 1     29.26                     26.84   2.42    21.35

DEGREE DAYS
 HEATING
  TODAY            8                         5      3        0
  MONTH TO DATE   75                        41     34        4
  SINCE SEP 1     75                        41     34        4
  SINCE JUL 1    142                       107     35       10

 COOLING
  TODAY            0                         1     -1        7
  MONTH TO DATE    2                        15    -13       43
  SINCE SEP 1      2                        15    -13       43
  SINCE JAN 1    316                       342    -26      628
..................................................................


WIND (MPH)
  HIGHEST WIND SPEED    10   HIGHEST WIND DIRECTION    NE (60)
  HIGHEST GUST SPEED    14   HIGHEST GUST DIRECTION    NE (60)
  AVERAGE WIND SPEED     4.6


SKY COVER
  AVERAGE SKY COVER 0.3



RELATIVE HUMIDITY (PERCENT)
 HIGHEST   100           100 AM
 LOWEST     48           100 PM
 AVERAGE    74

..........................................................


THE GLENS FALLS NY CLIMATE NORMALS FOR TOMORROW
                         NORMAL    RECORD    YEAR
 MAXIMUM TEMPERATURE (F)   73        91      2013
 MINIMUM TEMPERATURE (F)   48        34      2006


SUNRISE AND SUNSET
SEPTEMBER 10 2017.....SUNRISE   629 AM EDT   SUNSET   713 PM EDT
SEPTEMBER 11 2017.....SUNRISE   630 AM EDT   SUNSET   711 PM EDT


-  INDICATES NEGATIVE NUMBERS.
R  INDICATES RECORD WAS SET OR TIED.
MM INDICATES DATA IS MISSING.
T  INDICATES TRACE AMOUNT.




$$
