000
CDUS41 KALY 072159
CLIGFL


CLIMATE REPORT
NATIONAL WEATHER SERVICE ALBANY NY
458 PM EST TUE MAR 7 2017


...................................

...THE GLENS FALLS NY CLIMATE SUMMARY FOR MARCH 7 2017...
VALID TODAY AS OF 0400 PM LOCAL TIME.

CLIMATE NORMAL PERIOD 1981 TO 2010
CLIMATE RECORD PERIOD 1949 TO 2017


WEATHER ITEM   OBSERVED TIME   RECORD YEAR NORMAL DEPARTURE LAST
                VALUE   (LST)  VALUE       VALUE  FROM      YEAR
                                                  NORMAL
..................................................................
TEMPERATURE (F)
 TODAY
  MAXIMUM         44    452 PM  63    1974  39      5       31
  MINIMUM         33    116 AM -19    2007  16     17       24
  AVERAGE         39                        28     11       28

PRECIPITATION (IN)
  TODAY            0.07          0.89 1982   0.09  -0.02     0.00
  MONTH TO DATE    0.16                      0.63  -0.47     0.18
  SINCE MAR 1      0.16                      0.63  -0.47     0.18
  SINCE JAN 1      4.85                      5.57  -0.72     4.97

DEGREE DAYS
 HEATING
  TODAY           26                        37    -11       37
  MONTH TO DATE  194                       270    -76      269
  SINCE MAR 1    194                       270    -76      269
  SINCE JUL 1   4716                      5890  -1174     4449

 COOLING
  TODAY            0                         0      0        0
  MONTH TO DATE    0                         0      0        0
  SINCE MAR 1      0                         0      0        0
  SINCE JAN 1      0                         0      0        0
..................................................................


WIND (MPH)
  HIGHEST WIND SPEED    14   HIGHEST WIND DIRECTION    SW (210)
  HIGHEST GUST SPEED    20   HIGHEST GUST DIRECTION    SW (220)
  AVERAGE WIND SPEED     4.4


SKY COVER
  AVERAGE SKY COVER 1.0



RELATIVE HUMIDITY (PERCENT)
 HIGHEST    92           900 AM
 LOWEST     51           100 AM
 AVERAGE    72

..........................................................


THE GLENS FALLS NY CLIMATE NORMALS FOR TOMORROW
                         NORMAL    RECORD    YEAR
 MAXIMUM TEMPERATURE (F)   39        65      2012
 MINIMUM TEMPERATURE (F)   17       -15      2007


SUNRISE AND SUNSET
MARCH  7 2017.........SUNRISE   620 AM EST   SUNSET   551 PM EST
MARCH  8 2017.........SUNRISE   618 AM EST   SUNSET   552 PM EST


-  INDICATES NEGATIVE NUMBERS.
R  INDICATES RECORD WAS SET OR TIED.
MM INDICATES DATA IS MISSING.
T  INDICATES TRACE AMOUNT.




$$
