000
CDUS41 KALY 080640
CLIGFL


CLIMATE REPORT
NATIONAL WEATHER SERVICE ALBANY NY
240 AM EDT FRI JUL 8 2016


...................................

...THE GLENS FALLS NY CLIMATE SUMMARY FOR JULY 7 2016...

CLIMATE NORMAL PERIOD 1981 TO 2010
CLIMATE RECORD PERIOD 1949 TO 2016


WEATHER ITEM   OBSERVED TIME   RECORD YEAR NORMAL DEPARTURE LAST
                VALUE   (LST)  VALUE       VALUE  FROM      YEAR
                                                  NORMAL
..................................................................
TEMPERATURE (F)
 YESTERDAY
  MAXIMUM         91    335 PM  95    2010  81     10       82
  MINIMUM         66    445 AM  42    1979  56     10       65
  AVERAGE         79                        68     11       74

PRECIPITATION (IN)
  YESTERDAY        T             2.02 1994   0.12  -0.12     0.17
  MONTH TO DATE    0.64                      0.86  -0.22     0.43
  SINCE JUN 1      3.75                      4.41  -0.66     6.65
  SINCE JAN 1     15.37                     18.90  -3.53    13.96

DEGREE DAYS
 HEATING
  YESTERDAY        0                         1     -1        0
  MONTH TO DATE    0                         7     -7        6
  SINCE JUN 1     44                        97    -53       85
  SINCE JUL 1      0                         7     -7        6

 COOLING
  YESTERDAY       14                         4     10        9
  MONTH TO DATE   40                        28     12       23
  SINCE JUN 1    143                        97     46       89
  SINCE JAN 1    199                       109     90      165
..................................................................


WIND (MPH)
  HIGHEST WIND SPEED    24   HIGHEST WIND DIRECTION     N (340)
  HIGHEST GUST SPEED    33   HIGHEST GUST DIRECTION    NW (300)
  AVERAGE WIND SPEED     4.8


SKY COVER
  AVERAGE SKY COVER 0.3



RELATIVE HUMIDITY (PERCENT)
 HIGHEST    90          1100 PM
 LOWEST     47           300 PM
 AVERAGE    69

..........................................................


THE GLENS FALLS NY CLIMATE NORMALS FOR TODAY
                         NORMAL    RECORD    YEAR
 MAXIMUM TEMPERATURE (F)   81        96      1988
 MINIMUM TEMPERATURE (F)   56        46      2000


SUNRISE AND SUNSET
JULY  8 2016..........SUNRISE   523 AM EDT   SUNSET   836 PM EDT
JULY  9 2016..........SUNRISE   523 AM EDT   SUNSET   836 PM EDT


-  INDICATES NEGATIVE NUMBERS.
R  INDICATES RECORD WAS SET OR TIED.
MM INDICATES DATA IS MISSING.
T  INDICATES TRACE AMOUNT.




$$
