000
CDUS41 KALY 010647
CLIGFL


CLIMATE REPORT
NATIONAL WEATHER SERVICE ALBANY NY
144 AM EST FRI DEC 1 2017


...................................

...THE GLENS FALLS NY CLIMATE SUMMARY FOR NOVEMBER 30 2017...

CLIMATE NORMAL PERIOD 1981 TO 2010
CLIMATE RECORD PERIOD 1949 TO 2017


WEATHER ITEM   OBSERVED TIME   RECORD YEAR NORMAL DEPARTURE LAST
                VALUE   (LST)  VALUE       VALUE  FROM      YEAR
                                                  NORMAL
..................................................................
TEMPERATURE (F)
 YESTERDAY
  MAXIMUM         44    829 PM  63    2006  40      4       52
  MINIMUM         15    747 AM   7    2013  23     -8       38
                                      1976
  AVERAGE         30                        32     -2       45

PRECIPITATION (IN)
  YESTERDAY        0.01          0.97 1987   0.11  -0.10     0.08
  MONTH TO DATE    1.19                      3.31  -2.12     2.99
  SINCE SEP 1      6.32                     10.20  -3.88     7.14
  SINCE JAN 1     33.45                     36.01  -2.56    28.30

DEGREE DAYS
 HEATING
  YESTERDAY       35                        33      2       20
  MONTH TO DATE  869                       842     27      748
  SINCE SEP 1   1344                      1632   -288     1310
  SINCE JUL 1   1411                      1698   -287     1316

 COOLING
  YESTERDAY        0                         0      0        0
  MONTH TO DATE    0                         0      0        0
  SINCE SEP 1     74                        25     49       58
  SINCE JAN 1    388                       352     36      643
..................................................................


WIND (MPH)
  HIGHEST WIND SPEED    18   HIGHEST WIND DIRECTION     S (180)
  HIGHEST GUST SPEED    26   HIGHEST GUST DIRECTION     S (190)
  AVERAGE WIND SPEED     6.3


SKY COVER
  AVERAGE SKY COVER 0.3



RELATIVE HUMIDITY (PERCENT)
 HIGHEST   100          1000 PM
 LOWEST     36           200 PM
 AVERAGE    68

..........................................................


THE GLENS FALLS NY CLIMATE NORMALS FOR TODAY
                         NORMAL    RECORD    YEAR
 MAXIMUM TEMPERATURE (F)   40        61      2006
 MINIMUM TEMPERATURE (F)   22         3      1989


SUNRISE AND SUNSET
DECEMBER  1 2017......SUNRISE   707 AM EST   SUNSET   420 PM EST
DECEMBER  2 2017......SUNRISE   708 AM EST   SUNSET   419 PM EST


-  INDICATES NEGATIVE NUMBERS.
R  INDICATES RECORD WAS SET OR TIED.
MM INDICATES DATA IS MISSING.
T  INDICATES TRACE AMOUNT.




$$
