000
CDUS41 KALY 200629
CLIGFL


CLIMATE REPORT
NATIONAL WEATHER SERVICE ALBANY NY
228 AM EDT MON JUL 20 2015


...................................

...THE GLENS FALLS NY CLIMATE SUMMARY FOR JULY 19 2015...

CLIMATE NORMAL PERIOD 1981 TO 2010
CLIMATE RECORD PERIOD 1949 TO 2015


WEATHER ITEM   OBSERVED TIME   RECORD YEAR NORMAL DEPARTURE LAST
                VALUE   (LST)  VALUE       VALUE  FROM      YEAR
                                                  NORMAL
..................................................................
TEMPERATURE (F)
 YESTERDAY
  MAXIMUM         89    403 PM  95    1977  81      8       80
  MINIMUM         65    439 AM  49    2003  57      8       54
  AVERAGE         77                        69      8       67

PRECIPITATION (IN)
  YESTERDAY        T             2.25 1971   0.13  -0.13     0.00
  MONTH TO DATE    0.77                      2.45  -1.68     3.69
  SINCE JUN 1      6.99                      6.00   0.99     8.09
  SINCE JAN 1     14.30                     20.49  -6.19    21.20

DEGREE DAYS
 HEATING
  YESTERDAY        0                         1     -1        0
  MONTH TO DATE   11                        19     -8        1
  SINCE JUN 1     90                       109    -19       33
  SINCE JUL 1     11                        19     -8        1

 COOLING
  YESTERDAY       12                         5      7        2
  MONTH TO DATE   88                        87      1      110
  SINCE JUN 1    154                       156     -2      184
  SINCE JAN 1    230                       168     62      204
..................................................................


WIND (MPH)
  HIGHEST WIND SPEED    24   HIGHEST WIND DIRECTION     S (200)
  HIGHEST GUST SPEED    34   HIGHEST GUST DIRECTION    SW (210)
  AVERAGE WIND SPEED     7.5


SKY COVER
  AVERAGE SKY COVER  MM



RELATIVE HUMIDITY (PERCENT)
 HIGHEST    MM
 LOWEST     MM
 AVERAGE    MM

..........................................................


THE GLENS FALLS NY CLIMATE NORMALS FOR TODAY
                         NORMAL    RECORD    YEAR
 MAXIMUM TEMPERATURE (F)   81        94      1991
 MINIMUM TEMPERATURE (F)   57        45      1965


SUNRISE AND SUNSET
JULY 20 2015..........SUNRISE   532 AM EDT   SUNSET   829 PM EDT
JULY 21 2015..........SUNRISE   533 AM EDT   SUNSET   828 PM EDT


-  INDICATES NEGATIVE NUMBERS.
R  INDICATES RECORD WAS SET OR TIED.
MM INDICATES DATA IS MISSING.
T  INDICATES TRACE AMOUNT.




$$
