000
CDUS41 KALY 170624
CLIGFL


CLIMATE REPORT
NATIONAL WEATHER SERVICE ALBANY NY
222 AM EDT MON APR 17 2017


...................................

...THE GLENS FALLS NY CLIMATE SUMMARY FOR APRIL 16 2017...

CLIMATE NORMAL PERIOD 1981 TO 2010
CLIMATE RECORD PERIOD 1949 TO 2017


WEATHER ITEM   OBSERVED TIME   RECORD YEAR NORMAL DEPARTURE LAST
                VALUE   (LST)  VALUE       VALUE  FROM      YEAR
                                                  NORMAL
..................................................................
TEMPERATURE (F)
 YESTERDAY
  MAXIMUM         85    234 PM  89    2002  57     28       66
  MINIMUM         49    608 AM  21    1992  33     16       32
  AVERAGE         67                        45     22       49

PRECIPITATION (IN)
  YESTERDAY        0.01          1.06 1996   0.10  -0.09     0.00
  MONTH TO DATE    2.31                      1.57   0.74     1.10
  SINCE MAR 1      4.85                      4.51   0.34     3.38
  SINCE JAN 1      9.54                      9.45   0.09     8.17

DEGREE DAYS
 HEATING
  YESTERDAY        0                        20    -20       16
  MONTH TO DATE  270                       372   -102      421
  SINCE MAR 1   1338                      1415    -77     1235
  SINCE JUL 1   5860                      7035  -1175     5415

 COOLING
  YESTERDAY        2                         0      2        0
  MONTH TO DATE    2                         0      2        0
  SINCE MAR 1      2                         0      2        0
  SINCE JAN 1      2                         0      2        0
..................................................................


WIND (MPH)
  HIGHEST WIND SPEED    25   HIGHEST WIND DIRECTION     W (260)
  HIGHEST GUST SPEED    38   HIGHEST GUST DIRECTION     W (270)
  AVERAGE WIND SPEED     9.3


SKY COVER
  AVERAGE SKY COVER 0.2



RELATIVE HUMIDITY (PERCENT)
 HIGHEST    86           600 AM
 LOWEST     28           300 PM
 AVERAGE    57

..........................................................


THE GLENS FALLS NY CLIMATE NORMALS FOR TODAY
                         NORMAL    RECORD    YEAR
 MAXIMUM TEMPERATURE (F)   58        91      2002
 MINIMUM TEMPERATURE (F)   33        20      2014


SUNRISE AND SUNSET
APRIL 17 2017.........SUNRISE   609 AM EDT   SUNSET   740 PM EDT
APRIL 18 2017.........SUNRISE   607 AM EDT   SUNSET   741 PM EDT


-  INDICATES NEGATIVE NUMBERS.
R  INDICATES RECORD WAS SET OR TIED.
MM INDICATES DATA IS MISSING.
T  INDICATES TRACE AMOUNT.




$$
