000
CDUS41 KALY 050623
CLIGFL


CLIMATE REPORT
NATIONAL WEATHER SERVICE ALBANY NY
121 AM EST SUN FEB 5 2017


...................................

...THE GLENS FALLS NY CLIMATE SUMMARY FOR FEBRUARY 4 2017...

CLIMATE NORMAL PERIOD 1981 TO 2010
CLIMATE RECORD PERIOD 1949 TO 2017


WEATHER ITEM   OBSERVED TIME   RECORD YEAR NORMAL DEPARTURE LAST
                VALUE   (LST)  VALUE       VALUE  FROM      YEAR
                                                  NORMAL
..................................................................
TEMPERATURE (F)
 YESTERDAY
  MAXIMUM         30    338 PM  54    1991  30      0       52
  MINIMUM         11    731 AM -22    1978   7      4       29
  AVERAGE         21                        19      2       41

PRECIPITATION (IN)
  YESTERDAY        0.00          1.27 1961   0.07  -0.07     0.03
  MONTH TO DATE    0.04                      0.31  -0.27     1.30
  SINCE DEC 1      5.09                      6.22  -1.13     6.41
  SINCE JAN 1      2.22                      3.17  -0.95     2.36

DEGREE DAYS
 HEATING
  YESTERDAY       44                        46     -2       24
  MONTH TO DATE  156                       185    -29       24
  SINCE DEC 1   2409                      2883   -474     1912
  SINCE JUL 1   3725                      4581   -856     3203

 COOLING
  YESTERDAY        0                         0      0        0
  MONTH TO DATE    0                         0      0        0
  SINCE DEC 1      0                         0      0        0
  SINCE JAN 1      0                         0      0        0
..................................................................


WIND (MPH)
  HIGHEST WIND SPEED    17   HIGHEST WIND DIRECTION    SW (240)
  HIGHEST GUST SPEED    23   HIGHEST GUST DIRECTION     W (260)
  AVERAGE WIND SPEED     6.6


SKY COVER
  AVERAGE SKY COVER 0.7



RELATIVE HUMIDITY (PERCENT)
 HIGHEST    76           600 AM
 LOWEST     42           100 PM
 AVERAGE    59

..........................................................


THE GLENS FALLS NY CLIMATE NORMALS FOR TODAY
                         NORMAL    RECORD    YEAR
 MAXIMUM TEMPERATURE (F)   31        51      1991
 MINIMUM TEMPERATURE (F)    8       -19      1978


SUNRISE AND SUNSET
FEBRUARY  5 2017......SUNRISE   705 AM EST   SUNSET   512 PM EST
FEBRUARY  6 2017......SUNRISE   704 AM EST   SUNSET   513 PM EST


-  INDICATES NEGATIVE NUMBERS.
R  INDICATES RECORD WAS SET OR TIED.
MM INDICATES DATA IS MISSING.
T  INDICATES TRACE AMOUNT.




$$
