000
CDUS41 KALY 062154
CLIGFL


CLIMATE REPORT
NATIONAL WEATHER SERVICE ALBANY NY
453 PM EST FRI JAN 6 2017


...................................

...THE GLENS FALLS NY CLIMATE SUMMARY FOR JANUARY 6 2017...
VALID TODAY AS OF 0400 PM LOCAL TIME.

CLIMATE NORMAL PERIOD 1981 TO 2010
CLIMATE RECORD PERIOD 1949 TO 2017


WEATHER ITEM   OBSERVED TIME   RECORD YEAR NORMAL DEPARTURE LAST
                VALUE   (LST)  VALUE       VALUE  FROM      YEAR
                                                  NORMAL
..................................................................
TEMPERATURE (F)
 TODAY
  MAXIMUM         27    356 PM  66    2007  29     -2       33
  MINIMUM         12        MM -30    1996   9      3        5
  AVERAGE         20                        18      2       19

PRECIPITATION (IN)
  TODAY            T             0.69 1962   0.09  -0.09     0.00
  MONTH TO DATE    0.49                      0.54  -0.05     0.01
  SINCE DEC 1      3.36                      3.59  -0.23     4.06
  SINCE JAN 1      0.49                      0.54  -0.05     0.01

DEGREE DAYS
 HEATING
  TODAY           45                        47     -2       46
  MONTH TO DATE  221                       276    -55      242
  SINCE DEC 1   1366                      1516   -150     1065
  SINCE JUL 1   2682                      3214   -532     2356

 COOLING
  TODAY            0                         0      0        0
  MONTH TO DATE    0                         0      0        0
  SINCE DEC 1      0                         0      0        0
  SINCE JAN 1      0                         0      0        0
..................................................................


WIND (MPH)
  HIGHEST WIND SPEED    13   HIGHEST WIND DIRECTION    SW (230)
  HIGHEST GUST SPEED    15   HIGHEST GUST DIRECTION    SW (230)
  AVERAGE WIND SPEED     4.2


SKY COVER
  AVERAGE SKY COVER 0.4



RELATIVE HUMIDITY (PERCENT)
 HIGHEST    81           100 AM
 LOWEST     42           300 PM
 AVERAGE    62

..........................................................


THE GLENS FALLS NY CLIMATE NORMALS FOR TOMORROW
                         NORMAL    RECORD    YEAR
 MAXIMUM TEMPERATURE (F)   28        46      2008
 MINIMUM TEMPERATURE (F)    8       -25      1968


SUNRISE AND SUNSET
JANUARY  6 2017.......SUNRISE   727 AM EST   SUNSET   434 PM EST
JANUARY  7 2017.......SUNRISE   727 AM EST   SUNSET   435 PM EST


-  INDICATES NEGATIVE NUMBERS.
R  INDICATES RECORD WAS SET OR TIED.
MM INDICATES DATA IS MISSING.
T  INDICATES TRACE AMOUNT.




$$
