000
CDUS41 KALY 280629
CLIGFL


CLIMATE REPORT
NATIONAL WEATHER SERVICE ALBANY NY
229 AM EDT SUN JUN 28 2015


...................................

...THE GLENS FALLS NY CLIMATE SUMMARY FOR JUNE 27 2015...

CLIMATE NORMAL PERIOD 1981 TO 2010
CLIMATE RECORD PERIOD 1949 TO 2015


WEATHER ITEM   OBSERVED TIME   RECORD YEAR NORMAL DEPARTURE LAST
                VALUE   (LST)  VALUE       VALUE  FROM      YEAR
                                                  NORMAL
..................................................................
TEMPERATURE (F)
 YESTERDAY
  MAXIMUM         74    219 PM  92    2007  79     -5       82
  MINIMUM         51    208 AM  41    2004  55     -4       54
  AVERAGE         63                        67     -4       68

PRECIPITATION (IN)
  YESTERDAY        0.04          1.27 1987   0.11  -0.07     0.00
  MONTH TO DATE    4.94                      3.19   1.75     4.40
  SINCE JUN 1      4.94                      3.19   1.75     4.40
  SINCE JAN 1     12.25                     17.68  -5.43    17.51

DEGREE DAYS
 HEATING
  YESTERDAY        2                         1      1        0
  MONTH TO DATE   72                        86    -14       32
  SINCE JUN 1     72                        86    -14       32
  SINCE JUL 1   7669                      7672     -3     7929

 COOLING
  YESTERDAY        0                         3     -3        3
  MONTH TO DATE   66                        57      9       56
  SINCE JUN 1     66                        57      9       56
  SINCE JAN 1    142                        69     73       76
..................................................................


WIND (MPH)
  HIGHEST WIND SPEED    14   HIGHEST WIND DIRECTION    SE (150)
  HIGHEST GUST SPEED    19   HIGHEST GUST DIRECTION    SE (150)
  AVERAGE WIND SPEED     3.5


SKY COVER
  AVERAGE SKY COVER 0.3



RELATIVE HUMIDITY (PERCENT)
 HIGHEST    89           200 AM
 LOWEST     49          1100 AM
 AVERAGE    69

..........................................................


THE GLENS FALLS NY CLIMATE NORMALS FOR TODAY
                         NORMAL    RECORD    YEAR
 MAXIMUM TEMPERATURE (F)   80        94      1991
 MINIMUM TEMPERATURE (F)   55        40      1970


SUNRISE AND SUNSET
JUNE 28 2015..........SUNRISE   516 AM EDT   SUNSET   839 PM EDT
JUNE 29 2015..........SUNRISE   517 AM EDT   SUNSET   839 PM EDT


-  INDICATES NEGATIVE NUMBERS.
R  INDICATES RECORD WAS SET OR TIED.
MM INDICATES DATA IS MISSING.
T  INDICATES TRACE AMOUNT.




$$
