000
CDUS41 KALY 090622
CLIGFL


CLIMATE REPORT
NATIONAL WEATHER SERVICE ALBANY NY
122 AM EST THU MAR 9 2017


...................................

...THE GLENS FALLS NY CLIMATE SUMMARY FOR MARCH 8 2017...

CLIMATE NORMAL PERIOD 1981 TO 2010
CLIMATE RECORD PERIOD 1949 TO 2017


WEATHER ITEM   OBSERVED TIME   RECORD YEAR NORMAL DEPARTURE LAST
                VALUE   (LST)  VALUE       VALUE  FROM      YEAR
                                                  NORMAL
..................................................................
TEMPERATURE (F)
 YESTERDAY
  MAXIMUM         53    203 PM  65    2012  39     14       54
  MINIMUM         39    807 AM -15    2007  17     22       26
  AVERAGE         46                        28     18       40

PRECIPITATION (IN)
  YESTERDAY        0.08          1.22 2008   0.10  -0.02     0.00
  MONTH TO DATE    0.29                      0.73  -0.44     0.18
  SINCE MAR 1      0.29                      0.73  -0.44     0.18
  SINCE JAN 1      4.98                      5.67  -0.69     4.97

DEGREE DAYS
 HEATING
  YESTERDAY       19                        37    -18       25
  MONTH TO DATE  212                       307    -95      294
  SINCE MAR 1    212                       307    -95      294
  SINCE JUL 1   4734                      5927  -1193     4474

 COOLING
  YESTERDAY        0                         0      0        0
  MONTH TO DATE    0                         0      0        0
  SINCE MAR 1      0                         0      0        0
  SINCE JAN 1      0                         0      0        0
..................................................................


WIND (MPH)
  HIGHEST WIND SPEED    22   HIGHEST WIND DIRECTION    SW (240)
  HIGHEST GUST SPEED    36   HIGHEST GUST DIRECTION    SW (240)
  AVERAGE WIND SPEED     6.1


SKY COVER
  AVERAGE SKY COVER 0.7



RELATIVE HUMIDITY (PERCENT)
 HIGHEST    96           200 AM
 LOWEST     38           200 PM
 AVERAGE    67

..........................................................


THE GLENS FALLS NY CLIMATE NORMALS FOR TODAY
                         NORMAL    RECORD    YEAR
 MAXIMUM TEMPERATURE (F)   39        77      2016
 MINIMUM TEMPERATURE (F)   17       -18      2007


SUNRISE AND SUNSET
MARCH  9 2017.........SUNRISE   617 AM EST   SUNSET   554 PM EST
MARCH 10 2017.........SUNRISE   615 AM EST   SUNSET   555 PM EST


-  INDICATES NEGATIVE NUMBERS.
R  INDICATES RECORD WAS SET OR TIED.
MM INDICATES DATA IS MISSING.
T  INDICATES TRACE AMOUNT.




$$
