000
CDUS41 KALY 120622
CLIGFL


CLIMATE REPORT
NATIONAL WEATHER SERVICE ALBANY NY
222 AM EDT TUE AUG 12 2014


...................................

...THE GLENS FALLS NY CLIMATE SUMMARY FOR AUGUST 11 2014...

CLIMATE NORMAL PERIOD 1981 TO 2010
CLIMATE RECORD PERIOD 1949 TO 2014


WEATHER ITEM   OBSERVED TIME   RECORD YEAR NORMAL DEPARTURE LAST
                VALUE   (LST)  VALUE       VALUE  FROM      YEAR
                                                  NORMAL
..................................................................
TEMPERATURE (F)
 YESTERDAY
  MAXIMUM         85    319 PM  91    2002  80      5       78
  MINIMUM         55    504 AM  43    1976  56     -1       50
  AVERAGE         70                        68      2       64

PRECIPITATION (IN)
  YESTERDAY        0.00          1.78 1983   0.12  -0.12     0.00
  MONTH TO DATE    0.24                      1.43  -1.19     0.87
  SINCE JUN 1     10.34                      9.07   1.27    11.29
  SINCE JAN 1     23.45                     23.56  -0.11    23.22

DEGREE DAYS
 HEATING
  YESTERDAY        0                         1     -1        1
  MONTH TO DATE    0                        11    -11       10
  SINCE JUN 1     33                       122    -89      104
  SINCE JUL 1      1                        32    -31       15

 COOLING
  YESTERDAY        5                         4      1        0
  MONTH TO DATE   47                        44      3       32
  SINCE JUN 1    280                       252     28      395
  SINCE JAN 1    300                       264     36      428
..................................................................


WIND (MPH)
  HIGHEST WIND SPEED    12   HIGHEST WIND DIRECTION     S (170)
  HIGHEST GUST SPEED    16   HIGHEST GUST DIRECTION     S (170)
  AVERAGE WIND SPEED     2.8


SKY COVER
  AVERAGE SKY COVER 0.0



RELATIVE HUMIDITY (PERCENT)
 HIGHEST   100           400 AM
 LOWEST     40           300 PM
 AVERAGE    70

..........................................................


THE GLENS FALLS NY CLIMATE NORMALS FOR TODAY
                         NORMAL    RECORD    YEAR
 MAXIMUM TEMPERATURE (F)   80        92      2002
 MINIMUM TEMPERATURE (F)   56        42      2006


SUNRISE AND SUNSET
AUGUST 12 2014........SUNRISE   556 AM EDT   SUNSET   802 PM EDT
AUGUST 13 2014........SUNRISE   557 AM EDT   SUNSET   800 PM EDT


-  INDICATES NEGATIVE NUMBERS.
R  INDICATES RECORD WAS SET OR TIED.
MM INDICATES DATA IS MISSING.
T  INDICATES TRACE AMOUNT.




$$
