000
CDUS41 KALY 210626
CLIGFL


CLIMATE REPORT
NATIONAL WEATHER SERVICE ALBANY NY
125 AM EST MON NOV 21 2016


...................................

...THE GLENS FALLS NY CLIMATE SUMMARY FOR NOVEMBER 20 2016...

CLIMATE NORMAL PERIOD 1981 TO 2010
CLIMATE RECORD PERIOD 1949 TO 2016


WEATHER ITEM   OBSERVED TIME   RECORD YEAR NORMAL DEPARTURE LAST
                VALUE   (LST)  VALUE       VALUE  FROM      YEAR
                                                  NORMAL
..................................................................
TEMPERATURE (F)
 YESTERDAY
  MAXIMUM         48   1239 AM  70    1991  45      3       54
  MINIMUM         28   1051 PM   7    1986  26      2       28
  AVERAGE         38                        36      2       41

PRECIPITATION (IN)
  YESTERDAY        0.61          1.25 1988   0.11   0.50      T
  MONTH TO DATE    2.28                      2.20   0.08     1.01
  SINCE SEP 1      6.43                      9.09  -2.66     9.41
  SINCE JAN 1     27.59                     34.90  -7.31    26.93

DEGREE DAYS
 HEATING
  YESTERDAY       27                        30     -3       24
  MONTH TO DATE  454                       526    -72      371
  SINCE SEP 1   1016                      1315   -299      991
  SINCE JUL 1   1022                      1381   -359     1004

 COOLING
  YESTERDAY        0                         0      0        0
  MONTH TO DATE    0                         0      0        0
  SINCE SEP 1     58                        25     33       97
  SINCE JAN 1    643                       352    291      596
..................................................................


WIND (MPH)
  HIGHEST WIND SPEED    17   HIGHEST WIND DIRECTION     W (270)
  HIGHEST GUST SPEED    26   HIGHEST GUST DIRECTION     W (260)
  AVERAGE WIND SPEED     7.9


SKY COVER
  AVERAGE SKY COVER 1.0



RELATIVE HUMIDITY (PERCENT)
 HIGHEST    89           800 AM
 LOWEST     61           600 PM
 AVERAGE    75

..........................................................


THE GLENS FALLS NY CLIMATE NORMALS FOR TODAY
                         NORMAL    RECORD    YEAR
 MAXIMUM TEMPERATURE (F)   44        61      1956
 MINIMUM TEMPERATURE (F)   26        11      1966


SUNRISE AND SUNSET
NOVEMBER 21 2016......SUNRISE   656 AM EST   SUNSET   425 PM EST
NOVEMBER 22 2016......SUNRISE   657 AM EST   SUNSET   424 PM EST


-  INDICATES NEGATIVE NUMBERS.
R  INDICATES RECORD WAS SET OR TIED.
MM INDICATES DATA IS MISSING.
T  INDICATES TRACE AMOUNT.




$$
