000
CDUS41 KALY 290624
CLIGFL


CLIMATE REPORT
NATIONAL WEATHER SERVICE ALBANY NY
123 AM EST FRI JAN 29 2016


...................................

...THE GLENS FALLS NY CLIMATE SUMMARY FOR JANUARY 28 2016...

CLIMATE NORMAL PERIOD 1981 TO 2010
CLIMATE RECORD PERIOD 1949 TO 2016


WEATHER ITEM   OBSERVED TIME   RECORD YEAR NORMAL DEPARTURE LAST
                VALUE   (LST)  VALUE       VALUE  FROM      YEAR
                                                  NORMAL
..................................................................
TEMPERATURE (F)
 YESTERDAY
  MAXIMUM         MM        MM  53    2002  29     MM       19
  MINIMUM         MM        MM -27    2003   7     MM       -5
  AVERAGE         MM                        18     MM        7

PRECIPITATION (IN)
  YESTERDAY        0.00          1.28 1994   0.09  -0.09      T
  MONTH TO DATE    1.06                      2.60  -1.54     1.40
  SINCE DEC 1      5.11                      5.65  -0.54     5.48
  SINCE JAN 1      1.06                      2.60  -1.54     1.40

DEGREE DAYS
 HEATING
  YESTERDAY       MM                        47     MM       58
  MONTH TO DATE 1065                      1319   -254     1377
  SINCE DEC 1   1888                      2559   -671     2448
  SINCE JUL 1   3179                      4257  -1078     3909

 COOLING
  YESTERDAY       MM                         0     MM        0
  MONTH TO DATE    0                         0      0        0
  SINCE DEC 1      0                         0      0        0
  SINCE JAN 1      0                         0      0        0
..................................................................


WIND (MPH)
  HIGHEST WIND SPEED    15   HIGHEST WIND DIRECTION     S (190)
  HIGHEST GUST SPEED    22   HIGHEST GUST DIRECTION     S (190)
  AVERAGE WIND SPEED     8.4


SKY COVER
  AVERAGE SKY COVER 0.3



RELATIVE HUMIDITY (PERCENT)
 HIGHEST    MM
 LOWEST     MM
 AVERAGE    MM

..........................................................


THE GLENS FALLS NY CLIMATE NORMALS FOR TODAY
                         NORMAL    RECORD    YEAR
 MAXIMUM TEMPERATURE (F)   29        47      1989
 MINIMUM TEMPERATURE (F)    7       -22      1963


SUNRISE AND SUNSET
JANUARY 29 2016.......SUNRISE   714 AM EST   SUNSET   502 PM EST
JANUARY 30 2016.......SUNRISE   713 AM EST   SUNSET   503 PM EST


-  INDICATES NEGATIVE NUMBERS.
R  INDICATES RECORD WAS SET OR TIED.
MM INDICATES DATA IS MISSING.
T  INDICATES TRACE AMOUNT.




$$
