000
CDUS41 KALY 100639
CLIGFL


CLIMATE REPORT
NATIONAL WEATHER SERVICE ALBANY NY
136 AM EST SAT FEB 10 2018


...................................

...THE GLENS FALLS NY CLIMATE SUMMARY FOR FEBRUARY 9 2018...

CLIMATE NORMAL PERIOD 1981 TO 2010
CLIMATE RECORD PERIOD 1949 TO 2018


WEATHER ITEM   OBSERVED TIME   RECORD YEAR NORMAL DEPARTURE LAST
                VALUE   (LST)  VALUE       VALUE  FROM      YEAR
                                                  NORMAL
..................................................................
TEMPERATURE (F)
 YESTERDAY
  MAXIMUM         20   1155 PM  47    1990  31    -11       31
  MINIMUM         -7    635 AM -16    1994   8    -15        6
  AVERAGE          7                        20    -13       19

PRECIPITATION (IN)
  YESTERDAY        0.05          0.64 1950   0.07  -0.02     0.12
  MONTH TO DATE    1.44                      0.69   0.75     1.12
  SINCE DEC 1      6.03                      6.60  -0.57     6.17
  SINCE JAN 1      3.71                      3.55   0.16     3.30

DEGREE DAYS
 HEATING
  YESTERDAY       58                        45     13       46
  MONTH TO DATE  433                       413     20      338
  SINCE DEC 1   3251                      3111    140     2591
  SINCE JUL 1   4662                      4809   -147     3907

 COOLING
  YESTERDAY        0                         0      0        0
  MONTH TO DATE    0                         0      0        0
  SINCE DEC 1      0                         0      0        0
  SINCE JAN 1      0                         0      0        0
..................................................................


WIND (MPH)
  HIGHEST WIND SPEED    14   HIGHEST WIND DIRECTION     S (200)
  HIGHEST GUST SPEED    17   HIGHEST GUST DIRECTION     S (190)
  AVERAGE WIND SPEED     3.0


SKY COVER
  AVERAGE SKY COVER 0.7



RELATIVE HUMIDITY (PERCENT)
 HIGHEST   100           700 PM
 LOWEST     67          1100 AM
 AVERAGE    84

..........................................................


THE GLENS FALLS NY CLIMATE NORMALS FOR TODAY
                         NORMAL    RECORD    YEAR
 MAXIMUM TEMPERATURE (F)   32        50      1955
 MINIMUM TEMPERATURE (F)    8       -30      1994


SUNRISE AND SUNSET
FEBRUARY 10 2018......SUNRISE   659 AM EST   SUNSET   518 PM EST
FEBRUARY 11 2018......SUNRISE   658 AM EST   SUNSET   520 PM EST


-  INDICATES NEGATIVE NUMBERS.
R  INDICATES RECORD WAS SET OR TIED.
MM INDICATES DATA IS MISSING.
T  INDICATES TRACE AMOUNT.




$$
