670
CDUS41 KALY 030628
CLIGFL


CLIMATE REPORT
NATIONAL WEATHER SERVICE ALBANY NY
127 AM EST WED FEB 3 2016


...................................

...THE GLENS FALLS NY CLIMATE SUMMARY FOR FEBRUARY 2 2016...

CLIMATE NORMAL PERIOD 1981 TO 2010
CLIMATE RECORD PERIOD 1949 TO 2016


WEATHER ITEM   OBSERVED TIME   RECORD YEAR NORMAL DEPARTURE LAST
                VALUE   (LST)  VALUE       VALUE  FROM      YEAR
                                                  NORMAL
..................................................................
TEMPERATURE (F)
 YESTERDAY
  MAXIMUM         MM        MM  54    1981  30     MM        9
  MINIMUM         MM        MM -18    1984   7     MM      -12
  AVERAGE         MM                        18     MM       -1

PRECIPITATION (IN)
  YESTERDAY        0.00          1.11 1973   0.08  -0.08     0.19
  MONTH TO DATE    0.00                      0.16  -0.16     0.19
  SINCE DEC 1      5.11                      6.07  -0.96     5.76
  SINCE JAN 1      1.06                      3.02  -1.96     1.68

DEGREE DAYS
 HEATING
  YESTERDAY       MM                        46     MM       66
  MONTH TO DATE   MM                        93     MM      125
  SINCE DEC 1   1888                      2791   -903     2735
  SINCE JUL 1   3179                      4489  -1310     4196

 COOLING
  YESTERDAY       MM                         0     MM        0
  MONTH TO DATE   MM                         0     MM        0
  SINCE DEC 1      0                         0      0        0
  SINCE JAN 1      0                         0      0        0
..................................................................


WIND (MPH)
  HIGHEST WIND SPEED    10   HIGHEST WIND DIRECTION    NE (60)
  HIGHEST GUST SPEED    MM   HIGHEST GUST DIRECTION    MM
  AVERAGE WIND SPEED     3.9


SKY COVER
  AVERAGE SKY COVER 0.4



RELATIVE HUMIDITY (PERCENT)
 HIGHEST    MM
 LOWEST     MM
 AVERAGE    MM

..........................................................


THE GLENS FALLS NY CLIMATE NORMALS FOR TODAY
                         NORMAL    RECORD    YEAR
 MAXIMUM TEMPERATURE (F)   30        49      1991
 MINIMUM TEMPERATURE (F)    7       -27      2015


SUNRISE AND SUNSET
FEBRUARY  3 2016......SUNRISE   709 AM EST   SUNSET   508 PM EST
FEBRUARY  4 2016......SUNRISE   707 AM EST   SUNSET   510 PM EST


-  INDICATES NEGATIVE NUMBERS.
R  INDICATES RECORD WAS SET OR TIED.
MM INDICATES DATA IS MISSING.
T  INDICATES TRACE AMOUNT.




$$
