000
CDUS41 KALY 040628
CLIGFL


CLIMATE REPORT
NATIONAL WEATHER SERVICE ALBANY NY
127 AM EST SUN FEB 4 2018


...................................

...THE GLENS FALLS NY CLIMATE SUMMARY FOR FEBRUARY 3 2018...

CLIMATE NORMAL PERIOD 1981 TO 2010
CLIMATE RECORD PERIOD 1949 TO 2018


WEATHER ITEM   OBSERVED TIME   RECORD YEAR NORMAL DEPARTURE LAST
                VALUE   (LST)  VALUE       VALUE  FROM      YEAR
                                                  NORMAL
..................................................................
TEMPERATURE (F)
 YESTERDAY
  MAXIMUM         24    434 PM  49    1991  30     -6       28
  MINIMUM         -2    328 AM -27    2015   7     -9       20
  AVERAGE         11                        19     -8       24

PRECIPITATION (IN)
  YESTERDAY        0.00          1.42 1982   0.08  -0.08      T
  MONTH TO DATE    0.02                      0.24  -0.22     0.04
  SINCE DEC 1      4.61                      6.15  -1.54     5.09
  SINCE JAN 1      2.29                      3.10  -0.81     2.22

DEGREE DAYS
 HEATING
  YESTERDAY       54                        46      8       41
  MONTH TO DATE  134                       139     -5      112
  SINCE DEC 1   2952                      2837    115     2365
  SINCE JUL 1   4363                      4535   -172     3681

 COOLING
  YESTERDAY        0                         0      0        0
  MONTH TO DATE    0                         0      0        0
  SINCE DEC 1      0                         0      0        0
  SINCE JAN 1      0                         0      0        0
..................................................................


WIND (MPH)
  HIGHEST WIND SPEED    17   HIGHEST WIND DIRECTION    SW (230)
  HIGHEST GUST SPEED    24   HIGHEST GUST DIRECTION    SW (210)
  AVERAGE WIND SPEED     5.2


SKY COVER
  AVERAGE SKY COVER 0.6



RELATIVE HUMIDITY (PERCENT)
 HIGHEST    91           100 AM
 LOWEST     45           500 PM
 AVERAGE    68

..........................................................


THE GLENS FALLS NY CLIMATE NORMALS FOR TODAY
                         NORMAL    RECORD    YEAR
 MAXIMUM TEMPERATURE (F)   30        54      1991
 MINIMUM TEMPERATURE (F)    7       -22      1978


SUNRISE AND SUNSET
FEBRUARY  4 2018......SUNRISE   707 AM EST   SUNSET   510 PM EST
FEBRUARY  5 2018......SUNRISE   706 AM EST   SUNSET   512 PM EST


-  INDICATES NEGATIVE NUMBERS.
R  INDICATES RECORD WAS SET OR TIED.
MM INDICATES DATA IS MISSING.
T  INDICATES TRACE AMOUNT.




$$
