000
CDUS41 KALY 162149
CLIGFL


CLIMATE REPORT
NATIONAL WEATHER SERVICE ALBANY NY
448 PM EST WED NOV 16 2016


...................................

...THE GLENS FALLS NY CLIMATE SUMMARY FOR NOVEMBER 16 2016...
VALID TODAY AS OF 0400 PM LOCAL TIME.

CLIMATE NORMAL PERIOD 1981 TO 2010
CLIMATE RECORD PERIOD 1949 TO 2016


WEATHER ITEM   OBSERVED TIME   RECORD YEAR NORMAL DEPARTURE LAST
                VALUE   (LST)  VALUE       VALUE  FROM      YEAR
                                                  NORMAL
..................................................................
TEMPERATURE (F)
 TODAY
  MAXIMUM         51    431 PM  69    2006  46      5       59
  MINIMUM         46    655 AM   8    1972  27     19       33
  AVERAGE         49                        37     12       46

PRECIPITATION (IN)
  TODAY            0.17          0.96 1965   0.11   0.06     0.00
  MONTH TO DATE    1.67                      1.74  -0.07     0.36
  SINCE SEP 1      5.82                      8.63  -2.81     8.76
  SINCE JAN 1     26.98                     34.44  -7.46    26.28

DEGREE DAYS
 HEATING
  TODAY           16                        28    -12       19
  MONTH TO DATE  355                       410    -55      275
  SINCE SEP 1    917                      1199   -282      895
  SINCE JUL 1    923                      1265   -342      908

 COOLING
  TODAY            0                         0      0        0
  MONTH TO DATE    0                         0      0        0
  SINCE SEP 1     58                        25     33       97
  SINCE JAN 1    643                       352    291      596
..................................................................


WIND (MPH)
  HIGHEST WIND SPEED     9   HIGHEST WIND DIRECTION    NW (330)
  HIGHEST GUST SPEED    11   HIGHEST GUST DIRECTION     N (340)
  AVERAGE WIND SPEED     3.3


SKY COVER
  AVERAGE SKY COVER 0.9



RELATIVE HUMIDITY (PERCENT)
 HIGHEST    93           600 AM
 LOWEST     83           300 PM
 AVERAGE    88

..........................................................


THE GLENS FALLS NY CLIMATE NORMALS FOR TOMORROW
                         NORMAL    RECORD    YEAR
 MAXIMUM TEMPERATURE (F)   46        67      2006
 MINIMUM TEMPERATURE (F)   27         5      1997


SUNRISE AND SUNSET
NOVEMBER 16 2016......SUNRISE   650 AM EST   SUNSET   429 PM EST
NOVEMBER 17 2016......SUNRISE   651 AM EST   SUNSET   428 PM EST


-  INDICATES NEGATIVE NUMBERS.
R  INDICATES RECORD WAS SET OR TIED.
MM INDICATES DATA IS MISSING.
T  INDICATES TRACE AMOUNT.




$$
