000
CDUS41 KALY 040629
CLIGFL


CLIMATE REPORT
NATIONAL WEATHER SERVICE ALBANY NY
127 AM EST SAT FEB 4 2017


...................................

...THE GLENS FALLS NY CLIMATE SUMMARY FOR FEBRUARY 3 2017...

CLIMATE NORMAL PERIOD 1981 TO 2010
CLIMATE RECORD PERIOD 1949 TO 2017


WEATHER ITEM   OBSERVED TIME   RECORD YEAR NORMAL DEPARTURE LAST
                VALUE   (LST)  VALUE       VALUE  FROM      YEAR
                                                  NORMAL
..................................................................
TEMPERATURE (F)
 YESTERDAY
  MAXIMUM         28    302 PM  49    1991  30     -2       MM
  MINIMUM         20   1157 PM -27    2015   7     13       MM
  AVERAGE         24                        19      5       MM

PRECIPITATION (IN)
  YESTERDAY        T             1.42 1982   0.08  -0.08     1.27
  MONTH TO DATE    0.04                      0.24  -0.20     1.27
  SINCE DEC 1      5.09                      6.15  -1.06     6.38
  SINCE JAN 1      2.22                      3.10  -0.88     2.33

DEGREE DAYS
 HEATING
  YESTERDAY       41                        46     -5       MM
  MONTH TO DATE  112                       139    -27       MM
  SINCE DEC 1   2365                      2837   -472     1888
  SINCE JUL 1   3681                      4535   -854     3179

 COOLING
  YESTERDAY        0                         0      0       MM
  MONTH TO DATE    0                         0      0       MM
  SINCE DEC 1      0                         0      0        0
  SINCE JAN 1      0                         0      0        0
..................................................................


WIND (MPH)
  HIGHEST WIND SPEED    17   HIGHEST WIND DIRECTION    SW (220)
  HIGHEST GUST SPEED    23   HIGHEST GUST DIRECTION    SW (220)
  AVERAGE WIND SPEED     8.6


SKY COVER
  AVERAGE SKY COVER 0.7



RELATIVE HUMIDITY (PERCENT)
 HIGHEST    59           400 AM
 LOWEST     42           100 PM
 AVERAGE    51

..........................................................


THE GLENS FALLS NY CLIMATE NORMALS FOR TODAY
                         NORMAL    RECORD    YEAR
 MAXIMUM TEMPERATURE (F)   30        54      1991
 MINIMUM TEMPERATURE (F)    7       -22      1978


SUNRISE AND SUNSET
FEBRUARY  4 2017......SUNRISE   707 AM EST   SUNSET   511 PM EST
FEBRUARY  5 2017......SUNRISE   705 AM EST   SUNSET   512 PM EST


-  INDICATES NEGATIVE NUMBERS.
R  INDICATES RECORD WAS SET OR TIED.
MM INDICATES DATA IS MISSING.
T  INDICATES TRACE AMOUNT.




$$
