000
CDUS41 KALY 090623
CLIGFL


CLIMATE REPORT
NATIONAL WEATHER SERVICE ALBANY NY
122 AM EST TUE DEC 9 2014


...................................

...THE GLENS FALLS NY CLIMATE SUMMARY FOR DECEMBER 8 2014...

CLIMATE NORMAL PERIOD 1981 TO 2010
CLIMATE RECORD PERIOD 1949 TO 2014


WEATHER ITEM   OBSERVED TIME   RECORD YEAR NORMAL DEPARTURE LAST
                VALUE   (LST)  VALUE       VALUE  FROM      YEAR
                                                  NORMAL
..................................................................
TEMPERATURE (F)
 YESTERDAY
  MAXIMUM         25   1159 PM  59    1951  37    -12       29
  MINIMUM         10    213 AM -10    1977  19     -9       21
  AVERAGE         18                        28    -10       25

PRECIPITATION (IN)
  YESTERDAY        0.00          0.61 1950   0.10  -0.10     0.00
  MONTH TO DATE    1.20                      0.88   0.32     0.49
  SINCE DEC 1      1.20                      0.88   0.32     0.49
  SINCE JAN 1     33.55                     36.89  -3.34    33.33

DEGREE DAYS
 HEATING
  YESTERDAY       47                        37     10       40
  MONTH TO DATE  295                       283     12      258
  SINCE DEC 1    295                       283     12      258
  SINCE JUL 1   1756                      1981   -225     1937

 COOLING
  YESTERDAY        0                         0      0        0
  MONTH TO DATE    0                         0      0        0
  SINCE DEC 1      0                         0      0        0
  SINCE JAN 1    392                       352     40      537
..................................................................


WIND (MPH)
  HIGHEST WIND SPEED     9   HIGHEST WIND DIRECTION    NE (60)
  HIGHEST GUST SPEED    12   HIGHEST GUST DIRECTION    SW (220)
  AVERAGE WIND SPEED     2.8


SKY COVER
  AVERAGE SKY COVER 0.3



RELATIVE HUMIDITY (PERCENT)
 HIGHEST    73           700 AM
 LOWEST     42           300 PM
 AVERAGE    58

..........................................................


THE GLENS FALLS NY CLIMATE NORMALS FOR TODAY
                         NORMAL    RECORD    YEAR
 MAXIMUM TEMPERATURE (F)   36        56      1966
 MINIMUM TEMPERATURE (F)   19        -5      1989


SUNRISE AND SUNSET
DECEMBER  9 2014......SUNRISE   715 AM EST   SUNSET   419 PM EST
DECEMBER 10 2014......SUNRISE   716 AM EST   SUNSET   419 PM EST


-  INDICATES NEGATIVE NUMBERS.
R  INDICATES RECORD WAS SET OR TIED.
MM INDICATES DATA IS MISSING.
T  INDICATES TRACE AMOUNT.




$$
