000
CDUS41 KALY 200623
CLIGFL


CLIMATE REPORT
NATIONAL WEATHER SERVICE ALBANY NY
221 AM EDT FRI MAR 20 2015


...................................

...THE GLENS FALLS NY CLIMATE SUMMARY FOR MARCH 19 2015...

CLIMATE NORMAL PERIOD 1981 TO 2010
CLIMATE RECORD PERIOD 1949 TO 2015


WEATHER ITEM   OBSERVED TIME   RECORD YEAR NORMAL DEPARTURE LAST
                VALUE   (LST)  VALUE       VALUE  FROM      YEAR
                                                  NORMAL
..................................................................
TEMPERATURE (F)
 YESTERDAY
  MAXIMUM         34    434 PM  76    2012  43     -9       37
  MINIMUM          6    508 AM -15    1967  22    -16        8
  AVERAGE         20                        32    -12       23

PRECIPITATION (IN)
  YESTERDAY        0.00          0.92 1986   0.10  -0.10     0.41
  MONTH TO DATE    0.14                      1.78  -1.64     1.44
  SINCE MAR 1      0.14                      1.78  -1.64     1.44
  SINCE JAN 1      2.19                      6.72  -4.53     5.97

DEGREE DAYS
 HEATING
  YESTERDAY       45                        33     12       42
  MONTH TO DATE  761                       688     73      886
  SINCE MAR 1    761                       688     73      886
  SINCE JUL 1   6442                      6308    134     6655

 COOLING
  YESTERDAY        0                         0      0        0
  MONTH TO DATE    0                         0      0        0
  SINCE MAR 1      0                         0      0        0
  SINCE JAN 1      0                         0      0        0
..................................................................


WIND (MPH)
  HIGHEST WIND SPEED    24   HIGHEST WIND DIRECTION     N (340)
  HIGHEST GUST SPEED    31   HIGHEST GUST DIRECTION     N (340)
  AVERAGE WIND SPEED     6.8


SKY COVER
  AVERAGE SKY COVER 0.0



RELATIVE HUMIDITY (PERCENT)
 HIGHEST    80           400 AM
 LOWEST     22           200 PM
 AVERAGE    51

..........................................................


THE GLENS FALLS NY CLIMATE NORMALS FOR TODAY
                         NORMAL    RECORD    YEAR
 MAXIMUM TEMPERATURE (F)   44        79      2012
 MINIMUM TEMPERATURE (F)   22         1      1967


SUNRISE AND SUNSET
MARCH 20 2015.........SUNRISE   658 AM EDT   SUNSET   706 PM EDT
MARCH 21 2015.........SUNRISE   656 AM EDT   SUNSET   708 PM EDT


-  INDICATES NEGATIVE NUMBERS.
R  INDICATES RECORD WAS SET OR TIED.
MM INDICATES DATA IS MISSING.
T  INDICATES TRACE AMOUNT.




$$
