891
CDUS41 KALY 240623
CLIGFL


CLIMATE REPORT
NATIONAL WEATHER SERVICE ALBANY NY
222 AM EDT TUE MAY 24 2016


...................................

...THE GLENS FALLS NY CLIMATE SUMMARY FOR MAY 23 2016...

CLIMATE NORMAL PERIOD 1981 TO 2010
CLIMATE RECORD PERIOD 1949 TO 2016


WEATHER ITEM   OBSERVED TIME   RECORD YEAR NORMAL DEPARTURE LAST
                VALUE   (LST)  VALUE       VALUE  FROM      YEAR
                                                  NORMAL
..................................................................
TEMPERATURE (F)
 YESTERDAY
  MAXIMUM         81    251 PM  91    1964  70     11       65
  MINIMUM         45    436 AM  31    2015  45      0       31
  AVERAGE         63                        58      5       48

PRECIPITATION (IN)
  YESTERDAY        0.00          1.26 1986   0.13  -0.13     0.00
  MONTH TO DATE    2.03                      2.68  -0.65     1.27
  SINCE MAR 1      5.77                      8.62  -2.85     3.92
  SINCE JAN 1     10.56                     13.56  -3.00     5.97

DEGREE DAYS
 HEATING
  YESTERDAY        2                         8     -6       17
  MONTH TO DATE  252                       256     -4      127
  SINCE MAR 1   1699                      1912   -213     1909
  SINCE JUL 1   5879                      7532  -1653     7590

 COOLING
  YESTERDAY        0                         0      0        0
  MONTH TO DATE    0                         0      0       38
  SINCE MAR 1      0                         1     -1       38
  SINCE JAN 1      0                         1     -1       38
..................................................................


WIND (MPH)
  HIGHEST WIND SPEED    21   HIGHEST WIND DIRECTION    NE (50)
  HIGHEST GUST SPEED    26   HIGHEST GUST DIRECTION    NE (30)
  AVERAGE WIND SPEED     4.8


SKY COVER
  AVERAGE SKY COVER 0.0



RELATIVE HUMIDITY (PERCENT)
 HIGHEST    93           100 AM
 LOWEST     19           500 PM
 AVERAGE    56

..........................................................


THE GLENS FALLS NY CLIMATE NORMALS FOR TODAY
                         NORMAL    RECORD    YEAR
 MAXIMUM TEMPERATURE (F)   70        88      2007
 MINIMUM TEMPERATURE (F)   45        30      1963


SUNRISE AND SUNSET
MAY 24 2016...........SUNRISE   522 AM EDT   SUNSET   821 PM EDT
MAY 25 2016...........SUNRISE   521 AM EDT   SUNSET   822 PM EDT


-  INDICATES NEGATIVE NUMBERS.
R  INDICATES RECORD WAS SET OR TIED.
MM INDICATES DATA IS MISSING.
T  INDICATES TRACE AMOUNT.




$$
