000
CDUS41 KALY 292152
CLIGFL


CLIMATE REPORT
NATIONAL WEATHER SERVICE ALBANY NY
452 PM EST TUE NOV 29 2016


...................................

...THE GLENS FALLS NY CLIMATE SUMMARY FOR NOVEMBER 29 2016...
VALID TODAY AS OF 0400 PM LOCAL TIME.

CLIMATE NORMAL PERIOD 1981 TO 2010
CLIMATE RECORD PERIOD 1949 TO 2016


WEATHER ITEM   OBSERVED TIME   RECORD YEAR NORMAL DEPARTURE LAST
                VALUE   (LST)  VALUE       VALUE  FROM      YEAR
                                                  NORMAL
..................................................................
TEMPERATURE (F)
 TODAY
  MAXIMUM         46    445 PM  64    2011  41      5       39
  MINIMUM         27   1203 AM   9    2014  23      4       28
                                      1978
  AVERAGE         37                        32      5       34

PRECIPITATION (IN)
  TODAY            0.41          1.05 1954   0.11   0.30     0.00
  MONTH TO DATE    2.79                      3.20  -0.41     1.05
  SINCE SEP 1      6.94                     10.09  -3.15     9.45
  SINCE JAN 1     28.10                     35.90  -7.80    26.97

DEGREE DAYS
 HEATING
  TODAY           28                        33     -5       31
  MONTH TO DATE  728                       809    -81      621
  SINCE SEP 1   1290                      1598   -308     1241
  SINCE JUL 1   1296                      1664   -368     1254

 COOLING
  TODAY            0                         0      0        0
  MONTH TO DATE    0                         0      0        0
  SINCE SEP 1     58                        25     33       97
  SINCE JAN 1    643                       352    291      596
..................................................................


WIND (MPH)
  HIGHEST WIND SPEED     6   HIGHEST WIND DIRECTION    NW (300)
  HIGHEST GUST SPEED     7   HIGHEST GUST DIRECTION     W (290)
  AVERAGE WIND SPEED     0.3


SKY COVER
  AVERAGE SKY COVER 0.8



RELATIVE HUMIDITY (PERCENT)
 HIGHEST    92          1200 AM
 LOWEST     79          1200 PM
 AVERAGE    86

..........................................................


THE GLENS FALLS NY CLIMATE NORMALS FOR TOMORROW
                         NORMAL    RECORD    YEAR
 MAXIMUM TEMPERATURE (F)   40        63      2006
 MINIMUM TEMPERATURE (F)   23         7      2013
                                             1976


SUNRISE AND SUNSET
NOVEMBER 29 2016......SUNRISE   705 AM EST   SUNSET   420 PM EST
NOVEMBER 30 2016......SUNRISE   706 AM EST   SUNSET   420 PM EST


-  INDICATES NEGATIVE NUMBERS.
R  INDICATES RECORD WAS SET OR TIED.
MM INDICATES DATA IS MISSING.
T  INDICATES TRACE AMOUNT.




$$
