000
CDUS41 KALY 250622
CLIGFL


CLIMATE REPORT
NATIONAL WEATHER SERVICE ALBANY NY
221 AM EDT THU JUN 25 2015


...................................

...THE GLENS FALLS NY CLIMATE SUMMARY FOR JUNE 24 2015...

CLIMATE NORMAL PERIOD 1981 TO 2010
CLIMATE RECORD PERIOD 1949 TO 2015


WEATHER ITEM   OBSERVED TIME   RECORD YEAR NORMAL DEPARTURE LAST
                VALUE   (LST)  VALUE       VALUE  FROM      YEAR
                                                  NORMAL
..................................................................
TEMPERATURE (F)
 YESTERDAY
  MAXIMUM         81    357 PM  91    2013  79      2       77
  MINIMUM         58    439 AM  37    2007  54      4       65
  AVERAGE         70                        66      4       71

PRECIPITATION (IN)
  YESTERDAY        0.00          1.20 1952   0.11  -0.11     0.01
  MONTH TO DATE    4.89                      2.83   2.06     3.62
  SINCE JUN 1      4.89                      2.83   2.06     3.62
  SINCE JAN 1     12.20                     17.32  -5.12    16.73

DEGREE DAYS
 HEATING
  YESTERDAY        0                         2     -2        0
  MONTH TO DATE   70                        83    -13       32
  SINCE JUN 1     70                        83    -13       32
  SINCE JUL 1   7667                      7669     -2     7929

 COOLING
  YESTERDAY        5                         3      2        6
  MONTH TO DATE   65                        48     17       41
  SINCE JUN 1     65                        48     17       41
  SINCE JAN 1    141                        60     81       61
..................................................................


WIND (MPH)
  HIGHEST WIND SPEED    14   HIGHEST WIND DIRECTION     N (340)
  HIGHEST GUST SPEED    19   HIGHEST GUST DIRECTION     N (350)
  AVERAGE WIND SPEED     4.6


SKY COVER
  AVERAGE SKY COVER 0.2



RELATIVE HUMIDITY (PERCENT)
 HIGHEST    90           200 AM
 LOWEST     30           400 PM
 AVERAGE    60

..........................................................


THE GLENS FALLS NY CLIMATE NORMALS FOR TODAY
                         NORMAL    RECORD    YEAR
 MAXIMUM TEMPERATURE (F)   79        92      2005
 MINIMUM TEMPERATURE (F)   55        37      1979


SUNRISE AND SUNSET
JUNE 25 2015..........SUNRISE   515 AM EDT   SUNSET   839 PM EDT
JUNE 26 2015..........SUNRISE   516 AM EDT   SUNSET   839 PM EDT


-  INDICATES NEGATIVE NUMBERS.
R  INDICATES RECORD WAS SET OR TIED.
MM INDICATES DATA IS MISSING.
T  INDICATES TRACE AMOUNT.




$$
