000
CDUS41 KALY 052049
CLIGFL


CLIMATE REPORT
NATIONAL WEATHER SERVICE ALBANY NY
439 PM EDT FRI AUG 5 2016


...................................

...THE GLENS FALLS NY CLIMATE SUMMARY FOR AUGUST 5 2016...
VALID TODAY AS OF 0400 PM LOCAL TIME.

CLIMATE NORMAL PERIOD 1981 TO 2010
CLIMATE RECORD PERIOD 1949 TO 2016


WEATHER ITEM   OBSERVED TIME   RECORD YEAR NORMAL DEPARTURE LAST
                VALUE   (LST)  VALUE       VALUE  FROM      YEAR
                                                  NORMAL
..................................................................
TEMPERATURE (F)
 TODAY
  MAXIMUM         85    259 PM  96    1955  80      5       80
  MINIMUM         60    504 AM  42    1972  57      3       59
  AVERAGE         73                        68      5       70

PRECIPITATION (IN)
  TODAY            0.00          1.11 2003   0.13  -0.13     0.00
  MONTH TO DATE    1.08                      0.67   0.41     0.09
  SINCE JUN 1      7.92                      8.31  -0.39     8.53
  SINCE JAN 1     19.54                     22.80  -3.26    15.84

DEGREE DAYS
 HEATING
  TODAY            0                         1     -1        0
  MONTH TO DATE    0                         5     -5        0
  SINCE JUN 1     44                       116    -72       90
  SINCE JUL 1      0                        26    -26       11

 COOLING
  TODAY            8                         4      4        5
  MONTH TO DATE   29                        20      9       31
  SINCE JUN 1    347                       228    119      274
  SINCE JAN 1    403                       240    163      350
..................................................................


WIND (MPH)
  HIGHEST WIND SPEED    16   HIGHEST WIND DIRECTION     S (200)
  HIGHEST GUST SPEED    23   HIGHEST GUST DIRECTION     S (160)
  AVERAGE WIND SPEED     6.6


SKY COVER
  AVERAGE SKY COVER 0.0



RELATIVE HUMIDITY (PERCENT)
 HIGHEST    93          1200 AM
 LOWEST     55           200 PM
 AVERAGE    74

..........................................................


THE GLENS FALLS NY CLIMATE NORMALS FOR TOMORROW
                         NORMAL    RECORD    YEAR
 MAXIMUM TEMPERATURE (F)   80        90      1955
 MINIMUM TEMPERATURE (F)   57        44      1951


SUNRISE AND SUNSET
AUGUST  5 2016........SUNRISE   549 AM EDT   SUNSET   811 PM EDT
AUGUST  6 2016........SUNRISE   550 AM EDT   SUNSET   810 PM EDT


-  INDICATES NEGATIVE NUMBERS.
R  INDICATES RECORD WAS SET OR TIED.
MM INDICATES DATA IS MISSING.
T  INDICATES TRACE AMOUNT.




$$
