000
CDUS41 KALY 050627
CLIGFL


CLIMATE REPORT
NATIONAL WEATHER SERVICE ALBANY NY
125 AM EST SUN MAR 5 2017


...................................

...THE GLENS FALLS NY CLIMATE SUMMARY FOR MARCH 4 2017...

CLIMATE NORMAL PERIOD 1981 TO 2010
CLIMATE RECORD PERIOD 1949 TO 2017


WEATHER ITEM   OBSERVED TIME   RECORD YEAR NORMAL DEPARTURE LAST
                VALUE   (LST)  VALUE       VALUE  FROM      YEAR
                                                  NORMAL
..................................................................
TEMPERATURE (F)
 YESTERDAY
  MAXIMUM         MM        MM  53    1964  38     MM       34
  MINIMUM         MM        MM -24    1950  15     MM       15
  AVERAGE         MM                        26     MM       25

PRECIPITATION (IN)
  YESTERDAY        0.00          1.75 1977   0.09  -0.09     0.00
  MONTH TO DATE    0.09                      0.36  -0.27     0.18
  SINCE MAR 1      0.09                      0.36  -0.27     0.18
  SINCE JAN 1      4.78                      5.30  -0.52     4.97

DEGREE DAYS
 HEATING
  YESTERDAY       MM                        39     MM       40
  MONTH TO DATE   76                       157    -81      155
  SINCE MAR 1     76                       157    -81      155
  SINCE JUL 1   4598                      5777  -1179     4335

 COOLING
  YESTERDAY       MM                         0     MM        0
  MONTH TO DATE    0                         0      0        0
  SINCE MAR 1      0                         0      0        0
  SINCE JAN 1      0                         0      0        0
..................................................................


WIND (MPH)
  HIGHEST WIND SPEED    26   HIGHEST WIND DIRECTION     N (350)
  HIGHEST GUST SPEED    36   HIGHEST GUST DIRECTION     N (360)
  AVERAGE WIND SPEED    11.8


SKY COVER
  AVERAGE SKY COVER 0.1



RELATIVE HUMIDITY (PERCENT)
 HIGHEST    48          1200 AM
 LOWEST     20           700 AM
 AVERAGE    34

..........................................................


THE GLENS FALLS NY CLIMATE NORMALS FOR TODAY
                         NORMAL    RECORD    YEAR
 MAXIMUM TEMPERATURE (F)   38        64      1964
 MINIMUM TEMPERATURE (F)   16        -5      2005


SUNRISE AND SUNSET
MARCH  5 2017.........SUNRISE   624 AM EST   SUNSET   549 PM EST
MARCH  6 2017.........SUNRISE   622 AM EST   SUNSET   550 PM EST


-  INDICATES NEGATIVE NUMBERS.
R  INDICATES RECORD WAS SET OR TIED.
MM INDICATES DATA IS MISSING.
T  INDICATES TRACE AMOUNT.




$$
