459
CDUS41 KALY 132049
CLIGFL


CLIMATE REPORT
NATIONAL WEATHER SERVICE ALBANY NY
448 PM EDT SAT MAY 13 2017


...................................

...THE GLENS FALLS NY CLIMATE SUMMARY FOR MAY 13 2017...
VALID TODAY AS OF 0400 PM LOCAL TIME.

CLIMATE NORMAL PERIOD 1981 TO 2010
CLIMATE RECORD PERIOD 1949 TO 2017


WEATHER ITEM   OBSERVED TIME   RECORD YEAR NORMAL DEPARTURE LAST
                VALUE   (LST)  VALUE       VALUE  FROM      YEAR
                                                  NORMAL
..................................................................
TEMPERATURE (F)
 TODAY
  MAXIMUM         57    210 PM  86    1991  67    -10       65
  MINIMUM         50    528 AM  24    2005  42      8       52
  AVERAGE         54                        54      0       59

PRECIPITATION (IN)
  TODAY            T             1.28 2002   0.11  -0.11     0.57
  MONTH TO DATE    2.43                      1.48   0.95     1.93
  SINCE MAR 1      8.27                      7.42   0.85     5.67
  SINCE JAN 1     12.96                     12.36   0.60    10.46

DEGREE DAYS
 HEATING
  TODAY           11                        11      0        6
  MONTH TO DATE  181                       164     17      162
  SINCE MAR 1   1693                      1820   -127     1609
  SINCE JUL 1   6215                      7440  -1225     5789

 COOLING
  TODAY            0                         0      0        0
  MONTH TO DATE    0                         0      0        0
  SINCE MAR 1      6                         1      5        0
  SINCE JAN 1      6                         1      5        0
..................................................................


WIND (MPH)
  HIGHEST WIND SPEED    10   HIGHEST WIND DIRECTION     S (200)
  HIGHEST GUST SPEED    14   HIGHEST GUST DIRECTION    SW (210)
  AVERAGE WIND SPEED     3.6


SKY COVER
  AVERAGE SKY COVER 0.6



RELATIVE HUMIDITY (PERCENT)
 HIGHEST    71           100 AM
 LOWEST     61          1000 AM
 AVERAGE    66

..........................................................


THE GLENS FALLS NY CLIMATE NORMALS FOR TOMORROW
                         NORMAL    RECORD    YEAR
 MAXIMUM TEMPERATURE (F)   68        84      1961
 MINIMUM TEMPERATURE (F)   42        28      1967


SUNRISE AND SUNSET
MAY 13 2017...........SUNRISE   532 AM EDT   SUNSET   810 PM EDT
MAY 14 2017...........SUNRISE   531 AM EDT   SUNSET   811 PM EDT


-  INDICATES NEGATIVE NUMBERS.
R  INDICATES RECORD WAS SET OR TIED.
MM INDICATES DATA IS MISSING.
T  INDICATES TRACE AMOUNT.




$$
