000
CDUS41 KALY 130626
CLIGFL


CLIMATE REPORT
NATIONAL WEATHER SERVICE ALBANY NY
225 AM EDT SUN AUG 13 2017


...................................

...THE GLENS FALLS NY CLIMATE SUMMARY FOR AUGUST 12 2017...

CLIMATE NORMAL PERIOD 1981 TO 2010
CLIMATE RECORD PERIOD 1949 TO 2017


WEATHER ITEM   OBSERVED TIME   RECORD YEAR NORMAL DEPARTURE LAST
                VALUE   (LST)  VALUE       VALUE  FROM      YEAR
                                                  NORMAL
..................................................................
TEMPERATURE (F)
 YESTERDAY
  MAXIMUM         80    239 PM  92    2016  80      0       92
                                      2002
  MINIMUM         63   1116 PM  42    2006  56      7       73
  AVERAGE         72                        68      4       83

PRECIPITATION (IN)
  YESTERDAY        0.02          1.02 2004   0.13  -0.11     0.01
  MONTH TO DATE    0.73                      1.56  -0.83     1.34
  SINCE JUN 1     10.01                      9.20   0.81     8.18
  SINCE JAN 1     26.35                     23.69   2.66    19.80

DEGREE DAYS
 HEATING
  YESTERDAY        0                         1     -1        0
  MONTH TO DATE    1                        12    -11        0
  SINCE JUN 1    106                       123    -17       44
  SINCE JUL 1     13                        33    -20        0

 COOLING
  YESTERDAY        7                         4      3       18
  MONTH TO DATE   47                        48     -1       97
  SINCE JUN 1    259                       256      3      415
  SINCE JAN 1    280                       268     12      471
..................................................................


WIND (MPH)
  HIGHEST WIND SPEED    15   HIGHEST WIND DIRECTION    SW (210)
  HIGHEST GUST SPEED    21   HIGHEST GUST DIRECTION    SW (220)
  AVERAGE WIND SPEED     8.0


SKY COVER
  AVERAGE SKY COVER 0.6



RELATIVE HUMIDITY (PERCENT)
 HIGHEST    93           500 AM
 LOWEST     93           500 AM
 AVERAGE    93

..........................................................


THE GLENS FALLS NY CLIMATE NORMALS FOR TODAY
                         NORMAL    RECORD    YEAR
 MAXIMUM TEMPERATURE (F)   80        92      1988
 MINIMUM TEMPERATURE (F)   56        41      2006


SUNRISE AND SUNSET
AUGUST 13 2017........SUNRISE   558 AM EDT   SUNSET   800 PM EDT
AUGUST 14 2017........SUNRISE   559 AM EDT   SUNSET   759 PM EDT


-  INDICATES NEGATIVE NUMBERS.
R  INDICATES RECORD WAS SET OR TIED.
MM INDICATES DATA IS MISSING.
T  INDICATES TRACE AMOUNT.




$$
