000
CDUS41 KALY 280624
CLIGFL


CLIMATE REPORT
NATIONAL WEATHER SERVICE ALBANY NY
222 AM EDT FRI MAR 28 2014


...................................

...THE GLENS FALLS NY CLIMATE SUMMARY FOR MARCH 27 2014...

CLIMATE NORMAL PERIOD 1981 TO 2010
CLIMATE RECORD PERIOD 1949 TO 2014


WEATHER ITEM   OBSERVED TIME   RECORD YEAR NORMAL DEPARTURE LAST
                VALUE   (LST)  VALUE       VALUE  FROM      YEAR
                                                  NORMAL
..................................................................
TEMPERATURE (F)
 YESTERDAY
  MAXIMUM         38   1156 PM  74    1998  47     -9       49
  MINIMUM          2R   515 AM  10    1975  25    -23       23
  AVERAGE         20                        36    -16       36

PRECIPITATION (IN)
  YESTERDAY        0.00          1.61 1978   0.10  -0.10     0.00
  MONTH TO DATE    1.53                      2.57  -1.04     2.81
  SINCE MAR 1      1.53                      2.57  -1.04     2.81
  SINCE JAN 1      6.06                      7.51  -1.45     5.11

DEGREE DAYS
 HEATING
  YESTERDAY       45                        29     16       29
  MONTH TO DATE 1203                       932    271      882
  SINCE MAR 1   1203                       932    271      882
  SINCE JUL 1   6972                      6552    420     5983

 COOLING
  YESTERDAY        0                         0      0        0
  MONTH TO DATE    0                         0      0        0
  SINCE MAR 1      0                         0      0        0
  SINCE JAN 1      0                         0      0        0
..................................................................


WIND (MPH)
  HIGHEST WIND SPEED    18   HIGHEST WIND DIRECTION    SE (150)
  HIGHEST GUST SPEED    21   HIGHEST GUST DIRECTION    SE (150)
  AVERAGE WIND SPEED     5.7


SKY COVER
  AVERAGE SKY COVER 0.3



RELATIVE HUMIDITY (PERCENT)
 HIGHEST    69           300 AM
 LOWEST     40          1200 AM
 AVERAGE    55

..........................................................


THE GLENS FALLS NY CLIMATE NORMALS FOR TODAY
                         NORMAL    RECORD    YEAR
 MAXIMUM TEMPERATURE (F)   48        76      1998
 MINIMUM TEMPERATURE (F)   25         8      1982


SUNRISE AND SUNSET
MARCH 28 2014.........SUNRISE   643 AM EDT   SUNSET   716 PM EDT
MARCH 29 2014.........SUNRISE   642 AM EDT   SUNSET   717 PM EDT


-  INDICATES NEGATIVE NUMBERS.
R  INDICATES RECORD WAS SET OR TIED.
MM INDICATES DATA IS MISSING.
T  INDICATES TRACE AMOUNT.




$$
