000
CDUS41 KALY 302145
CLIGFL


CLIMATE REPORT
NATIONAL WEATHER SERVICE ALBANY NY
445 PM EST FRI DEC 30 2016


...................................

...THE GLENS FALLS NY CLIMATE SUMMARY FOR DECEMBER 30 2016...
VALID TODAY AS OF 0400 PM LOCAL TIME.

CLIMATE NORMAL PERIOD 1981 TO 2010
CLIMATE RECORD PERIOD 1949 TO 2016


WEATHER ITEM   OBSERVED TIME   RECORD YEAR NORMAL DEPARTURE LAST
                VALUE   (LST)  VALUE       VALUE  FROM      YEAR
                                                  NORMAL
..................................................................
TEMPERATURE (F)
 TODAY
  MAXIMUM         35    131 PM  52    1984  30      5       37
  MINIMUM         19    257 AM -11    1967  11      8       33
  AVERAGE         27                        20      7       35

PRECIPITATION (IN)
  TODAY            T             1.82 1971   0.09  -0.09     0.08
  MONTH TO DATE    2.86                      2.96  -0.10     4.04
  SINCE DEC 1      2.86                      2.96  -0.10     4.04
  SINCE JAN 1     31.16                     38.97  -7.81    31.01

DEGREE DAYS
 HEATING
  TODAY           38                        45     -7       30
  MONTH TO DATE 1102                      1194    -92      795
  SINCE DEC 1   1102                      1194    -92      795
  SINCE JUL 1   2418                      2892   -474     2086

 COOLING
  TODAY            0                         0      0        0
  MONTH TO DATE    0                         0      0        0
  SINCE DEC 1      0                         0      0        0
  SINCE JAN 1    643                       352    291      596
..................................................................


WIND (MPH)
  HIGHEST WIND SPEED    16   HIGHEST WIND DIRECTION     W (270)
  HIGHEST GUST SPEED    24   HIGHEST GUST DIRECTION    SW (230)
  AVERAGE WIND SPEED     7.0


SKY COVER
  AVERAGE SKY COVER 0.9



RELATIVE HUMIDITY (PERCENT)
 HIGHEST    88           200 AM
 LOWEST     51           300 PM
 AVERAGE    70

..........................................................


THE GLENS FALLS NY CLIMATE NORMALS FOR TOMORROW
                         NORMAL    RECORD    YEAR
 MAXIMUM TEMPERATURE (F)   29        53      1992
 MINIMUM TEMPERATURE (F)   10       -18      1963


SUNRISE AND SUNSET
DECEMBER 30 2016......SUNRISE   727 AM EST   SUNSET   428 PM EST
DECEMBER 31 2016......SUNRISE   727 AM EST   SUNSET   429 PM EST


-  INDICATES NEGATIVE NUMBERS.
R  INDICATES RECORD WAS SET OR TIED.
MM INDICATES DATA IS MISSING.
T  INDICATES TRACE AMOUNT.




$$
