000
CDUS41 KALY 120625
CLIGFL


CLIMATE REPORT
NATIONAL WEATHER SERVICE ALBANY NY
223 AM EDT TUE APR 12 2016


...................................

...THE GLENS FALLS NY CLIMATE SUMMARY FOR APRIL 11 2016...

CLIMATE NORMAL PERIOD 1981 TO 2010
CLIMATE RECORD PERIOD 1949 TO 2016


WEATHER ITEM   OBSERVED TIME   RECORD YEAR NORMAL DEPARTURE LAST
                VALUE   (LST)  VALUE       VALUE  FROM      YEAR
                                                  NORMAL
..................................................................
TEMPERATURE (F)
 YESTERDAY
  MAXIMUM         47   1159 PM  79    2011  55     -8       48
  MINIMUM         38    708 AM   9    1974  31      7       32
  AVERAGE         43                        43      0       40

PRECIPITATION (IN)
  YESTERDAY        0.18          0.86 1992   0.10   0.08     0.00
  MONTH TO DATE    0.74                      1.07  -0.33     0.89
  SINCE MAR 1      3.02                      4.01  -0.99     1.57
  SINCE JAN 1      7.81                      8.95  -1.14     3.62

DEGREE DAYS
 HEATING
  YESTERDAY       22                        22      0       25
  MONTH TO DATE  314                       268     46      283
  SINCE MAR 1   1128                      1311   -183     1465
  SINCE JUL 1   5308                      6931  -1623     7146

 COOLING
  YESTERDAY        0                         0      0        0
  MONTH TO DATE    0                         0      0        0
  SINCE MAR 1      0                         0      0        0
  SINCE JAN 1      0                         0      0        0
..................................................................


WIND (MPH)
  HIGHEST WIND SPEED    20   HIGHEST WIND DIRECTION     S (190)
  HIGHEST GUST SPEED    28   HIGHEST GUST DIRECTION     S (190)
  AVERAGE WIND SPEED     6.7


SKY COVER
  AVERAGE SKY COVER 1.0



RELATIVE HUMIDITY (PERCENT)
 HIGHEST    86           400 PM
 LOWEST     41           400 AM
 AVERAGE    64

..........................................................


THE GLENS FALLS NY CLIMATE NORMALS FOR TODAY
                         NORMAL    RECORD    YEAR
 MAXIMUM TEMPERATURE (F)   55        73      2006
 MINIMUM TEMPERATURE (F)   31        18      1989


SUNRISE AND SUNSET
APRIL 12 2016.........SUNRISE   616 AM EDT   SUNSET   734 PM EDT
APRIL 13 2016.........SUNRISE   615 AM EDT   SUNSET   736 PM EDT


-  INDICATES NEGATIVE NUMBERS.
R  INDICATES RECORD WAS SET OR TIED.
MM INDICATES DATA IS MISSING.
T  INDICATES TRACE AMOUNT.




$$
