000
CDUS41 KALY 240626
CLIGFL


CLIMATE REPORT
NATIONAL WEATHER SERVICE ALBANY NY
225 AM EDT FRI JUL 24 2015


...................................

...THE GLENS FALLS NY CLIMATE SUMMARY FOR JULY 23 2015...

CLIMATE NORMAL PERIOD 1981 TO 2010
CLIMATE RECORD PERIOD 1949 TO 2015


WEATHER ITEM   OBSERVED TIME   RECORD YEAR NORMAL DEPARTURE LAST
                VALUE   (LST)  VALUE       VALUE  FROM      YEAR
                                                  NORMAL
..................................................................
TEMPERATURE (F)
 YESTERDAY
  MAXIMUM         77    313 PM  95    1952  81     -4       90
  MINIMUM         54    500 AM  45    1977  57     -3       67
  AVERAGE         66                        69     -3       79

PRECIPITATION (IN)
  YESTERDAY        0.02          2.60 2008   0.14  -0.12     0.27
  MONTH TO DATE    0.99                      2.99  -2.00     3.96
  SINCE JUN 1      7.21                      6.54   0.67     8.36
  SINCE JAN 1     14.52                     21.03  -6.51    21.47

DEGREE DAYS
 HEATING
  YESTERDAY        0                         1     -1        0
  MONTH TO DATE   11                        23    -12        1
  SINCE JUN 1     90                       113    -23       33
  SINCE JUL 1     11                        23    -12        1

 COOLING
  YESTERDAY        1                         5     -4       14
  MONTH TO DATE  114                       107      7      142
  SINCE JUN 1    180                       176      4      216
  SINCE JAN 1    256                       188     68      236
..................................................................


WIND (MPH)
  HIGHEST WIND SPEED    15   HIGHEST WIND DIRECTION    NW (330)
  HIGHEST GUST SPEED    19   HIGHEST GUST DIRECTION    NW (320)
  AVERAGE WIND SPEED     3.9


SKY COVER
  AVERAGE SKY COVER 0.6



RELATIVE HUMIDITY (PERCENT)
 HIGHEST    87           600 AM
 LOWEST     54           200 PM
 AVERAGE    71

..........................................................


THE GLENS FALLS NY CLIMATE NORMALS FOR TODAY
                         NORMAL    RECORD    YEAR
 MAXIMUM TEMPERATURE (F)   81        92      1963
 MINIMUM TEMPERATURE (F)   57        43      1985


SUNRISE AND SUNSET
JULY 24 2015..........SUNRISE   536 AM EDT   SUNSET   825 PM EDT
JULY 25 2015..........SUNRISE   537 AM EDT   SUNSET   824 PM EDT


-  INDICATES NEGATIVE NUMBERS.
R  INDICATES RECORD WAS SET OR TIED.
MM INDICATES DATA IS MISSING.
T  INDICATES TRACE AMOUNT.




$$
