000
CDUS41 KALY 120627
CLIGFL


CLIMATE REPORT
NATIONAL WEATHER SERVICE ALBANY NY
226 AM EDT MON JUN 12 2017


...................................

...THE GLENS FALLS NY CLIMATE SUMMARY FOR JUNE 11 2017...

CLIMATE NORMAL PERIOD 1981 TO 2010
CLIMATE RECORD PERIOD 1949 TO 2017


WEATHER ITEM   OBSERVED TIME   RECORD YEAR NORMAL DEPARTURE LAST
                VALUE   (LST)  VALUE       VALUE  FROM      YEAR
                                                  NORMAL
..................................................................
TEMPERATURE (F)
 YESTERDAY
  MAXIMUM         90    337 PM  93    1973  76     14       64
  MINIMUM         58    307 AM  37    1988  51      7       44
  AVERAGE         74                        63     11       54

PRECIPITATION (IN)
  YESTERDAY        0.00          1.29 2001   0.12  -0.12     0.22
  MONTH TO DATE    1.15                      1.30  -0.15     2.14
  SINCE JUN 1      1.15                      1.30  -0.15     2.14
  SINCE JAN 1     17.49                     15.79   1.70    13.76

DEGREE DAYS
 HEATING
  YESTERDAY        0                         4     -4       11
  MONTH TO DATE   64                        51     13       25
  SINCE JUN 1     64                        51     13       25
  SINCE JUL 1   6381                      7637  -1256     5908

 COOLING
  YESTERDAY        9                         2      7        0
  MONTH TO DATE   10                        15     -5       26
  SINCE JUN 1     10                        15     -5       26
  SINCE JAN 1     31                        27      4       82
..................................................................


WIND (MPH)
  HIGHEST WIND SPEED    21   HIGHEST WIND DIRECTION    SW (230)
  HIGHEST GUST SPEED    30   HIGHEST GUST DIRECTION    SW (230)
  AVERAGE WIND SPEED     8.0


SKY COVER
  AVERAGE SKY COVER  MM



RELATIVE HUMIDITY (PERCENT)
 HIGHEST    MM
 LOWEST     MM
 AVERAGE    MM

..........................................................


THE GLENS FALLS NY CLIMATE NORMALS FOR TODAY
                         NORMAL    RECORD    YEAR
 MAXIMUM TEMPERATURE (F)   76        91      1949
 MINIMUM TEMPERATURE (F)   51        35      1980


SUNRISE AND SUNSET
JUNE 12 2017..........SUNRISE   514 AM EDT   SUNSET   835 PM EDT
JUNE 13 2017..........SUNRISE   514 AM EDT   SUNSET   836 PM EDT


-  INDICATES NEGATIVE NUMBERS.
R  INDICATES RECORD WAS SET OR TIED.
MM INDICATES DATA IS MISSING.
T  INDICATES TRACE AMOUNT.




$$
