170
CDUS41 KALY 070622
CLIGFL


CLIMATE REPORT
NATIONAL WEATHER SERVICE ALBANY NY
222 AM EDT SAT OCT 7 2017


...................................

...THE GLENS FALLS NY CLIMATE SUMMARY FOR OCTOBER 6 2017...

CLIMATE NORMAL PERIOD 1981 TO 2010
CLIMATE RECORD PERIOD 1949 TO 2017


WEATHER ITEM   OBSERVED TIME   RECORD YEAR NORMAL DEPARTURE LAST
                VALUE   (LST)  VALUE       VALUE  FROM      YEAR
                                                  NORMAL
..................................................................
TEMPERATURE (F)
 YESTERDAY
  MAXIMUM         61    306 PM  82    1997  62     -1       73
  MINIMUM         44    146 AM  21    1984  38      6       39
  AVERAGE         53                        50      3       56

PRECIPITATION (IN)
  YESTERDAY        T             1.80 1955   0.12  -0.12     0.00
  MONTH TO DATE    0.01                      0.71  -0.70     0.12
  SINCE SEP 1      2.33                      4.09  -1.76     1.33
  SINCE JAN 1     29.46                     29.90  -0.44    22.49

DEGREE DAYS
 HEATING
  YESTERDAY       12                        15     -3        9
  MONTH TO DATE   69                        84    -15       46
  SINCE SEP 1    201                       303   -102      149
  SINCE JUL 1    268                       369   -101      155

 COOLING
  YESTERDAY        0                         0      0        0
  MONTH TO DATE    0                         0      0        0
  SINCE SEP 1     67                        24     43       55
  SINCE JAN 1    381                       351     30      640
..................................................................


WIND (MPH)
  HIGHEST WIND SPEED    10   HIGHEST WIND DIRECTION     S (200)
  HIGHEST GUST SPEED    13   HIGHEST GUST DIRECTION     S (170)
  AVERAGE WIND SPEED     2.9


SKY COVER
  AVERAGE SKY COVER 0.8



RELATIVE HUMIDITY (PERCENT)
 HIGHEST   100          1100 PM
 LOWEST     78           100 PM
 AVERAGE    89

..........................................................


THE GLENS FALLS NY CLIMATE NORMALS FOR TODAY
                         NORMAL    RECORD    YEAR
 MAXIMUM TEMPERATURE (F)   62        87      1963
 MINIMUM TEMPERATURE (F)   38        24      1984


SUNRISE AND SUNSET
OCTOBER  7 2017.......SUNRISE   659 AM EDT   SUNSET   625 PM EDT
OCTOBER  8 2017.......SUNRISE   700 AM EDT   SUNSET   623 PM EDT


-  INDICATES NEGATIVE NUMBERS.
R  INDICATES RECORD WAS SET OR TIED.
MM INDICATES DATA IS MISSING.
T  INDICATES TRACE AMOUNT.




$$
