000
CDUS41 KALY 030625
CLIGFL


CLIMATE REPORT
NATIONAL WEATHER SERVICE ALBANY NY
124 AM EST TUE JAN 3 2017


...................................

...THE GLENS FALLS NY CLIMATE SUMMARY FOR JANUARY 2 2017...

CLIMATE NORMAL PERIOD 1981 TO 2010
CLIMATE RECORD PERIOD 1949 TO 2017


WEATHER ITEM   OBSERVED TIME   RECORD YEAR NORMAL DEPARTURE LAST
                VALUE   (LST)  VALUE       VALUE  FROM      YEAR
                                                  NORMAL
..................................................................
TEMPERATURE (F)
 YESTERDAY
  MAXIMUM         36    230 PM  47    2011  29      7       34
  MINIMUM          8    743 AM -24    1968  10     -2       29
  AVERAGE         22                        19      3       32

PRECIPITATION (IN)
  YESTERDAY        0.00          0.92 1979   0.09  -0.09     0.00
  MONTH TO DATE    0.03                      0.18  -0.15     0.00
  SINCE DEC 1      2.90                      3.23  -0.33     4.05
  SINCE JAN 1      0.03                      0.18  -0.15     0.00

DEGREE DAYS
 HEATING
  YESTERDAY       43                        46     -3       33
  MONTH TO DATE   79                        91    -12       63
  SINCE DEC 1   1224                      1331   -107      886
  SINCE JUL 1   2540                      3029   -489     2177

 COOLING
  YESTERDAY        0                         0      0        0
  MONTH TO DATE    0                         0      0        0
  SINCE DEC 1      0                         0      0        0
  SINCE JAN 1      0                         0      0        0
..................................................................


WIND (MPH)
  HIGHEST WIND SPEED     7   HIGHEST WIND DIRECTION    NW (300)
  HIGHEST GUST SPEED     7   HIGHEST GUST DIRECTION    NW (300)
  AVERAGE WIND SPEED     0.8


SKY COVER
  AVERAGE SKY COVER 0.3



RELATIVE HUMIDITY (PERCENT)
 HIGHEST    84          1000 AM
 LOWEST     61           300 PM
 AVERAGE    73

..........................................................


THE GLENS FALLS NY CLIMATE NORMALS FOR TODAY
                         NORMAL    RECORD    YEAR
 MAXIMUM TEMPERATURE (F)   29        53      2000
 MINIMUM TEMPERATURE (F)    9       -25      2014


SUNRISE AND SUNSET
JANUARY  3 2017.......SUNRISE   727 AM EST   SUNSET   431 PM EST
JANUARY  4 2017.......SUNRISE   727 AM EST   SUNSET   432 PM EST


-  INDICATES NEGATIVE NUMBERS.
R  INDICATES RECORD WAS SET OR TIED.
MM INDICATES DATA IS MISSING.
T  INDICATES TRACE AMOUNT.




$$
