000
CDUS41 KALY 300622
CLIGFL


CLIMATE REPORT
NATIONAL WEATHER SERVICE ALBANY NY
222 AM EDT SUN JUL 30 2017


...................................

...THE GLENS FALLS NY CLIMATE SUMMARY FOR JULY 29 2017...

CLIMATE NORMAL PERIOD 1981 TO 2010
CLIMATE RECORD PERIOD 1949 TO 2017


WEATHER ITEM   OBSERVED TIME   RECORD YEAR NORMAL DEPARTURE LAST
                VALUE   (LST)  VALUE       VALUE  FROM      YEAR
                                                  NORMAL
..................................................................
TEMPERATURE (F)
 YESTERDAY
  MAXIMUM         75    423 PM  96    1959  81     -6       86
  MINIMUM         53    255 AM  45    1987  57     -4       63
  AVERAGE         64                        69     -5       75

PRECIPITATION (IN)
  YESTERDAY        0.00          1.89 1974   0.14  -0.14     0.00
  MONTH TO DATE    5.54                      3.82   1.72     3.73
  SINCE JUN 1      9.28                      7.37   1.91     6.84
  SINCE JAN 1     25.62                     21.86   3.76    18.46

DEGREE DAYS
 HEATING
  YESTERDAY        1                         1      0        0
  MONTH TO DATE   11                        29    -18        0
  SINCE JUN 1    104                       119    -15       44
  SINCE JUL 1     11                        29    -18        0

 COOLING
  YESTERDAY        0                         5     -5       10
  MONTH TO DATE  119                       137    -18      207
  SINCE JUN 1    207                       206      1      310
  SINCE JAN 1    228                       218     10      366
..................................................................


WIND (MPH)
  HIGHEST WIND SPEED    17   HIGHEST WIND DIRECTION     N (360)
  HIGHEST GUST SPEED    22   HIGHEST GUST DIRECTION    NE (30)
  AVERAGE WIND SPEED     7.5


SKY COVER
  AVERAGE SKY COVER 0.0



RELATIVE HUMIDITY (PERCENT)
 HIGHEST    93           100 AM
 LOWEST     33           300 PM
 AVERAGE    63

..........................................................


THE GLENS FALLS NY CLIMATE NORMALS FOR TODAY
                         NORMAL    RECORD    YEAR
 MAXIMUM TEMPERATURE (F)   81        94      1949
 MINIMUM TEMPERATURE (F)   57        43      1968


SUNRISE AND SUNSET
JULY 30 2017..........SUNRISE   543 AM EDT   SUNSET   819 PM EDT
JULY 31 2017..........SUNRISE   544 AM EDT   SUNSET   817 PM EDT


-  INDICATES NEGATIVE NUMBERS.
R  INDICATES RECORD WAS SET OR TIED.
MM INDICATES DATA IS MISSING.
T  INDICATES TRACE AMOUNT.




$$
