000
CDUS41 KALY 070626
CLIGFL


CLIMATE REPORT
NATIONAL WEATHER SERVICE ALBANY NY
225 AM EDT FRI APR 7 2017


...................................

...THE GLENS FALLS NY CLIMATE SUMMARY FOR APRIL 6 2017...

CLIMATE NORMAL PERIOD 1981 TO 2010
CLIMATE RECORD PERIOD 1949 TO 2017


WEATHER ITEM   OBSERVED TIME   RECORD YEAR NORMAL DEPARTURE LAST
                VALUE   (LST)  VALUE       VALUE  FROM      YEAR
                                                  NORMAL
..................................................................
TEMPERATURE (F)
 YESTERDAY
  MAXIMUM         45   1250 AM  73    1991  52     -7       39
  MINIMUM         40    308 PM  13    1995  29     11       18
  AVERAGE         43                        41      2       29

PRECIPITATION (IN)
  YESTERDAY        0.73          1.03 1958   0.10   0.63      T
  MONTH TO DATE    2.18                      0.57   1.61     0.28
  SINCE MAR 1      4.72                      3.51   1.21     2.56
  SINCE JAN 1      9.41                      8.45   0.96     7.35

DEGREE DAYS
 HEATING
  YESTERDAY       22                        24     -2       36
  MONTH TO DATE  134                       153    -19      187
  SINCE MAR 1   1202                      1196      6     1001
  SINCE JUL 1   5724                      6816  -1092     5181

 COOLING
  YESTERDAY        0                         0      0        0
  MONTH TO DATE    0                         0      0        0
  SINCE MAR 1      0                         0      0        0
  SINCE JAN 1      0                         0      0        0
..................................................................


WIND (MPH)
  HIGHEST WIND SPEED    18   HIGHEST WIND DIRECTION    NE (30)
  HIGHEST GUST SPEED    23   HIGHEST GUST DIRECTION     N (20)
  AVERAGE WIND SPEED     5.8


SKY COVER
  AVERAGE SKY COVER 1.0



RELATIVE HUMIDITY (PERCENT)
 HIGHEST    92           300 PM
 LOWEST     70           600 AM
 AVERAGE    81

..........................................................


THE GLENS FALLS NY CLIMATE NORMALS FOR TODAY
                         NORMAL    RECORD    YEAR
 MAXIMUM TEMPERATURE (F)   53        85      1991
 MINIMUM TEMPERATURE (F)   30         8      2003


SUNRISE AND SUNSET
APRIL  7 2017.........SUNRISE   625 AM EDT   SUNSET   728 PM EDT
APRIL  8 2017.........SUNRISE   624 AM EDT   SUNSET   730 PM EDT


-  INDICATES NEGATIVE NUMBERS.
R  INDICATES RECORD WAS SET OR TIED.
MM INDICATES DATA IS MISSING.
T  INDICATES TRACE AMOUNT.




$$
