000
CDUS41 KALY 052122
CLIGFL


CLIMATE REPORT
NATIONAL WEATHER SERVICE ALBANY NY
521 PM EDT FRI MAY 5 2017


...................................

...THE GLENS FALLS NY CLIMATE SUMMARY FOR MAY 5 2017...
VALID TODAY AS OF 0400 PM LOCAL TIME.

CLIMATE NORMAL PERIOD 1981 TO 2010
CLIMATE RECORD PERIOD 1949 TO 2017


WEATHER ITEM   OBSERVED TIME   RECORD YEAR NORMAL DEPARTURE LAST
                VALUE   (LST)  VALUE       VALUE  FROM      YEAR
                                                  NORMAL
..................................................................
TEMPERATURE (F)
 TODAY
  MAXIMUM         53   1228 AM  87    1949  65    -12       59
  MINIMUM         44    657 AM  24    1974  39      5       47
  AVERAGE         49                        52     -3       53

PRECIPITATION (IN)
  TODAY            0.60          0.80 1989   0.12   0.48     0.00
  MONTH TO DATE    1.85                      0.57   1.28     0.96
  SINCE MAR 1      7.69                      6.51   1.18     4.70
  SINCE JAN 1     12.38                     11.45   0.93     9.49

DEGREE DAYS
 HEATING
  TODAY           16                        13      3       12
  MONTH TO DATE   66                        69     -3       78
  SINCE MAR 1   1578                      1725   -147     1525
  SINCE JUL 1   6100                      7345  -1245     5705

 COOLING
  TODAY            0                         0      0        0
  MONTH TO DATE    0                         0      0        0
  SINCE MAR 1      6                         1      5        0
  SINCE JAN 1      6                         1      5        0
..................................................................


WIND (MPH)
  HIGHEST WIND SPEED    14   HIGHEST WIND DIRECTION     N (20)
  HIGHEST GUST SPEED    17   HIGHEST GUST DIRECTION    NE (30)
  AVERAGE WIND SPEED     3.9


SKY COVER
  AVERAGE SKY COVER 1.0



RELATIVE HUMIDITY (PERCENT)
 HIGHEST    93          1100 AM
 LOWEST     38          1200 AM
 AVERAGE    66

..........................................................


THE GLENS FALLS NY CLIMATE NORMALS FOR TOMORROW
                         NORMAL    RECORD    YEAR
 MAXIMUM TEMPERATURE (F)   65        84      1977
 MINIMUM TEMPERATURE (F)   39        26      1969


SUNRISE AND SUNSET
MAY  5 2017...........SUNRISE   542 AM EDT   SUNSET   801 PM EDT
MAY  6 2017...........SUNRISE   541 AM EDT   SUNSET   802 PM EDT


-  INDICATES NEGATIVE NUMBERS.
R  INDICATES RECORD WAS SET OR TIED.
MM INDICATES DATA IS MISSING.
T  INDICATES TRACE AMOUNT.




$$
