000
CDUS41 KALY 270622
CLIGFL


CLIMATE REPORT
NATIONAL WEATHER SERVICE ALBANY NY
122 AM EST WED JAN 27 2016


...................................

...THE GLENS FALLS NY CLIMATE SUMMARY FOR JANUARY 26 2016...

CLIMATE NORMAL PERIOD 1981 TO 2010
CLIMATE RECORD PERIOD 1949 TO 2016


WEATHER ITEM   OBSERVED TIME   RECORD YEAR NORMAL DEPARTURE LAST
                VALUE   (LST)  VALUE       VALUE  FROM      YEAR
                                                  NORMAL
..................................................................
TEMPERATURE (F)
 YESTERDAY
  MAXIMUM         43    806 PM  57    1950  29     14       19
  MINIMUM         16    554 AM -28    1994   7      9        2
  AVERAGE         30                        18     12       11

PRECIPITATION (IN)
  YESTERDAY        0.02          2.01 1986   0.09  -0.07     0.00
  MONTH TO DATE    1.06                      2.42  -1.36     1.39
  SINCE DEC 1      5.11                      5.47  -0.36     5.47
  SINCE JAN 1      1.06                      2.42  -1.36     1.39

DEGREE DAYS
 HEATING
  YESTERDAY       35                        47    -12       54
  MONTH TO DATE 1065                      1225   -160     1268
  SINCE DEC 1   1888                      2465   -577     2339
  SINCE JUL 1   3179                      4163   -984     3800

 COOLING
  YESTERDAY        0                         0      0        0
  MONTH TO DATE    0                         0      0        0
  SINCE DEC 1      0                         0      0        0
  SINCE JAN 1      0                         0      0        0
..................................................................


WIND (MPH)
  HIGHEST WIND SPEED    16   HIGHEST WIND DIRECTION     W (280)
  HIGHEST GUST SPEED    26   HIGHEST GUST DIRECTION     W (260)
  AVERAGE WIND SPEED     4.6


SKY COVER
  AVERAGE SKY COVER 0.6



RELATIVE HUMIDITY (PERCENT)
 HIGHEST    88           500 AM
 LOWEST     60           900 PM
 AVERAGE    74

..........................................................


THE GLENS FALLS NY CLIMATE NORMALS FOR TODAY
                         NORMAL    RECORD    YEAR
 MAXIMUM TEMPERATURE (F)   29        57      1974
 MINIMUM TEMPERATURE (F)    7       -35      1994


SUNRISE AND SUNSET
JANUARY 27 2016.......SUNRISE   716 AM EST   SUNSET   459 PM EST
JANUARY 28 2016.......SUNRISE   715 AM EST   SUNSET   500 PM EST


-  INDICATES NEGATIVE NUMBERS.
R  INDICATES RECORD WAS SET OR TIED.
MM INDICATES DATA IS MISSING.
T  INDICATES TRACE AMOUNT.




$$
