000
CDUS41 KALY 042058
CLIGFL


CLIMATE REPORT
NATIONAL WEATHER SERVICE ALBANY NY
457 PM EDT SAT NOV 4 2017


...................................

...THE GLENS FALLS NY CLIMATE SUMMARY FOR NOVEMBER 4 2017...
VALID TODAY AS OF 0400 PM LOCAL TIME.

CLIMATE NORMAL PERIOD 1981 TO 2010
CLIMATE RECORD PERIOD 1949 TO 2017


WEATHER ITEM   OBSERVED TIME   RECORD YEAR NORMAL DEPARTURE LAST
                VALUE   (LST)  VALUE       VALUE  FROM      YEAR
                                                  NORMAL
..................................................................
TEMPERATURE (F)
 TODAY
  MAXIMUM         48   1224 PM  73    1990  51     -3       53
  MINIMUM         28    707 AM  18    2013  30     -2       26
  AVERAGE         38                        41     -3       40

PRECIPITATION (IN)
  TODAY            0.00          1.01 1949   0.11  -0.11     0.00
  MONTH TO DATE    0.30                      0.45  -0.15     0.62
  SINCE SEP 1      5.43                      7.34  -1.91     4.77
  SINCE JAN 1     32.56                     33.15  -0.59    25.93

DEGREE DAYS
 HEATING
  TODAY           27                        24      3       25
  MONTH TO DATE   77                        95    -18       80
  SINCE SEP 1    552                       884   -332      642
  SINCE JUL 1    619                       950   -331      648

 COOLING
  TODAY            0                         0      0        0
  MONTH TO DATE    0                         0      0        0
  SINCE SEP 1     74                        25     49       58
  SINCE JAN 1    388                       352     36      643
..................................................................


WIND (MPH)
  HIGHEST WIND SPEED    13   HIGHEST WIND DIRECTION     E (70)
  HIGHEST GUST SPEED    16   HIGHEST GUST DIRECTION     E (90)
  AVERAGE WIND SPEED     5.2


SKY COVER
  AVERAGE SKY COVER 0.0



RELATIVE HUMIDITY (PERCENT)
 HIGHEST   100           400 AM
 LOWEST     60           200 PM
 AVERAGE    80

..........................................................


THE GLENS FALLS NY CLIMATE NORMALS FOR TOMORROW
                         NORMAL    RECORD    YEAR
 MAXIMUM TEMPERATURE (F)   51        70      2015
 MINIMUM TEMPERATURE (F)   30        17      1991


SUNRISE AND SUNSET
NOVEMBER  4 2017......SUNRISE   734 AM EDT   SUNSET   542 PM EDT
NOVEMBER  5 2017......SUNRISE   635 AM EST   SUNSET   440 PM EST


-  INDICATES NEGATIVE NUMBERS.
R  INDICATES RECORD WAS SET OR TIED.
MM INDICATES DATA IS MISSING.
T  INDICATES TRACE AMOUNT.




$$
