000
CDUS41 KALY 172056
CLIGFL


CLIMATE REPORT
NATIONAL WEATHER SERVICE ALBANY NY
456 PM EDT SUN MAY 17 2015


...................................

...THE GLENS FALLS NY CLIMATE SUMMARY FOR MAY 17 2015...
VALID TODAY AS OF 0400 PM LOCAL TIME.

CLIMATE NORMAL PERIOD 1981 TO 2010
CLIMATE RECORD PERIOD 1949 TO 2015


WEATHER ITEM   OBSERVED TIME   RECORD YEAR NORMAL DEPARTURE LAST
                VALUE   (LST)  VALUE       VALUE  FROM      YEAR
                                                  NORMAL
..................................................................
TEMPERATURE (F)
 TODAY
  MAXIMUM         82    324 PM  91    1977  69     13       65
  MINIMUM         51    432 AM  28    1967  43      8       42
  AVERAGE         67                        56     11       54

PRECIPITATION (IN)
  TODAY            0.00          1.03 1990   0.11  -0.11     0.43
  MONTH TO DATE    0.92                      1.95  -1.03     2.08
  SINCE MAR 1      3.57                      7.89  -4.32     7.62
  SINCE JAN 1      5.62                     12.83  -7.21    12.15

DEGREE DAYS
 HEATING
  TODAY            0                        10    -10       11
  MONTH TO DATE   73                       205   -132      133
  SINCE MAR 1   1855                      1861     -6     2037
  SINCE JUL 1   7536                      7481     55     7806

 COOLING
  TODAY            2                         0      2        0
  MONTH TO DATE   35                         0     35       11
  SINCE MAR 1     35                         1     34       11
  SINCE JAN 1     35                         1     34       11
..................................................................


WIND (MPH)
  HIGHEST WIND SPEED    13   HIGHEST WIND DIRECTION     N (10)
  HIGHEST GUST SPEED    17   HIGHEST GUST DIRECTION     N (10)
  AVERAGE WIND SPEED     3.2


SKY COVER
  AVERAGE SKY COVER 0.1



RELATIVE HUMIDITY (PERCENT)
 HIGHEST   100           400 AM
 LOWEST     39           200 PM
 AVERAGE    70

..........................................................


THE GLENS FALLS NY CLIMATE NORMALS FOR TOMORROW
                         NORMAL    RECORD    YEAR
 MAXIMUM TEMPERATURE (F)   69        89      1962
 MINIMUM TEMPERATURE (F)   43        28      1983


SUNRISE AND SUNSET
MAY 17 2015...........SUNRISE   529 AM EDT   SUNSET   814 PM EDT
MAY 18 2015...........SUNRISE   528 AM EDT   SUNSET   815 PM EDT


-  INDICATES NEGATIVE NUMBERS.
R  INDICATES RECORD WAS SET OR TIED.
MM INDICATES DATA IS MISSING.
T  INDICATES TRACE AMOUNT.




$$
