000
CDUS41 KALY 160627
CLIGFL


CLIMATE REPORT
NATIONAL WEATHER SERVICE ALBANY NY
226 AM EDT THU JUL 16 2015


...................................

...THE GLENS FALLS NY CLIMATE SUMMARY FOR JULY 15 2015...

CLIMATE NORMAL PERIOD 1981 TO 2010
CLIMATE RECORD PERIOD 1949 TO 2015


WEATHER ITEM   OBSERVED TIME   RECORD YEAR NORMAL DEPARTURE LAST
                VALUE   (LST)  VALUE       VALUE  FROM      YEAR
                                                  NORMAL
..................................................................
TEMPERATURE (F)
 YESTERDAY
  MAXIMUM         73   1204 AM  94    1983  81     -8       79
  MINIMUM         53   1159 PM  45    2009  57     -4       65
  AVERAGE         63                        69     -6       72

PRECIPITATION (IN)
  YESTERDAY        T             1.91 1996   0.12  -0.12     0.14
  MONTH TO DATE    0.56                      1.91  -1.35     3.68
  SINCE JUN 1      6.78                      5.46   1.32     8.08
  SINCE JAN 1     14.09                     19.95  -5.86    21.19

DEGREE DAYS
 HEATING
  YESTERDAY        2                         1      1        0
  MONTH TO DATE    8                        15     -7        0
  SINCE JUN 1     87                       105    -18       32
  SINCE JUL 1      8                        15     -7        0

 COOLING
  YESTERDAY        0                         5     -5        7
  MONTH TO DATE   66                        67     -1      105
  SINCE JUN 1    132                       136     -4      179
  SINCE JAN 1    208                       148     60      199
..................................................................


WIND (MPH)
  HIGHEST WIND SPEED    24   HIGHEST WIND DIRECTION    NE (40)
  HIGHEST GUST SPEED    30   HIGHEST GUST DIRECTION    NE (30)
  AVERAGE WIND SPEED     9.5


SKY COVER
  AVERAGE SKY COVER 0.5



RELATIVE HUMIDITY (PERCENT)
 HIGHEST    93          1100 PM
 LOWEST     44           300 PM
 AVERAGE    69

..........................................................


THE GLENS FALLS NY CLIMATE NORMALS FOR TODAY
                         NORMAL    RECORD    YEAR
 MAXIMUM TEMPERATURE (F)   81        95      1983
 MINIMUM TEMPERATURE (F)   57        43      1966


SUNRISE AND SUNSET
JULY 16 2015..........SUNRISE   528 AM EDT   SUNSET   832 PM EDT
JULY 17 2015..........SUNRISE   529 AM EDT   SUNSET   831 PM EDT


-  INDICATES NEGATIVE NUMBERS.
R  INDICATES RECORD WAS SET OR TIED.
MM INDICATES DATA IS MISSING.
T  INDICATES TRACE AMOUNT.




$$
