000
CDUS41 KALY 100629
CLIGFL


CLIMATE REPORT
NATIONAL WEATHER SERVICE ALBANY NY
229 AM EDT WED SEP 10 2014


...................................

...THE GLENS FALLS NY CLIMATE SUMMARY FOR SEPTEMBER 9 2014...

CLIMATE NORMAL PERIOD 1981 TO 2010
CLIMATE RECORD PERIOD 1949 TO 2014


WEATHER ITEM   OBSERVED TIME   RECORD YEAR NORMAL DEPARTURE LAST
                VALUE   (LST)  VALUE       VALUE  FROM      YEAR
                                                  NORMAL
..................................................................
TEMPERATURE (F)
 YESTERDAY
  MAXIMUM         74    332 PM  92    1959  73      1       67
  MINIMUM         45    600 AM  36    1980  49     -4       37
  AVERAGE         60                        61     -1       52

PRECIPITATION (IN)
  YESTERDAY        0.00          1.53 1987   0.11  -0.11     0.00
  MONTH TO DATE    0.56                      0.92  -0.36     1.03
  SINCE SEP 1      0.56                      0.92  -0.36     1.03
  SINCE JAN 1     26.60                     26.73  -0.13    26.30

DEGREE DAYS
 HEATING
  YESTERDAY        5                         5      0       13
  MONTH TO DATE    7                        36    -29       49
  SINCE SEP 1      7                        36    -29       49
  SINCE JUL 1     22                       102    -80       87

 COOLING
  YESTERDAY        0                         1     -1        0
  MONTH TO DATE   43                        14     29       22
  SINCE SEP 1     43                        14     29       22
  SINCE JAN 1    381                       341     40      516
..................................................................


WIND (MPH)
  HIGHEST WIND SPEED    14   HIGHEST WIND DIRECTION    SE (150)
  HIGHEST GUST SPEED    16   HIGHEST GUST DIRECTION     S (160)
  AVERAGE WIND SPEED     2.3


SKY COVER
  AVERAGE SKY COVER 0.2



RELATIVE HUMIDITY (PERCENT)
 HIGHEST    96          1200 AM
 LOWEST     44           300 PM
 AVERAGE    70

..........................................................


THE GLENS FALLS NY CLIMATE NORMALS FOR TODAY
                         NORMAL    RECORD    YEAR
 MAXIMUM TEMPERATURE (F)   73        91      2002
 MINIMUM TEMPERATURE (F)   49        33      1978


SUNRISE AND SUNSET
SEPTEMBER 10 2014.....SUNRISE   628 AM EDT   SUNSET   714 PM EDT
SEPTEMBER 11 2014.....SUNRISE   629 AM EDT   SUNSET   712 PM EDT


-  INDICATES NEGATIVE NUMBERS.
R  INDICATES RECORD WAS SET OR TIED.
MM INDICATES DATA IS MISSING.
T  INDICATES TRACE AMOUNT.




$$
