000
CDUS41 KALY 060624
CLIGFL


CLIMATE REPORT
NATIONAL WEATHER SERVICE ALBANY NY
223 AM EDT WED JUL 6 2016


...................................

...THE GLENS FALLS NY CLIMATE SUMMARY FOR JULY 5 2016...

CLIMATE NORMAL PERIOD 1981 TO 2010
CLIMATE RECORD PERIOD 1949 TO 2016


WEATHER ITEM   OBSERVED TIME   RECORD YEAR NORMAL DEPARTURE LAST
                VALUE   (LST)  VALUE       VALUE  FROM      YEAR
                                                  NORMAL
..................................................................
TEMPERATURE (F)
 YESTERDAY
  MAXIMUM         89    454 PM  94    1999  81      8       80
  MINIMUM         60    140 AM  44    1982  56      4       59
  AVERAGE         75                        68      7       70

PRECIPITATION (IN)
  YESTERDAY        0.00          0.88 1950   0.13  -0.13     0.00
  MONTH TO DATE    0.64                      0.62   0.02     0.26
  SINCE JUN 1      3.75                      4.17  -0.42     6.48
  SINCE JAN 1     15.37                     18.66  -3.29    13.79

DEGREE DAYS
 HEATING
  YESTERDAY        0                         1     -1        0
  MONTH TO DATE    0                         5     -5        6
  SINCE JUN 1     44                        95    -51       85
  SINCE JUL 1      0                         5     -5        6

 COOLING
  YESTERDAY       10                         4      6        5
  MONTH TO DATE   16                        20     -4       10
  SINCE JUN 1    119                        89     30       76
  SINCE JAN 1    175                       101     74      152
..................................................................


WIND (MPH)
  HIGHEST WIND SPEED    13   HIGHEST WIND DIRECTION     W (280)
  HIGHEST GUST SPEED    18   HIGHEST GUST DIRECTION     W (260)
  AVERAGE WIND SPEED     3.6


SKY COVER
  AVERAGE SKY COVER 0.4



RELATIVE HUMIDITY (PERCENT)
 HIGHEST    84           100 AM
 LOWEST     42           200 PM
 AVERAGE    63

..........................................................


THE GLENS FALLS NY CLIMATE NORMALS FOR TODAY
                         NORMAL    RECORD    YEAR
 MAXIMUM TEMPERATURE (F)   81        94      2010
 MINIMUM TEMPERATURE (F)   56        43      1979


SUNRISE AND SUNSET
JULY  6 2016..........SUNRISE   521 AM EDT   SUNSET   837 PM EDT
JULY  7 2016..........SUNRISE   522 AM EDT   SUNSET   837 PM EDT


-  INDICATES NEGATIVE NUMBERS.
R  INDICATES RECORD WAS SET OR TIED.
MM INDICATES DATA IS MISSING.
T  INDICATES TRACE AMOUNT.




$$
