000
CDUS41 KALY 210624
CLIGFL


CLIMATE REPORT
NATIONAL WEATHER SERVICE ALBANY NY
224 AM EDT SUN JUN 21 2015


...................................

...THE GLENS FALLS NY CLIMATE SUMMARY FOR JUNE 20 2015...

CLIMATE NORMAL PERIOD 1981 TO 2010
CLIMATE RECORD PERIOD 1949 TO 2015


WEATHER ITEM   OBSERVED TIME   RECORD YEAR NORMAL DEPARTURE LAST
                VALUE   (LST)  VALUE       VALUE  FROM      YEAR
                                                  NORMAL
..................................................................
TEMPERATURE (F)
 YESTERDAY
  MAXIMUM         78    338 PM  95    2012  78      0       71
  MINIMUM         46    408 AM  39    2004  53     -7       49
  AVERAGE         62                        66     -4       60

PRECIPITATION (IN)
  YESTERDAY        0.08          1.02 1993   0.12  -0.04     0.00
  MONTH TO DATE    3.87                      2.36   1.51     3.61
  SINCE JUN 1      3.87                      2.36   1.51     3.61
  SINCE JAN 1     11.18                     16.85  -5.67    16.72

DEGREE DAYS
 HEATING
  YESTERDAY        3                         2      1        5
  MONTH TO DATE   70                        75     -5       23
  SINCE JUN 1     70                        75     -5       23
  SINCE JUL 1   7667                      7661      6     7920

 COOLING
  YESTERDAY        0                         3     -3        0
  MONTH TO DATE   34                        36     -2       34
  SINCE JUN 1     34                        36     -2       34
  SINCE JAN 1    110                        48     62       54
..................................................................


WIND (MPH)
  HIGHEST WIND SPEED    18   HIGHEST WIND DIRECTION     S (200)
  HIGHEST GUST SPEED    27   HIGHEST GUST DIRECTION     S (200)
  AVERAGE WIND SPEED     6.2


SKY COVER
  AVERAGE SKY COVER 0.3



RELATIVE HUMIDITY (PERCENT)
 HIGHEST    93           100 AM
 LOWEST     47          1100 AM
 AVERAGE    70

..........................................................


THE GLENS FALLS NY CLIMATE NORMALS FOR TODAY
                         NORMAL    RECORD    YEAR
 MAXIMUM TEMPERATURE (F)   78        96      2012
 MINIMUM TEMPERATURE (F)   54        43      2004


SUNRISE AND SUNSET
JUNE 21 2015..........SUNRISE   514 AM EDT   SUNSET   838 PM EDT
JUNE 22 2015..........SUNRISE   514 AM EDT   SUNSET   839 PM EDT


-  INDICATES NEGATIVE NUMBERS.
R  INDICATES RECORD WAS SET OR TIED.
MM INDICATES DATA IS MISSING.
T  INDICATES TRACE AMOUNT.




$$
