063
CDUS41 KALY 150636
CLIGFL


CLIMATE REPORT
NATIONAL WEATHER SERVICE ALBANY NY
234 AM EDT WED MAR 15 2017


...................................

...THE GLENS FALLS NY CLIMATE SUMMARY FOR MARCH 14 2017...

CLIMATE NORMAL PERIOD 1981 TO 2010
CLIMATE RECORD PERIOD 1949 TO 2017


WEATHER ITEM   OBSERVED TIME   RECORD YEAR NORMAL DEPARTURE LAST
                VALUE   (LST)  VALUE       VALUE  FROM      YEAR
                                                  NORMAL
..................................................................
TEMPERATURE (F)
 YESTERDAY
  MAXIMUM         24    532 PM  69    1990  41    -17       42
  MINIMUM         14   1211 AM  -9    2014  19     -5       35
  AVERAGE         19                        30    -11       39

PRECIPITATION (IN)
  YESTERDAY        0.37          1.15 1997   0.10   0.27     0.39
  MONTH TO DATE    0.66                      1.29  -0.63     0.99
  SINCE MAR 1      0.66                      1.29  -0.63     0.99
  SINCE JAN 1      5.35                      6.23  -0.88     5.78

DEGREE DAYS
 HEATING
  YESTERDAY       46                        35     11       26
  MONTH TO DATE  481                       521    -40      409
  SINCE MAR 1    481                       521    -40      409
  SINCE JUL 1   5003                      6141  -1138     4589

 COOLING
  YESTERDAY        0                         0      0        0
  MONTH TO DATE    0                         0      0        0
  SINCE MAR 1      0                         0      0        0
  SINCE JAN 1      0                         0      0        0
..................................................................


WIND (MPH)
  HIGHEST WIND SPEED    26   HIGHEST WIND DIRECTION     N (360)
  HIGHEST GUST SPEED    51   HIGHEST GUST DIRECTION     N (10)
  AVERAGE WIND SPEED    11.8


SKY COVER
  AVERAGE SKY COVER 0.9



RELATIVE HUMIDITY (PERCENT)
 HIGHEST    88           300 PM
 LOWEST     51           400 AM
 AVERAGE    70

..........................................................


THE GLENS FALLS NY CLIMATE NORMALS FOR TODAY
                         NORMAL    RECORD    YEAR
 MAXIMUM TEMPERATURE (F)   42        71      1990
 MINIMUM TEMPERATURE (F)   20       -10      1993


SUNRISE AND SUNSET
MARCH 15 2017.........SUNRISE   706 AM EDT   SUNSET   701 PM EDT
MARCH 16 2017.........SUNRISE   704 AM EDT   SUNSET   702 PM EDT


-  INDICATES NEGATIVE NUMBERS.
R  INDICATES RECORD WAS SET OR TIED.
MM INDICATES DATA IS MISSING.
T  INDICATES TRACE AMOUNT.




$$
