000
CDUS41 KALY 100625
CLIGFL


CLIMATE REPORT
NATIONAL WEATHER SERVICE ALBANY NY
224 AM EDT THU JUL 10 2014


...................................

...THE GLENS FALLS NY CLIMATE SUMMARY FOR JULY 9 2014...

CLIMATE NORMAL PERIOD 1981 TO 2010
CLIMATE RECORD PERIOD 1949 TO 2014


WEATHER ITEM   OBSERVED TIME   RECORD YEAR NORMAL DEPARTURE LAST
                VALUE   (LST)  VALUE       VALUE  FROM      YEAR
                                                  NORMAL
..................................................................
TEMPERATURE (F)
 YESTERDAY
  MAXIMUM         81    111 PM  94    1993  81      0       85
  MINIMUM         63   1159 PM  43    1963  57      6       64
  AVERAGE         72                        69      3       75

PRECIPITATION (IN)
  YESTERDAY        0.05          1.32 2005   0.14  -0.09     0.00
  MONTH TO DATE    3.06                      1.13   1.93     1.84
  SINCE JUN 1      7.46                      4.68   2.78     7.53
  SINCE JAN 1     20.57                     19.17   1.40    19.46

DEGREE DAYS
 HEATING
  YESTERDAY        0                         1     -1        0
  MONTH TO DATE    0                         9     -9        0
  SINCE JUN 1     32                        99    -67       89
  SINCE JUL 1      0                         9     -9        0

 COOLING
  YESTERDAY        7                         5      2       10
  MONTH TO DATE   75                        37     38      100
  SINCE JUN 1    149                       106     43      200
  SINCE JAN 1    169                       118     51      233
..................................................................


WIND (MPH)
  HIGHEST WIND SPEED    20   HIGHEST WIND DIRECTION    NW (300)
  HIGHEST GUST SPEED    30   HIGHEST GUST DIRECTION     W (290)
  AVERAGE WIND SPEED     7.5


SKY COVER
  AVERAGE SKY COVER 0.4



RELATIVE HUMIDITY (PERCENT)
 HIGHEST   100           100 AM
 LOWEST     54          1200 PM
 AVERAGE    77

..........................................................


THE GLENS FALLS NY CLIMATE NORMALS FOR TODAY
                         NORMAL    RECORD    YEAR
 MAXIMUM TEMPERATURE (F)   81       100      1988
 MINIMUM TEMPERATURE (F)   57        47      1991


SUNRISE AND SUNSET
JULY 10 2014..........SUNRISE   524 AM EDT   SUNSET   836 PM EDT
JULY 11 2014..........SUNRISE   524 AM EDT   SUNSET   835 PM EDT


-  INDICATES NEGATIVE NUMBERS.
R  INDICATES RECORD WAS SET OR TIED.
MM INDICATES DATA IS MISSING.
T  INDICATES TRACE AMOUNT.




$$
