000
CDUS41 KALY 110623
CLIGFL


CLIMATE REPORT
NATIONAL WEATHER SERVICE ALBANY NY
222 AM EDT TUE APR 11 2017


...................................

...THE GLENS FALLS NY CLIMATE SUMMARY FOR APRIL 10 2017...

CLIMATE NORMAL PERIOD 1981 TO 2010
CLIMATE RECORD PERIOD 1949 TO 2017


WEATHER ITEM   OBSERVED TIME   RECORD YEAR NORMAL DEPARTURE LAST
                VALUE   (LST)  VALUE       VALUE  FROM      YEAR
                                                  NORMAL
..................................................................
TEMPERATURE (F)
 YESTERDAY
  MAXIMUM         79R   500 PM  71    1955  54     25       46
  MINIMUM         38    545 AM  15    1985  31      7       25
  AVERAGE         59                        42     17       36

PRECIPITATION (IN)
  YESTERDAY        0.00          1.17 1983   0.10  -0.10     0.00
  MONTH TO DATE    2.23                      0.97   1.26     0.56
  SINCE MAR 1      4.77                      3.91   0.86     2.84
  SINCE JAN 1      9.46                      8.85   0.61     7.63

DEGREE DAYS
 HEATING
  YESTERDAY        6                        23    -17       29
  MONTH TO DATE  205                       246    -41      292
  SINCE MAR 1   1273                      1289    -16     1106
  SINCE JUL 1   5795                      6909  -1114     5286

 COOLING
  YESTERDAY        0                         0      0        0
  MONTH TO DATE    0                         0      0        0
  SINCE MAR 1      0                         0      0        0
  SINCE JAN 1      0                         0      0        0
..................................................................


WIND (MPH)
  HIGHEST WIND SPEED    18   HIGHEST WIND DIRECTION     S (200)
  HIGHEST GUST SPEED    25   HIGHEST GUST DIRECTION     S (160)
  AVERAGE WIND SPEED     7.1


SKY COVER
  AVERAGE SKY COVER 0.0



RELATIVE HUMIDITY (PERCENT)
 HIGHEST    82           500 AM
 LOWEST     21           300 PM
 AVERAGE    52

..........................................................


THE GLENS FALLS NY CLIMATE NORMALS FOR TODAY
                         NORMAL    RECORD    YEAR
 MAXIMUM TEMPERATURE (F)   55        79      2011
 MINIMUM TEMPERATURE (F)   31         9      1974


SUNRISE AND SUNSET
APRIL 11 2017.........SUNRISE   619 AM EDT   SUNSET   733 PM EDT
APRIL 12 2017.........SUNRISE   617 AM EDT   SUNSET   734 PM EDT


-  INDICATES NEGATIVE NUMBERS.
R  INDICATES RECORD WAS SET OR TIED.
MM INDICATES DATA IS MISSING.
T  INDICATES TRACE AMOUNT.




$$
