000
CDUS41 KALY 090628
CLIGFL


CLIMATE REPORT
NATIONAL WEATHER SERVICE ALBANY NY
228 AM EDT SAT AUG 9 2014


...................................

...THE GLENS FALLS NY CLIMATE SUMMARY FOR AUGUST 8 2014...

CLIMATE NORMAL PERIOD 1981 TO 2010
CLIMATE RECORD PERIOD 1949 TO 2014


WEATHER ITEM   OBSERVED TIME   RECORD YEAR NORMAL DEPARTURE LAST
                VALUE   (LST)  VALUE       VALUE  FROM      YEAR
                                                  NORMAL
..................................................................
TEMPERATURE (F)
 YESTERDAY
  MAXIMUM         78    117 PM  94    2001  80     -2       83
  MINIMUM         52    519 AM  44    2009  56     -4       69
  AVERAGE         65                        68     -3       76

PRECIPITATION (IN)
  YESTERDAY        0.00          1.48 1975   0.12  -0.12     0.01
  MONTH TO DATE    0.24                      1.05  -0.81     0.63
  SINCE JUN 1     10.34                      8.69   1.65    11.05
  SINCE JAN 1     23.45                     23.18   0.27    22.98

DEGREE DAYS
 HEATING
  YESTERDAY        0                         1     -1        0
  MONTH TO DATE    0                         8     -8        9
  SINCE JUN 1     33                       119    -86      103
  SINCE JUL 1      1                        29    -28       14

 COOLING
  YESTERDAY        0                         4     -4       11
  MONTH TO DATE   35                        32      3       23
  SINCE JUN 1    268                       240     28      386
  SINCE JAN 1    288                       252     36      419
..................................................................


WIND (MPH)
  HIGHEST WIND SPEED    12   HIGHEST WIND DIRECTION    NE (40)
  HIGHEST GUST SPEED    13   HIGHEST GUST DIRECTION    NE (40)
  AVERAGE WIND SPEED     1.7


SKY COVER
  AVERAGE SKY COVER 0.3



RELATIVE HUMIDITY (PERCENT)
 HIGHEST   100           500 AM
 LOWEST     50          1200 PM
 AVERAGE    75

..........................................................


THE GLENS FALLS NY CLIMATE NORMALS FOR TODAY
                         NORMAL    RECORD    YEAR
 MAXIMUM TEMPERATURE (F)   80        98      1949
 MINIMUM TEMPERATURE (F)   56        43      2004


SUNRISE AND SUNSET
AUGUST  9 2014........SUNRISE   553 AM EDT   SUNSET   806 PM EDT
AUGUST 10 2014........SUNRISE   554 AM EDT   SUNSET   805 PM EDT


-  INDICATES NEGATIVE NUMBERS.
R  INDICATES RECORD WAS SET OR TIED.
MM INDICATES DATA IS MISSING.
T  INDICATES TRACE AMOUNT.




$$
