000
CDUS41 KALY 020623
CLIGFL


CLIMATE REPORT
NATIONAL WEATHER SERVICE ALBANY NY
222 AM EDT THU NOV 2 2017


...................................

...THE GLENS FALLS NY CLIMATE SUMMARY FOR NOVEMBER 1 2017...

CLIMATE NORMAL PERIOD 1981 TO 2010
CLIMATE RECORD PERIOD 1949 TO 2017


WEATHER ITEM   OBSERVED TIME   RECORD YEAR NORMAL DEPARTURE LAST
                VALUE   (LST)  VALUE       VALUE  FROM      YEAR
                                                  NORMAL
..................................................................
TEMPERATURE (F)
 YESTERDAY
  MAXIMUM         47    325 PM  78    1974  52     -5       54
  MINIMUM         33    612 AM  19    1968  31      2       22
  AVERAGE         40                        42     -2       38

PRECIPITATION (IN)
  YESTERDAY        0.10          1.25 1994   0.11  -0.01     0.00
  MONTH TO DATE    0.10                      0.11  -0.01     0.00
  SINCE SEP 1      5.23                      7.00  -1.77     4.15
  SINCE JAN 1     32.36                     32.81  -0.45    25.31

DEGREE DAYS
 HEATING
  YESTERDAY       25                        23      2       27
  MONTH TO DATE   25                        23      2       27
  SINCE SEP 1    500                       812   -312      589
  SINCE JUL 1    567                       878   -311      595

 COOLING
  YESTERDAY        0                         0      0        0
  MONTH TO DATE    0                         0      0        0
  SINCE SEP 1     74                        25     49       58
  SINCE JAN 1    388                       352     36      643
..................................................................


WIND (MPH)
  HIGHEST WIND SPEED    12   HIGHEST WIND DIRECTION     S (190)
  HIGHEST GUST SPEED    17   HIGHEST GUST DIRECTION    SW (230)
  AVERAGE WIND SPEED     2.9


SKY COVER
  AVERAGE SKY COVER 0.7



RELATIVE HUMIDITY (PERCENT)
 HIGHEST    96           500 AM
 LOWEST     60          1200 PM
 AVERAGE    78

..........................................................


THE GLENS FALLS NY CLIMATE NORMALS FOR TODAY
                         NORMAL    RECORD    YEAR
 MAXIMUM TEMPERATURE (F)   52        78      1982
 MINIMUM TEMPERATURE (F)   31        14      2002


SUNRISE AND SUNSET
NOVEMBER  2 2017......SUNRISE   731 AM EDT   SUNSET   544 PM EDT
NOVEMBER  3 2017......SUNRISE   732 AM EDT   SUNSET   543 PM EDT


-  INDICATES NEGATIVE NUMBERS.
R  INDICATES RECORD WAS SET OR TIED.
MM INDICATES DATA IS MISSING.
T  INDICATES TRACE AMOUNT.




$$
