000
CDUS41 KALY 080624
CLIGFL


CLIMATE REPORT
NATIONAL WEATHER SERVICE ALBANY NY
223 AM EDT MON MAY 8 2017


...................................

...THE GLENS FALLS NY CLIMATE SUMMARY FOR MAY 7 2017...

CLIMATE NORMAL PERIOD 1981 TO 2010
CLIMATE RECORD PERIOD 1949 TO 2017


WEATHER ITEM   OBSERVED TIME   RECORD YEAR NORMAL DEPARTURE LAST
                VALUE   (LST)  VALUE       VALUE  FROM      YEAR
                                                  NORMAL
..................................................................
TEMPERATURE (F)
 YESTERDAY
  MAXIMUM         56   1259 PM  88    2000  66    -10       68
  MINIMUM         43   1159 PM  25    1967  40      3       47
  AVERAGE         50                        53     -3       58

PRECIPITATION (IN)
  YESTERDAY        0.01          1.03 1989   0.11  -0.10      T
  MONTH TO DATE    2.36                      0.80   1.56     1.20
  SINCE MAR 1      8.20                      6.74   1.46     4.94
  SINCE JAN 1     12.89                     11.68   1.21     9.73

DEGREE DAYS
 HEATING
  YESTERDAY       15                        13      2        7
  MONTH TO DATE   86                        95     -9       94
  SINCE MAR 1   1598                      1751   -153     1541
  SINCE JUL 1   6120                      7371  -1251     5721

 COOLING
  YESTERDAY        0                         0      0        0
  MONTH TO DATE    0                         0      0        0
  SINCE MAR 1      6                         1      5        0
  SINCE JAN 1      6                         1      5        0
..................................................................


WIND (MPH)
  HIGHEST WIND SPEED    18   HIGHEST WIND DIRECTION    SW (220)
  HIGHEST GUST SPEED    23   HIGHEST GUST DIRECTION    SW (220)
  AVERAGE WIND SPEED     8.1


SKY COVER
  AVERAGE SKY COVER 1.0



RELATIVE HUMIDITY (PERCENT)
 HIGHEST    93          1200 AM
 LOWEST     50           200 PM
 AVERAGE    72

..........................................................


THE GLENS FALLS NY CLIMATE NORMALS FOR TODAY
                         NORMAL    RECORD    YEAR
 MAXIMUM TEMPERATURE (F)   66        88      2015
 MINIMUM TEMPERATURE (F)   40        27      1968


SUNRISE AND SUNSET
MAY  8 2017...........SUNRISE   538 AM EDT   SUNSET   804 PM EDT
MAY  9 2017...........SUNRISE   537 AM EDT   SUNSET   806 PM EDT


-  INDICATES NEGATIVE NUMBERS.
R  INDICATES RECORD WAS SET OR TIED.
MM INDICATES DATA IS MISSING.
T  INDICATES TRACE AMOUNT.




$$
