136
CDUS41 KALY 090626
CLIGFL


CLIMATE REPORT
NATIONAL WEATHER SERVICE ALBANY NY
225 AM EDT SUN JUL 9 2017


...................................

...THE GLENS FALLS NY CLIMATE SUMMARY FOR JULY 8 2017...

CLIMATE NORMAL PERIOD 1981 TO 2010
CLIMATE RECORD PERIOD 1949 TO 2017


WEATHER ITEM   OBSERVED TIME   RECORD YEAR NORMAL DEPARTURE LAST
                VALUE   (LST)  VALUE       VALUE  FROM      YEAR
                                                  NORMAL
..................................................................
TEMPERATURE (F)
 YESTERDAY
  MAXIMUM         79    250 PM  96    1988  81     -2       81
  MINIMUM         61   1000 PM  46    2000  56      5       67
  AVERAGE         70                        69      1       74

PRECIPITATION (IN)
  YESTERDAY        0.03          0.87 2016   0.13  -0.10     0.87
  MONTH TO DATE    3.37                      0.99   2.38     1.51
  SINCE JUN 1      7.11                      4.54   2.57     4.62
  SINCE JAN 1     23.45                     19.03   4.42    16.24

DEGREE DAYS
 HEATING
  YESTERDAY        0                         1     -1        0
  MONTH TO DATE    0                         8     -8        0
  SINCE JUN 1     93                        98     -5       44
  SINCE JUL 1      0                         8     -8        0

 COOLING
  YESTERDAY        5                         4      1        9
  MONTH TO DATE   37                        32      5       49
  SINCE JUN 1    125                       101     24      152
  SINCE JAN 1    146                       113     33      208
..................................................................


WIND (MPH)
  HIGHEST WIND SPEED    22   HIGHEST WIND DIRECTION     N (350)
  HIGHEST GUST SPEED    29   HIGHEST GUST DIRECTION     N (10)
  AVERAGE WIND SPEED     6.1


SKY COVER
  AVERAGE SKY COVER 0.6



RELATIVE HUMIDITY (PERCENT)
 HIGHEST   100           200 AM
 LOWEST     54           200 PM
 AVERAGE    77

..........................................................


THE GLENS FALLS NY CLIMATE NORMALS FOR TODAY
                         NORMAL    RECORD    YEAR
 MAXIMUM TEMPERATURE (F)   81        94      1993
 MINIMUM TEMPERATURE (F)   57        43      1963


SUNRISE AND SUNSET
JULY  9 2017..........SUNRISE   523 AM EDT   SUNSET   836 PM EDT
JULY 10 2017..........SUNRISE   524 AM EDT   SUNSET   835 PM EDT


-  INDICATES NEGATIVE NUMBERS.
R  INDICATES RECORD WAS SET OR TIED.
MM INDICATES DATA IS MISSING.
T  INDICATES TRACE AMOUNT.




$$
