000
CDUS41 KALY 040626
CLIGFL


CLIMATE REPORT
NATIONAL WEATHER SERVICE ALBANY NY
125 AM EST TUE NOV 4 2014


...................................

...THE GLENS FALLS NY CLIMATE SUMMARY FOR NOVEMBER 3 2014...

CLIMATE NORMAL PERIOD 1981 TO 2010
CLIMATE RECORD PERIOD 1949 TO 2014


WEATHER ITEM   OBSERVED TIME   RECORD YEAR NORMAL DEPARTURE LAST
                VALUE   (LST)  VALUE       VALUE  FROM      YEAR
                                                  NORMAL
..................................................................
TEMPERATURE (F)
 YESTERDAY
  MAXIMUM         52    314 PM  75    1990  52      0       40
  MINIMUM         29    429 AM  16    1980  31     -2       23
  AVERAGE         41                        41      0       32

PRECIPITATION (IN)
  YESTERDAY        0.00          1.21 1954   0.11  -0.11     0.00
  MONTH TO DATE    0.01                      0.34  -0.33     0.77
  SINCE SEP 1      4.43                      7.23  -2.80     5.41
  SINCE JAN 1     30.47                     33.04  -2.57    30.68

DEGREE DAYS
 HEATING
  YESTERDAY       24                        24      0       33
  MONTH TO DATE   70                        71     -1       58
  SINCE SEP 1    652                       860   -208      789
  SINCE JUL 1    667                       926   -259      827

 COOLING
  YESTERDAY        0                         0      0        0
  MONTH TO DATE    0                         0      0        0
  SINCE SEP 1     54                        25     29       43
  SINCE JAN 1    392                       352     40      537
..................................................................


WIND (MPH)
  HIGHEST WIND SPEED    15   HIGHEST WIND DIRECTION    NW (310)
  HIGHEST GUST SPEED    22   HIGHEST GUST DIRECTION    NW (300)
  AVERAGE WIND SPEED     2.5


SKY COVER
  AVERAGE SKY COVER 0.3



RELATIVE HUMIDITY (PERCENT)
 HIGHEST    85          1100 PM
 LOWEST     34          1200 PM
 AVERAGE    60

..........................................................


THE GLENS FALLS NY CLIMATE NORMALS FOR TODAY
                         NORMAL    RECORD    YEAR
 MAXIMUM TEMPERATURE (F)   51        73      1990
 MINIMUM TEMPERATURE (F)   30        18      2013


SUNRISE AND SUNSET
NOVEMBER  4 2014......SUNRISE   633 AM EST   SUNSET   442 PM EST
NOVEMBER  5 2014......SUNRISE   635 AM EST   SUNSET   441 PM EST


-  INDICATES NEGATIVE NUMBERS.
R  INDICATES RECORD WAS SET OR TIED.
MM INDICATES DATA IS MISSING.
T  INDICATES TRACE AMOUNT.




$$
