425
CDUS41 KALY 052055
CLIGFL


CLIMATE REPORT
NATIONAL WEATHER SERVICE ALBANY NY
455 PM EDT SAT AUG 5 2017


...................................

...THE GLENS FALLS NY CLIMATE SUMMARY FOR AUGUST 5 2017...
VALID TODAY AS OF 0400 PM LOCAL TIME.

CLIMATE NORMAL PERIOD 1981 TO 2010
CLIMATE RECORD PERIOD 1949 TO 2017


WEATHER ITEM   OBSERVED TIME   RECORD YEAR NORMAL DEPARTURE LAST
                VALUE   (LST)  VALUE       VALUE  FROM      YEAR
                                                  NORMAL
..................................................................
TEMPERATURE (F)
 TODAY
  MAXIMUM         78    259 PM  96    1955  80     -2       86
  MINIMUM         65   1010 AM  42    1972  57      8       60
  AVERAGE         72                        68      4       73

PRECIPITATION (IN)
  TODAY            0.65          1.11 2003   0.13   0.52     0.00
  MONTH TO DATE    0.65                      0.67  -0.02     1.08
  SINCE JUN 1      9.93                      8.31   1.62     7.92
  SINCE JAN 1     26.27                     22.80   3.47    19.54

DEGREE DAYS
 HEATING
  TODAY            0                         1     -1        0
  MONTH TO DATE    0                         5     -5        0
  SINCE JUN 1    105                       116    -11       44
  SINCE JUL 1     12                        26    -14        0

 COOLING
  TODAY            7                         4      3        8
  MONTH TO DATE   38                        20     18       29
  SINCE JUN 1    250                       228     22      347
  SINCE JAN 1    271                       240     31      403
..................................................................


WIND (MPH)
  HIGHEST WIND SPEED    17   HIGHEST WIND DIRECTION    SW (210)
  HIGHEST GUST SPEED    22   HIGHEST GUST DIRECTION    SW (240)
  AVERAGE WIND SPEED     8.6


SKY COVER
  AVERAGE SKY COVER 0.8



RELATIVE HUMIDITY (PERCENT)
 HIGHEST    90           600 AM
 LOWEST     48           300 PM
 AVERAGE    69

..........................................................


THE GLENS FALLS NY CLIMATE NORMALS FOR TOMORROW
                         NORMAL    RECORD    YEAR
 MAXIMUM TEMPERATURE (F)   80        90      1955
 MINIMUM TEMPERATURE (F)   57        44      1951


SUNRISE AND SUNSET
AUGUST  5 2017........SUNRISE   549 AM EDT   SUNSET   811 PM EDT
AUGUST  6 2017........SUNRISE   550 AM EDT   SUNSET   810 PM EDT


-  INDICATES NEGATIVE NUMBERS.
R  INDICATES RECORD WAS SET OR TIED.
MM INDICATES DATA IS MISSING.
T  INDICATES TRACE AMOUNT.




$$
