000
CDUS41 KALY 240622
CLIGFL


CLIMATE REPORT
NATIONAL WEATHER SERVICE ALBANY NY
121 AM EST SUN JAN 24 2016


...................................

...THE GLENS FALLS NY CLIMATE SUMMARY FOR JANUARY 23 2016...

CLIMATE NORMAL PERIOD 1981 TO 2010
CLIMATE RECORD PERIOD 1949 TO 2016


WEATHER ITEM   OBSERVED TIME   RECORD YEAR NORMAL DEPARTURE LAST
                VALUE   (LST)  VALUE       VALUE  FROM      YEAR
                                                  NORMAL
..................................................................
TEMPERATURE (F)
 YESTERDAY
  MAXIMUM         26    210 PM  52    1957  29     -3       30
  MINIMUM         10   1154 PM -32    1976   7      3        4
  AVERAGE         18                        18      0       17

PRECIPITATION (IN)
  YESTERDAY        0.00          1.66 1983   0.10  -0.10     0.00
  MONTH TO DATE    1.04                      2.14  -1.10     1.39
  SINCE DEC 1      5.09                      5.19  -0.10     5.47
  SINCE JAN 1      1.04                      2.14  -1.10     1.39

DEGREE DAYS
 HEATING
  YESTERDAY       47                        48     -1       48
  MONTH TO DATE  935                      1084   -149     1127
  SINCE DEC 1   1758                      2324   -566     2198
  SINCE JUL 1   3049                      4022   -973     3659

 COOLING
  YESTERDAY        0                         0      0        0
  MONTH TO DATE    0                         0      0        0
  SINCE DEC 1      0                         0      0        0
  SINCE JAN 1      0                         0      0        0
..................................................................


WIND (MPH)
  HIGHEST WIND SPEED    18   HIGHEST WIND DIRECTION     N (10)
  HIGHEST GUST SPEED    22   HIGHEST GUST DIRECTION    NE (30)
  AVERAGE WIND SPEED     9.6


SKY COVER
  AVERAGE SKY COVER 0.0



RELATIVE HUMIDITY (PERCENT)
 HIGHEST    76          1100 PM
 LOWEST     49          1200 AM
 AVERAGE    63

..........................................................


THE GLENS FALLS NY CLIMATE NORMALS FOR TODAY
                         NORMAL    RECORD    YEAR
 MAXIMUM TEMPERATURE (F)   29        51      1999
 MINIMUM TEMPERATURE (F)    7       -30      2011


SUNRISE AND SUNSET
JANUARY 24 2016.......SUNRISE   718 AM EST   SUNSET   455 PM EST
JANUARY 25 2016.......SUNRISE   717 AM EST   SUNSET   456 PM EST


-  INDICATES NEGATIVE NUMBERS.
R  INDICATES RECORD WAS SET OR TIED.
MM INDICATES DATA IS MISSING.
T  INDICATES TRACE AMOUNT.




$$
