000
CDUS41 KALY 232051
CLIGFL


CLIMATE REPORT
NATIONAL WEATHER SERVICE ALBANY NY
450 PM EDT THU OCT 23 2014


...................................

...THE GLENS FALLS NY CLIMATE SUMMARY FOR OCTOBER 23 2014...
VALID TODAY AS OF 0400 PM LOCAL TIME.

CLIMATE NORMAL PERIOD 1981 TO 2010
CLIMATE RECORD PERIOD 1949 TO 2014


WEATHER ITEM   OBSERVED TIME   RECORD YEAR NORMAL DEPARTURE LAST
                VALUE   (LST)  VALUE       VALUE  FROM      YEAR
                                                  NORMAL
..................................................................
TEMPERATURE (F)
 TODAY
  MAXIMUM         52    212 AM  77    1979  56     -4       51
  MINIMUM         46   1155 AM  20    1982  33     13       31
  AVERAGE         49                        44      5       41

PRECIPITATION (IN)
  TODAY            0.62          1.46 1958   0.11   0.51      T
  MONTH TO DATE    2.95                      2.62   0.33     1.78
  SINCE SEP 1      4.08                      6.00  -1.92     4.21
  SINCE JAN 1     30.12                     31.81  -1.69    29.48

DEGREE DAYS
 HEATING
  TODAY           16                        21     -5       24
  MONTH TO DATE  262                       393   -131      275
  SINCE SEP 1    439                       612   -173      522
  SINCE JUL 1    454                       678   -224      560

 COOLING
  TODAY            0                         0      0        0
  MONTH TO DATE    7                         0      7        0
  SINCE SEP 1     54                        24     30       43
  SINCE JAN 1    392                       351     41      537
..................................................................


WIND (MPH)
  HIGHEST WIND SPEED    23   HIGHEST WIND DIRECTION     N (10)
  HIGHEST GUST SPEED    29   HIGHEST GUST DIRECTION     N (10)
  AVERAGE WIND SPEED    12.4


SKY COVER
  AVERAGE SKY COVER 1.0



RELATIVE HUMIDITY (PERCENT)
 HIGHEST    93          1100 AM
 LOWEST     68          1200 AM
 AVERAGE    81

..........................................................


THE GLENS FALLS NY CLIMATE NORMALS FOR TOMORROW
                         NORMAL    RECORD    YEAR
 MAXIMUM TEMPERATURE (F)   55        72      1998
 MINIMUM TEMPERATURE (F)   33        15      1969


SUNRISE AND SUNSET
OCTOBER 23 2014.......SUNRISE   718 AM EDT   SUNSET   559 PM EDT
OCTOBER 24 2014.......SUNRISE   719 AM EDT   SUNSET   557 PM EDT


-  INDICATES NEGATIVE NUMBERS.
R  INDICATES RECORD WAS SET OR TIED.
MM INDICATES DATA IS MISSING.
T  INDICATES TRACE AMOUNT.




$$
