000
CDUS41 KALY 132144
CLIGFL


CLIMATE REPORT
NATIONAL WEATHER SERVICE ALBANY NY
443 PM EST WED DEC 13 2017


...................................

...THE GLENS FALLS NY CLIMATE SUMMARY FOR DECEMBER 13 2017...
VALID TODAY AS OF 0400 PM LOCAL TIME.

CLIMATE NORMAL PERIOD 1981 TO 2010
CLIMATE RECORD PERIOD 1949 TO 2017


WEATHER ITEM   OBSERVED TIME   RECORD YEAR NORMAL DEPARTURE LAST
                VALUE   (LST)  VALUE       VALUE  FROM      YEAR
                                                  NORMAL
..................................................................
TEMPERATURE (F)
 TODAY
  MAXIMUM         22   1244 AM  50    1984  35    -13       39
  MINIMUM         14    750 AM -12    1995  17     -3       16
  AVERAGE         18                        26     -8       28

PRECIPITATION (IN)
  TODAY            0.00          1.99 1983   0.10  -0.10      T
  MONTH TO DATE    1.15                      1.41  -0.26     0.99
  SINCE DEC 1      1.15                      1.41  -0.26     0.99
  SINCE JAN 1     34.67                     37.42  -2.75    29.29

DEGREE DAYS
 HEATING
  TODAY           47                        39      8       37
  MONTH TO DATE  430                       474    -44      423
  SINCE DEC 1    430                       474    -44      423
  SINCE JUL 1   1841                      2172   -331     1739

 COOLING
  TODAY            0                         0      0        0
  MONTH TO DATE    0                         0      0        0
  SINCE DEC 1      0                         0      0        0
  SINCE JAN 1    388                       352     36      643
..................................................................


WIND (MPH)
  HIGHEST WIND SPEED    20   HIGHEST WIND DIRECTION     W (290)
  HIGHEST GUST SPEED    27   HIGHEST GUST DIRECTION    NW (300)
  AVERAGE WIND SPEED     7.9


SKY COVER
  AVERAGE SKY COVER 0.8



RELATIVE HUMIDITY (PERCENT)
 HIGHEST    74          1200 AM
 LOWEST     51           300 PM
 AVERAGE    63

..........................................................


THE GLENS FALLS NY CLIMATE NORMALS FOR TOMORROW
                         NORMAL    RECORD    YEAR
 MAXIMUM TEMPERATURE (F)   34        54      2015
 MINIMUM TEMPERATURE (F)   17       -17      2005


SUNRISE AND SUNSET
DECEMBER 13 2017......SUNRISE   719 AM EST   SUNSET   419 PM EST
DECEMBER 14 2017......SUNRISE   719 AM EST   SUNSET   419 PM EST


-  INDICATES NEGATIVE NUMBERS.
R  INDICATES RECORD WAS SET OR TIED.
MM INDICATES DATA IS MISSING.
T  INDICATES TRACE AMOUNT.




$$
