000
CDUS41 KALY 152044
CLIGFL


CLIMATE REPORT
NATIONAL WEATHER SERVICE ALBANY NY
443 PM EDT MON SEP 15 2014


...................................

...THE GLENS FALLS NY CLIMATE SUMMARY FOR SEPTEMBER 15 2014...
VALID TODAY AS OF 0400 PM LOCAL TIME.

CLIMATE NORMAL PERIOD 1981 TO 2010
CLIMATE RECORD PERIOD 1949 TO 2014


WEATHER ITEM   OBSERVED TIME   RECORD YEAR NORMAL DEPARTURE LAST
                VALUE   (LST)  VALUE       VALUE  FROM      YEAR
                                                  NORMAL
..................................................................
TEMPERATURE (F)
 TODAY
  MAXIMUM         65    225 PM  84    1993  71     -6       68
  MINIMUM         41    555 AM  32    2001  47     -6       37
  AVERAGE         53                        59     -6       53

PRECIPITATION (IN)
  TODAY            0.00          1.59 2002   0.11  -0.11     0.00
  MONTH TO DATE    0.90                      1.58  -0.68     1.81
  SINCE SEP 1      0.90                      1.58  -0.68     1.81
  SINCE JAN 1     26.94                     27.39  -0.45    27.08

DEGREE DAYS
 HEATING
  TODAY           12                         7      5       12
  MONTH TO DATE   61                        72    -11       80
  SINCE SEP 1     61                        72    -11       80
  SINCE JUL 1     76                       138    -62      118

 COOLING
  TODAY            0                         1     -1        0
  MONTH TO DATE   46                        20     26       43
  SINCE SEP 1     46                        20     26       43
  SINCE JAN 1    384                       347     37      537
..................................................................


WIND (MPH)
  HIGHEST WIND SPEED    10   HIGHEST WIND DIRECTION    SE (140)
  HIGHEST GUST SPEED    14   HIGHEST GUST DIRECTION     S (160)
  AVERAGE WIND SPEED     1.8


SKY COVER
  AVERAGE SKY COVER 0.5



RELATIVE HUMIDITY (PERCENT)
 HIGHEST    96           500 AM
 LOWEST     39           100 PM
 AVERAGE    68

..........................................................


THE GLENS FALLS NY CLIMATE NORMALS FOR TOMORROW
                         NORMAL    RECORD    YEAR
 MAXIMUM TEMPERATURE (F)   71        87      1991
 MINIMUM TEMPERATURE (F)   46        32      1964


SUNRISE AND SUNSET
SEPTEMBER 15 2014.....SUNRISE   634 AM EDT   SUNSET   705 PM EDT
SEPTEMBER 16 2014.....SUNRISE   635 AM EDT   SUNSET   703 PM EDT


-  INDICATES NEGATIVE NUMBERS.
R  INDICATES RECORD WAS SET OR TIED.
MM INDICATES DATA IS MISSING.
T  INDICATES TRACE AMOUNT.




$$
