000
CDUS41 KALY 100629
CLIGFL


CLIMATE REPORT
NATIONAL WEATHER SERVICE ALBANY NY
229 AM EDT THU AUG 10 2017


...................................

...THE GLENS FALLS NY CLIMATE SUMMARY FOR AUGUST 9 2017...

CLIMATE NORMAL PERIOD 1981 TO 2010
CLIMATE RECORD PERIOD 1949 TO 2017


WEATHER ITEM   OBSERVED TIME   RECORD YEAR NORMAL DEPARTURE LAST
                VALUE   (LST)  VALUE       VALUE  FROM      YEAR
                                                  NORMAL
..................................................................
TEMPERATURE (F)
 YESTERDAY
  MAXIMUM         83    201 PM  98    1949  80      3       85
  MINIMUM         49    243 AM  43    2004  56     -7       54
  AVERAGE         66                        68     -2       70

PRECIPITATION (IN)
  YESTERDAY        0.02          1.16 1991   0.13  -0.11     0.00
  MONTH TO DATE    0.71                      1.18  -0.47     1.09
  SINCE JUN 1      9.99                      8.82   1.17     7.93
  SINCE JAN 1     26.33                     23.31   3.02    19.55

DEGREE DAYS
 HEATING
  YESTERDAY        0                         1     -1        0
  MONTH TO DATE    1                         9     -8        0
  SINCE JUN 1    106                       120    -14       44
  SINCE JUL 1     13                        30    -17        0

 COOLING
  YESTERDAY        1                         4     -3        5
  MONTH TO DATE   35                        36     -1       57
  SINCE JUN 1    247                       244      3      375
  SINCE JAN 1    268                       256     12      431
..................................................................


WIND (MPH)
  HIGHEST WIND SPEED    20   HIGHEST WIND DIRECTION     N (340)
  HIGHEST GUST SPEED    30   HIGHEST GUST DIRECTION    NW (320)
  AVERAGE WIND SPEED     3.7


SKY COVER
  AVERAGE SKY COVER 0.1



RELATIVE HUMIDITY (PERCENT)
 HIGHEST   100          1100 PM
 LOWEST     43           200 PM
 AVERAGE    72

..........................................................


THE GLENS FALLS NY CLIMATE NORMALS FOR TODAY
                         NORMAL    RECORD    YEAR
 MAXIMUM TEMPERATURE (F)   80        97      1949
 MINIMUM TEMPERATURE (F)   56        44      1999


SUNRISE AND SUNSET
AUGUST 10 2017........SUNRISE   554 AM EDT   SUNSET   804 PM EDT
AUGUST 11 2017........SUNRISE   555 AM EDT   SUNSET   803 PM EDT


-  INDICATES NEGATIVE NUMBERS.
R  INDICATES RECORD WAS SET OR TIED.
MM INDICATES DATA IS MISSING.
T  INDICATES TRACE AMOUNT.




$$
