000
CDUS41 KALY 080624
CLIGFL


CLIMATE REPORT
NATIONAL WEATHER SERVICE ALBANY NY
123 AM EST MON DEC 8 2014


...................................

...THE GLENS FALLS NY CLIMATE SUMMARY FOR DECEMBER 7 2014...

CLIMATE NORMAL PERIOD 1981 TO 2010
CLIMATE RECORD PERIOD 1949 TO 2014


WEATHER ITEM   OBSERVED TIME   RECORD YEAR NORMAL DEPARTURE LAST
                VALUE   (LST)  VALUE       VALUE  FROM      YEAR
                                                  NORMAL
..................................................................
TEMPERATURE (F)
 YESTERDAY
  MAXIMUM         34    202 AM  67    1998  37     -3       37
  MINIMUM         12   1159 PM   0    1989  20     -8       21
  AVERAGE         23                        28     -5       29

PRECIPITATION (IN)
  YESTERDAY        0.00          1.39 1976   0.11  -0.11      T
  MONTH TO DATE    1.20                      0.78   0.42     0.49
  SINCE DEC 1      1.20                      0.78   0.42     0.49
  SINCE JAN 1     33.55                     36.79  -3.24    33.33

DEGREE DAYS
 HEATING
  YESTERDAY       42                        36      6       36
  MONTH TO DATE  248                       246      2      218
  SINCE DEC 1    248                       246      2      218
  SINCE JUL 1   1709                      1944   -235     1897

 COOLING
  YESTERDAY        0                         0      0        0
  MONTH TO DATE    0                         0      0        0
  SINCE DEC 1      0                         0      0        0
  SINCE JAN 1    392                       352     40      537
..................................................................


WIND (MPH)
  HIGHEST WIND SPEED    21   HIGHEST WIND DIRECTION    NE (60)
  HIGHEST GUST SPEED    24   HIGHEST GUST DIRECTION    NE (50)
  AVERAGE WIND SPEED    10.3


SKY COVER
  AVERAGE SKY COVER 0.3



RELATIVE HUMIDITY (PERCENT)
 HIGHEST    82          1200 AM
 LOWEST     50          1000 AM
 AVERAGE    66

..........................................................


THE GLENS FALLS NY CLIMATE NORMALS FOR TODAY
                         NORMAL    RECORD    YEAR
 MAXIMUM TEMPERATURE (F)   37        59      1951
 MINIMUM TEMPERATURE (F)   19       -10      1977


SUNRISE AND SUNSET
DECEMBER  8 2014......SUNRISE   714 AM EST   SUNSET   419 PM EST
DECEMBER  9 2014......SUNRISE   715 AM EST   SUNSET   419 PM EST


-  INDICATES NEGATIVE NUMBERS.
R  INDICATES RECORD WAS SET OR TIED.
MM INDICATES DATA IS MISSING.
T  INDICATES TRACE AMOUNT.




$$
