000
CDUS41 KALY 152046
CLIGFL


CLIMATE REPORT
NATIONAL WEATHER SERVICE ALBANY NY
445 PM EDT MON JUN 15 2015


...................................

...THE GLENS FALLS NY CLIMATE SUMMARY FOR JUNE 15 2015...
VALID TODAY AS OF 0400 PM LOCAL TIME.

CLIMATE NORMAL PERIOD 1981 TO 2010
CLIMATE RECORD PERIOD 1949 TO 2015


WEATHER ITEM   OBSERVED TIME   RECORD YEAR NORMAL DEPARTURE LAST
                VALUE   (LST)  VALUE       VALUE  FROM      YEAR
                                                  NORMAL
..................................................................
TEMPERATURE (F)
 TODAY
  MAXIMUM         69    209 PM  96    1988  77     -8       76
  MINIMUM         61    410 AM  35    1978  52      9       51
  AVERAGE         65                        64      1       64

PRECIPITATION (IN)
  TODAY            0.76          1.24 1954   0.12   0.64     0.00
  MONTH TO DATE    3.46                      1.78   1.68     2.92
  SINCE JUN 1      3.46                      1.78   1.68     2.92
  SINCE JAN 1     10.77                     16.27  -5.50    16.03

DEGREE DAYS
 HEATING
  TODAY            0                         3     -3        1
  MONTH TO DATE   61                        63     -2       17
  SINCE JUN 1     61                        63     -2       17
  SINCE JUL 1   7658                      7649      9     7914

 COOLING
  TODAY            0                         2     -2        0
  MONTH TO DATE   27                        23      4       20
  SINCE JUN 1     27                        23      4       20
  SINCE JAN 1    103                        35     68       40
..................................................................


WIND (MPH)
  HIGHEST WIND SPEED    10   HIGHEST WIND DIRECTION    SE (150)
  HIGHEST GUST SPEED    13   HIGHEST GUST DIRECTION    SE (150)
  AVERAGE WIND SPEED     5.1


SKY COVER
  AVERAGE SKY COVER 1.0



RELATIVE HUMIDITY (PERCENT)
 HIGHEST   100           400 AM
 LOWEST     73           200 PM
 AVERAGE    87

..........................................................


THE GLENS FALLS NY CLIMATE NORMALS FOR TOMORROW
                         NORMAL    RECORD    YEAR
 MAXIMUM TEMPERATURE (F)   77        94      1981
 MINIMUM TEMPERATURE (F)   52        38      1999


SUNRISE AND SUNSET
JUNE 15 2015..........SUNRISE   513 AM EDT   SUNSET   836 PM EDT
JUNE 16 2015..........SUNRISE   513 AM EDT   SUNSET   837 PM EDT


-  INDICATES NEGATIVE NUMBERS.
R  INDICATES RECORD WAS SET OR TIED.
MM INDICATES DATA IS MISSING.
T  INDICATES TRACE AMOUNT.




$$
