000
CDUS41 KALY 250626
CLIGFL


CLIMATE REPORT
NATIONAL WEATHER SERVICE ALBANY NY
125 AM EST SUN DEC 25 2016


...................................

...THE GLENS FALLS NY CLIMATE SUMMARY FOR DECEMBER 24 2016...

CLIMATE NORMAL PERIOD 1981 TO 2010
CLIMATE RECORD PERIOD 1949 TO 2016


WEATHER ITEM   OBSERVED TIME   RECORD YEAR NORMAL DEPARTURE LAST
                VALUE   (LST)  VALUE       VALUE  FROM      YEAR
                                                  NORMAL
..................................................................
TEMPERATURE (F)
 YESTERDAY
  MAXIMUM         43    532 PM  68    2015  31     12       68
  MINIMUM         29    335 AM -23    1989  13     16       37
  AVERAGE         36                        22     14       53

PRECIPITATION (IN)
  YESTERDAY        0.01          1.21 2003   0.09  -0.08     0.14
  MONTH TO DATE    2.18                      2.43  -0.25     2.77
  SINCE DEC 1      2.18                      2.43  -0.25     2.77
  SINCE JAN 1     30.48                     38.44  -7.96    29.74

DEGREE DAYS
 HEATING
  YESTERDAY       29                        43    -14       12
  MONTH TO DATE  895                       928    -33      614
  SINCE DEC 1    895                       928    -33      614
  SINCE JUL 1   2211                      2626   -415     1905

 COOLING
  YESTERDAY        0                         0      0        0
  MONTH TO DATE    0                         0      0        0
  SINCE DEC 1      0                         0      0        0
  SINCE JAN 1    643                       352    291      596
..................................................................


WIND (MPH)
  HIGHEST WIND SPEED    13   HIGHEST WIND DIRECTION     S (200)
  HIGHEST GUST SPEED    17   HIGHEST GUST DIRECTION     S (190)
  AVERAGE WIND SPEED     4.7


SKY COVER
  AVERAGE SKY COVER 0.8



RELATIVE HUMIDITY (PERCENT)
 HIGHEST    85           200 PM
 LOWEST     56          1200 AM
 AVERAGE    71

..........................................................


THE GLENS FALLS NY CLIMATE NORMALS FOR TODAY
                         NORMAL    RECORD    YEAR
 MAXIMUM TEMPERATURE (F)   31        62      1964
 MINIMUM TEMPERATURE (F)   12       -27      1980


SUNRISE AND SUNSET
DECEMBER 25 2016......SUNRISE   725 AM EST   SUNSET   424 PM EST
DECEMBER 26 2016......SUNRISE   726 AM EST   SUNSET   425 PM EST


-  INDICATES NEGATIVE NUMBERS.
R  INDICATES RECORD WAS SET OR TIED.
MM INDICATES DATA IS MISSING.
T  INDICATES TRACE AMOUNT.




$$
