000
CDUS41 KALY 050625
CLIGFL


CLIMATE REPORT
NATIONAL WEATHER SERVICE ALBANY NY
224 AM EDT WED APR 5 2017


...................................

...THE GLENS FALLS NY CLIMATE SUMMARY FOR APRIL 4 2017...

CLIMATE NORMAL PERIOD 1981 TO 2010
CLIMATE RECORD PERIOD 1949 TO 2017


WEATHER ITEM   OBSERVED TIME   RECORD YEAR NORMAL DEPARTURE LAST
                VALUE   (LST)  VALUE       VALUE  FROM      YEAR
                                                  NORMAL
..................................................................
TEMPERATURE (F)
 YESTERDAY
  MAXIMUM         46    220 PM  76    1950  51     -5       25
  MINIMUM         39   1049 PM  13    2016  28     11       13
                                      1954
  AVERAGE         43                        40      3       19

PRECIPITATION (IN)
  YESTERDAY        1.36R         1.13 2007   0.09   1.27     0.05
  MONTH TO DATE    1.45                      0.38   1.07     0.28
  SINCE MAR 1      3.99                      3.32   0.67     2.56
  SINCE JAN 1      8.68                      8.26   0.42     7.35

DEGREE DAYS
 HEATING
  YESTERDAY       22                        25     -3       46
  MONTH TO DATE   93                       104    -11      109
  SINCE MAR 1   1161                      1147     14      923
  SINCE JUL 1   5683                      6767  -1084     5103

 COOLING
  YESTERDAY        0                         0      0        0
  MONTH TO DATE    0                         0      0        0
  SINCE MAR 1      0                         0      0        0
  SINCE JAN 1      0                         0      0        0
..................................................................


WIND (MPH)
  HIGHEST WIND SPEED    13   HIGHEST WIND DIRECTION    SE (140)
  HIGHEST GUST SPEED    17   HIGHEST GUST DIRECTION    SE (140)
  AVERAGE WIND SPEED     2.4


SKY COVER
  AVERAGE SKY COVER 0.9



RELATIVE HUMIDITY (PERCENT)
 HIGHEST    96           500 AM
 LOWEST     57          1200 AM
 AVERAGE    77

..........................................................


THE GLENS FALLS NY CLIMATE NORMALS FOR TODAY
                         NORMAL    RECORD    YEAR
 MAXIMUM TEMPERATURE (F)   52        71      2010
 MINIMUM TEMPERATURE (F)   29         7      2016


SUNRISE AND SUNSET
APRIL  5 2017.........SUNRISE   629 AM EDT   SUNSET   726 PM EDT
APRIL  6 2017.........SUNRISE   627 AM EDT   SUNSET   727 PM EDT


-  INDICATES NEGATIVE NUMBERS.
R  INDICATES RECORD WAS SET OR TIED.
MM INDICATES DATA IS MISSING.
T  INDICATES TRACE AMOUNT.




$$
