000
CDUS41 KALY 250629
CLIGFL


CLIMATE REPORT
NATIONAL WEATHER SERVICE ALBANY NY
128 AM EST SAT FEB 25 2017


...................................

...THE GLENS FALLS NY CLIMATE SUMMARY FOR FEBRUARY 24 2017...

CLIMATE NORMAL PERIOD 1981 TO 2010
CLIMATE RECORD PERIOD 1949 TO 2017


WEATHER ITEM   OBSERVED TIME   RECORD YEAR NORMAL DEPARTURE LAST
                VALUE   (LST)  VALUE       VALUE  FROM      YEAR
                                                  NORMAL
..................................................................
TEMPERATURE (F)
 YESTERDAY
  MAXIMUM         59R   410 PM  55    1985  35     24       41
  MINIMUM         34    249 AM -26    2015  12     22       32
  AVERAGE         47                        24     23       37

PRECIPITATION (IN)
  YESTERDAY        T             1.26 1975   0.08  -0.08     1.25
  MONTH TO DATE    1.85                      1.76   0.09     3.71
  SINCE DEC 1      6.90                      7.67  -0.77     8.82
  SINCE JAN 1      4.03                      4.62  -0.59     4.77

DEGREE DAYS
 HEATING
  YESTERDAY       18                        41    -23       28
  MONTH TO DATE  860                      1062   -202      848
  SINCE DEC 1   3113                      3760   -647     2736
  SINCE JUL 1   4429                      5458  -1029     4027

 COOLING
  YESTERDAY        0                         0      0        0
  MONTH TO DATE    0                         0      0        0
  SINCE DEC 1      0                         0      0        0
  SINCE JAN 1      0                         0      0        0
..................................................................


WIND (MPH)
  HIGHEST WIND SPEED    13   HIGHEST WIND DIRECTION     N (360)
  HIGHEST GUST SPEED    14   HIGHEST GUST DIRECTION     N (10)
  AVERAGE WIND SPEED     2.2


SKY COVER
  AVERAGE SKY COVER 0.4



RELATIVE HUMIDITY (PERCENT)
 HIGHEST    92           400 AM
 LOWEST     62           400 PM
 AVERAGE    77

..........................................................


THE GLENS FALLS NY CLIMATE NORMALS FOR TODAY
                         NORMAL    RECORD    YEAR
 MAXIMUM TEMPERATURE (F)   36        58      1984
 MINIMUM TEMPERATURE (F)   13       -12      2007


SUNRISE AND SUNSET
FEBRUARY 25 2017......SUNRISE   637 AM EST   SUNSET   539 PM EST
FEBRUARY 26 2017......SUNRISE   635 AM EST   SUNSET   540 PM EST


-  INDICATES NEGATIVE NUMBERS.
R  INDICATES RECORD WAS SET OR TIED.
MM INDICATES DATA IS MISSING.
T  INDICATES TRACE AMOUNT.




$$
