000
CDUS41 KALY 160640
CLIGFL


CLIMATE REPORT
NATIONAL WEATHER SERVICE ALBANY NY
240 AM EDT WED APR 16 2014


...................................

...THE GLENS FALLS NY CLIMATE SUMMARY FOR APRIL 15 2014...

CLIMATE NORMAL PERIOD 1981 TO 2010
CLIMATE RECORD PERIOD 1949 TO 2014


WEATHER ITEM   OBSERVED TIME   RECORD YEAR NORMAL DEPARTURE LAST
                VALUE   (LST)  VALUE       VALUE  FROM      YEAR
                                                  NORMAL
..................................................................
TEMPERATURE (F)
 YESTERDAY
  MAXIMUM         65    129 AM  84    2003  57      8       59
  MINIMUM         29   1037 PM  20    1982  33     -4       26
  AVERAGE         47                        45      2       43

PRECIPITATION (IN)
  YESTERDAY        0.92          1.49 2007   0.10   0.82     0.00
  MONTH TO DATE    1.93                      1.47   0.46     1.42
  SINCE MAR 1      4.65                      4.41   0.24     4.53
  SINCE JAN 1      9.18                      9.35  -0.17     6.83

DEGREE DAYS
 HEATING
  YESTERDAY       18                        20     -2       22
  MONTH TO DATE  304                       352    -48      366
  SINCE MAR 1   1614                      1395    219     1352
  SINCE JUL 1   7383                      7015    368     6453

 COOLING
  YESTERDAY        0                         0      0        0
  MONTH TO DATE    0                         0      0        0
  SINCE MAR 1      0                         0      0        0
  SINCE JAN 1      0                         0      0        0
..................................................................


WIND (MPH)
  HIGHEST WIND SPEED    29   HIGHEST WIND DIRECTION     S (180)
  HIGHEST GUST SPEED    39   HIGHEST GUST DIRECTION     S (190)
  AVERAGE WIND SPEED    10.7


SKY COVER
  AVERAGE SKY COVER 1.0



RELATIVE HUMIDITY (PERCENT)
 HIGHEST    93          1000 AM
 LOWEST     63          1200 AM
 AVERAGE    78

..........................................................


THE GLENS FALLS NY CLIMATE NORMALS FOR TODAY
                         NORMAL    RECORD    YEAR
 MAXIMUM TEMPERATURE (F)   57        89      2002
 MINIMUM TEMPERATURE (F)   33        21      1992


SUNRISE AND SUNSET
APRIL 16 2014.........SUNRISE   611 AM EDT   SUNSET   739 PM EDT
APRIL 17 2014.........SUNRISE   609 AM EDT   SUNSET   740 PM EDT


-  INDICATES NEGATIVE NUMBERS.
R  INDICATES RECORD WAS SET OR TIED.
MM INDICATES DATA IS MISSING.
T  INDICATES TRACE AMOUNT.




$$
