000
CDUS41 KALY 210633
CLIGFL


CLIMATE REPORT
NATIONAL WEATHER SERVICE ALBANY NY
131 AM EST SUN JAN 21 2018


...................................

...THE GLENS FALLS NY CLIMATE SUMMARY FOR JANUARY 20 2018...

CLIMATE NORMAL PERIOD 1981 TO 2010
CLIMATE RECORD PERIOD 1949 TO 2018


WEATHER ITEM   OBSERVED TIME   RECORD YEAR NORMAL DEPARTURE LAST
                VALUE   (LST)  VALUE       VALUE  FROM      YEAR
                                                  NORMAL
..................................................................
TEMPERATURE (F)
 YESTERDAY
  MAXIMUM         48R   209 PM  47    1995  28     20       37
  MINIMUM         18   1212 AM -29    1994   7     11       33
  AVERAGE         33                        17     16       35

PRECIPITATION (IN)
  YESTERDAY        0.00          0.62 1978   0.10  -0.10     0.00
  MONTH TO DATE    1.49                      1.84  -0.35     1.14
  SINCE DEC 1      3.81                      4.89  -1.08     4.01
  SINCE JAN 1      1.49                      1.84  -0.35     1.14

DEGREE DAYS
 HEATING
  YESTERDAY       32                        48    -16       30
  MONTH TO DATE 1011                       940     71      751
  SINCE DEC 1   2385                      2180    205     1896
  SINCE JUL 1   3796                      3878    -82     3212

 COOLING
  YESTERDAY        0                         0      0        0
  MONTH TO DATE    0                         0      0        0
  SINCE DEC 1      0                         0      0        0
  SINCE JAN 1      0                         0      0        0
..................................................................


WIND (MPH)
  HIGHEST WIND SPEED    20   HIGHEST WIND DIRECTION    NW (300)
  HIGHEST GUST SPEED    23   HIGHEST GUST DIRECTION     W (290)
  AVERAGE WIND SPEED     6.5


SKY COVER
  AVERAGE SKY COVER 0.0



RELATIVE HUMIDITY (PERCENT)
 HIGHEST   100          1100 PM
 LOWEST     45           100 PM
 AVERAGE    73

..........................................................


THE GLENS FALLS NY CLIMATE NORMALS FOR TODAY
                         NORMAL    RECORD    YEAR
 MAXIMUM TEMPERATURE (F)   28        53      2006
 MINIMUM TEMPERATURE (F)    7       -27      1994


SUNRISE AND SUNSET
JANUARY 21 2018.......SUNRISE   720 AM EST   SUNSET   452 PM EST
JANUARY 22 2018.......SUNRISE   719 AM EST   SUNSET   453 PM EST


-  INDICATES NEGATIVE NUMBERS.
R  INDICATES RECORD WAS SET OR TIED.
MM INDICATES DATA IS MISSING.
T  INDICATES TRACE AMOUNT.




$$
