000
CDUS41 KALY 110622
CLIGFL


CLIMATE REPORT
NATIONAL WEATHER SERVICE ALBANY NY
122 AM EST THU FEB 11 2016


...................................

...THE GLENS FALLS NY CLIMATE SUMMARY FOR FEBRUARY 10 2016...

CLIMATE NORMAL PERIOD 1981 TO 2010
CLIMATE RECORD PERIOD 1949 TO 2016


WEATHER ITEM   OBSERVED TIME   RECORD YEAR NORMAL DEPARTURE LAST
                VALUE   (LST)  VALUE       VALUE  FROM      YEAR
                                                  NORMAL
..................................................................
TEMPERATURE (F)
 YESTERDAY
  MAXIMUM         37    140 PM  50    1955  32      5       24
  MINIMUM         23    317 AM -30    1994   8     15        5
  AVERAGE         30                        20     10       15

PRECIPITATION (IN)
  YESTERDAY        T             1.04 2002   0.07  -0.07     0.00
  MONTH TO DATE    1.39                      0.76   0.63     0.42
  SINCE DEC 1      6.50                      6.67  -0.17     5.99
  SINCE JAN 1      2.45                      3.62  -1.17     1.91

DEGREE DAYS
 HEATING
  YESTERDAY       35                        45    -10       50
  MONTH TO DATE  241                       458   -217      564
  SINCE DEC 1   2129                      3156  -1027     3174
  SINCE JUL 1   3420                      4854  -1434     4635

 COOLING
  YESTERDAY        0                         0      0        0
  MONTH TO DATE    0                         0      0        0
  SINCE DEC 1      0                         0      0        0
  SINCE JAN 1      0                         0      0        0
..................................................................


WIND (MPH)
  HIGHEST WIND SPEED    13   HIGHEST WIND DIRECTION     W (260)
  HIGHEST GUST SPEED    18   HIGHEST GUST DIRECTION    SW (230)
  AVERAGE WIND SPEED     5.5


SKY COVER
  AVERAGE SKY COVER 0.9



RELATIVE HUMIDITY (PERCENT)
 HIGHEST    96           300 AM
 LOWEST     50          1000 PM
 AVERAGE    73

..........................................................


THE GLENS FALLS NY CLIMATE NORMALS FOR TODAY
                         NORMAL    RECORD    YEAR
 MAXIMUM TEMPERATURE (F)   32        57      1981
 MINIMUM TEMPERATURE (F)    9       -21      1979


SUNRISE AND SUNSET
FEBRUARY 11 2016......SUNRISE   659 AM EST   SUNSET   519 PM EST
FEBRUARY 12 2016......SUNRISE   657 AM EST   SUNSET   520 PM EST


-  INDICATES NEGATIVE NUMBERS.
R  INDICATES RECORD WAS SET OR TIED.
MM INDICATES DATA IS MISSING.
T  INDICATES TRACE AMOUNT.




$$
