000
CDUS41 KALY 162045
CLIGFL


CLIMATE REPORT
NATIONAL WEATHER SERVICE ALBANY NY
445 PM EDT MON OCT 16 2017


...................................

...THE GLENS FALLS NY CLIMATE SUMMARY FOR OCTOBER 16 2017...
VALID TODAY AS OF 0400 PM LOCAL TIME.

CLIMATE NORMAL PERIOD 1981 TO 2010
CLIMATE RECORD PERIOD 1949 TO 2017


WEATHER ITEM   OBSERVED TIME   RECORD YEAR NORMAL DEPARTURE LAST
                VALUE   (LST)  VALUE       VALUE  FROM      YEAR
                                                  NORMAL
..................................................................
TEMPERATURE (F)
 TODAY
  MAXIMUM         63   1201 AM  80    1956  58      5       65
  MINIMUM         46    809 AM  21    1978  35     11       36
  AVERAGE         55                        46      9       51

PRECIPITATION (IN)
  TODAY            T             2.80 1955   0.11  -0.11     0.03
  MONTH TO DATE    1.12                      1.85  -0.73     0.17
  SINCE SEP 1      3.44                      5.23  -1.79     1.38
  SINCE JAN 1     30.57                     31.04  -0.47    22.54

DEGREE DAYS
 HEATING
  TODAY           10                        19     -9       14
  MONTH TO DATE  149                       254   -105      194
  SINCE SEP 1    281                       473   -192      297
  SINCE JUL 1    348                       539   -191      303

 COOLING
  TODAY            0                         0      0        0
  MONTH TO DATE    3                         0      3        0
  SINCE SEP 1     70                        24     46       55
  SINCE JAN 1    384                       351     33      640
..................................................................


WIND (MPH)
  HIGHEST WIND SPEED    20   HIGHEST WIND DIRECTION    NW (320)
  HIGHEST GUST SPEED    23   HIGHEST GUST DIRECTION    NW (330)
  AVERAGE WIND SPEED    11.6


SKY COVER
  AVERAGE SKY COVER 0.5



RELATIVE HUMIDITY (PERCENT)
 HIGHEST    66           500 AM
 LOWEST     46           100 PM
 AVERAGE    56

..........................................................


THE GLENS FALLS NY CLIMATE NORMALS FOR TOMORROW
                         NORMAL    RECORD    YEAR
 MAXIMUM TEMPERATURE (F)   58        77      1980
 MINIMUM TEMPERATURE (F)   35        21      1978


SUNRISE AND SUNSET
OCTOBER 16 2017.......SUNRISE   710 AM EDT   SUNSET   609 PM EDT
OCTOBER 17 2017.......SUNRISE   711 AM EDT   SUNSET   608 PM EDT


-  INDICATES NEGATIVE NUMBERS.
R  INDICATES RECORD WAS SET OR TIED.
MM INDICATES DATA IS MISSING.
T  INDICATES TRACE AMOUNT.




$$
