000
CDUS41 KALY 250622
CLIGFL


CLIMATE REPORT
NATIONAL WEATHER SERVICE ALBANY NY
222 AM EDT THU AUG 25 2016


...................................

...THE GLENS FALLS NY CLIMATE SUMMARY FOR AUGUST 24 2016...

CLIMATE NORMAL PERIOD 1981 TO 2010
CLIMATE RECORD PERIOD 1949 TO 2016


WEATHER ITEM   OBSERVED TIME   RECORD YEAR NORMAL DEPARTURE LAST
                VALUE   (LST)  VALUE       VALUE  FROM      YEAR
                                                  NORMAL
..................................................................
TEMPERATURE (F)
 YESTERDAY
  MAXIMUM         82    431 PM  89    1969  78      4       83
  MINIMUM         54    512 AM  38    1971  54      0       65
  AVERAGE         68                        66      2       74

PRECIPITATION (IN)
  YESTERDAY        0.00          1.08 1993   0.11  -0.11     0.00
  MONTH TO DATE    2.07                      2.97  -0.90     1.77
  SINCE JUN 1      8.91                     10.61  -1.70    10.21
  SINCE JAN 1     20.53                     25.10  -4.57    17.52

DEGREE DAYS
 HEATING
  YESTERDAY        0                         2     -2        0
  MONTH TO DATE    6                        28    -22        1
  SINCE JUN 1     50                       139    -89       91
  SINCE JUL 1      6                        49    -43       12

 COOLING
  YESTERDAY        3                         3      0        9
  MONTH TO DATE  173                        88     85      154
  SINCE JUN 1    491                       296    195      397
  SINCE JAN 1    547                       308    239      473
..................................................................


WIND (MPH)
  HIGHEST WIND SPEED    15   HIGHEST WIND DIRECTION     S (160)
  HIGHEST GUST SPEED    19   HIGHEST GUST DIRECTION     S (160)
  AVERAGE WIND SPEED     4.3


SKY COVER
  AVERAGE SKY COVER 0.0



RELATIVE HUMIDITY (PERCENT)
 HIGHEST    93          1200 AM
 LOWEST     51           400 PM
 AVERAGE    72

..........................................................


THE GLENS FALLS NY CLIMATE NORMALS FOR TODAY
                         NORMAL    RECORD    YEAR
 MAXIMUM TEMPERATURE (F)   78        91      2007
 MINIMUM TEMPERATURE (F)   54        39      1971


SUNRISE AND SUNSET
AUGUST 25 2016........SUNRISE   611 AM EDT   SUNSET   741 PM EDT
AUGUST 26 2016........SUNRISE   612 AM EDT   SUNSET   739 PM EDT


-  INDICATES NEGATIVE NUMBERS.
R  INDICATES RECORD WAS SET OR TIED.
MM INDICATES DATA IS MISSING.
T  INDICATES TRACE AMOUNT.




$$
