000
CDUS41 KALY 290623
CLIGFL


CLIMATE REPORT
NATIONAL WEATHER SERVICE ALBANY NY
222 AM EDT MON SEP 29 2014


...................................

...THE GLENS FALLS NY CLIMATE SUMMARY FOR SEPTEMBER 28 2014...

CLIMATE NORMAL PERIOD 1981 TO 2010
CLIMATE RECORD PERIOD 1949 TO 2014


WEATHER ITEM   OBSERVED TIME   RECORD YEAR NORMAL DEPARTURE LAST
                VALUE   (LST)  VALUE       VALUE  FROM      YEAR
                                                  NORMAL
..................................................................
TEMPERATURE (F)
 YESTERDAY
  MAXIMUM         80    332 PM  82    1959  66     14       73
  MINIMUM         50    403 AM  27    1965  41      9       39
  AVERAGE         65                        53     12       56

PRECIPITATION (IN)
  YESTERDAY        0.00          1.48 2003   0.12  -0.12     0.00
  MONTH TO DATE    1.13                      3.14  -2.01     2.43
  SINCE SEP 1      1.13                      3.14  -2.01     2.43
  SINCE JAN 1     27.17                     28.95  -1.78    27.70

DEGREE DAYS
 HEATING
  YESTERDAY        0                        12    -12        9
  MONTH TO DATE  168                       195    -27      229
  SINCE SEP 1    168                       195    -27      229
  SINCE JUL 1    183                       261    -78      267

 COOLING
  YESTERDAY        0                         0      0        0
  MONTH TO DATE   47                        23     24       43
  SINCE SEP 1     47                        23     24       43
  SINCE JAN 1    385                       350     35      537
..................................................................


WIND (MPH)
  HIGHEST WIND SPEED    12   HIGHEST WIND DIRECTION     S (160)
  HIGHEST GUST SPEED    14   HIGHEST GUST DIRECTION    SE (150)
  AVERAGE WIND SPEED     2.3


SKY COVER
  AVERAGE SKY COVER 0.4



RELATIVE HUMIDITY (PERCENT)
 HIGHEST   100           100 AM
 LOWEST     54           400 PM
 AVERAGE    77

..........................................................


THE GLENS FALLS NY CLIMATE NORMALS FOR TODAY
                         NORMAL    RECORD    YEAR
 MAXIMUM TEMPERATURE (F)   65        79      1959
 MINIMUM TEMPERATURE (F)   41        25      2000


SUNRISE AND SUNSET
SEPTEMBER 29 2014.....SUNRISE   649 AM EDT   SUNSET   639 PM EDT
SEPTEMBER 30 2014.....SUNRISE   651 AM EDT   SUNSET   637 PM EDT


-  INDICATES NEGATIVE NUMBERS.
R  INDICATES RECORD WAS SET OR TIED.
MM INDICATES DATA IS MISSING.
T  INDICATES TRACE AMOUNT.




$$
