000
CDUS41 KALY 282043
CLIGFL


CLIMATE REPORT
NATIONAL WEATHER SERVICE ALBANY NY
443 PM EDT TUE MAR 28 2017


...................................

...THE GLENS FALLS NY CLIMATE SUMMARY FOR MARCH 28 2017...
VALID TODAY AS OF 0400 PM LOCAL TIME.

CLIMATE NORMAL PERIOD 1981 TO 2010
CLIMATE RECORD PERIOD 1949 TO 2017


WEATHER ITEM   OBSERVED TIME   RECORD YEAR NORMAL DEPARTURE LAST
                VALUE   (LST)  VALUE       VALUE  FROM      YEAR
                                                  NORMAL
..................................................................
TEMPERATURE (F)
 TODAY
  MAXIMUM         51   1219 PM  76    1998  48      3       47
  MINIMUM         35    516 AM   8    1982  25     10       41
  AVERAGE         43                        36      7       44

PRECIPITATION (IN)
  TODAY            0.03          1.09 2005   0.09  -0.06     0.45
  MONTH TO DATE    1.51                      2.66  -1.15     2.28
  SINCE MAR 1      1.51                      2.66  -1.15     2.28
  SINCE JAN 1      6.20                      7.60  -1.40     7.07

DEGREE DAYS
 HEATING
  TODAY           22                        28     -6       21
  MONTH TO DATE  979                       960     19      755
  SINCE MAR 1    979                       960     19      755
  SINCE JUL 1   5501                      6580  -1079     4935

 COOLING
  TODAY            0                         0      0        0
  MONTH TO DATE    0                         0      0        0
  SINCE MAR 1      0                         0      0        0
  SINCE JAN 1      0                         0      0        0
..................................................................


WIND (MPH)
  HIGHEST WIND SPEED    12   HIGHEST WIND DIRECTION     S (190)
  HIGHEST GUST SPEED    15   HIGHEST GUST DIRECTION     S (200)
  AVERAGE WIND SPEED     1.9


SKY COVER
  AVERAGE SKY COVER 1.0



RELATIVE HUMIDITY (PERCENT)
 HIGHEST   100           100 AM
 LOWEST     80          1200 PM
 AVERAGE    90

..........................................................


THE GLENS FALLS NY CLIMATE NORMALS FOR TOMORROW
                         NORMAL    RECORD    YEAR
 MAXIMUM TEMPERATURE (F)   48        79      1981
 MINIMUM TEMPERATURE (F)   26         6      1959


SUNRISE AND SUNSET
MARCH 28 2017.........SUNRISE   643 AM EDT   SUNSET   717 PM EDT
MARCH 29 2017.........SUNRISE   641 AM EDT   SUNSET   718 PM EDT


-  INDICATES NEGATIVE NUMBERS.
R  INDICATES RECORD WAS SET OR TIED.
MM INDICATES DATA IS MISSING.
T  INDICATES TRACE AMOUNT.




$$
