000
CDUS41 KALY 240622
CLIGFL


CLIMATE REPORT
NATIONAL WEATHER SERVICE ALBANY NY
221 AM EDT THU JUL 24 2014


...................................

...THE GLENS FALLS NY CLIMATE SUMMARY FOR JULY 23 2014...

CLIMATE NORMAL PERIOD 1981 TO 2010
CLIMATE RECORD PERIOD 1949 TO 2014


WEATHER ITEM   OBSERVED TIME   RECORD YEAR NORMAL DEPARTURE LAST
                VALUE   (LST)  VALUE       VALUE  FROM      YEAR
                                                  NORMAL
..................................................................
TEMPERATURE (F)
 YESTERDAY
  MAXIMUM         90    254 PM  95    1952  81      9       80
  MINIMUM         67   1159 PM  45    1977  57     10       65
  AVERAGE         79                        69     10       73

PRECIPITATION (IN)
  YESTERDAY        0.27          2.60 2008   0.14   0.13     1.59
  MONTH TO DATE    3.96                      2.99   0.97     4.70
  SINCE JUN 1      8.36                      6.54   1.82    10.39
  SINCE JAN 1     21.47                     21.03   0.44    22.32

DEGREE DAYS
 HEATING
  YESTERDAY        0                         1     -1        0
  MONTH TO DATE    1                        23    -22        0
  SINCE JUN 1     33                       113    -80       89
  SINCE JUL 1      1                        23    -22        0

 COOLING
  YESTERDAY       14                         5      9        8
  MONTH TO DATE  142                       107     35      247
  SINCE JUN 1    216                       176     40      347
  SINCE JAN 1    236                       188     48      380
..................................................................


WIND (MPH)
  HIGHEST WIND SPEED    21   HIGHEST WIND DIRECTION    NW (300)
  HIGHEST GUST SPEED    26   HIGHEST GUST DIRECTION    NW (300)
  AVERAGE WIND SPEED     8.8


SKY COVER
  AVERAGE SKY COVER 0.3



RELATIVE HUMIDITY (PERCENT)
 HIGHEST    93           300 AM
 LOWEST     50           200 PM
 AVERAGE    72

..........................................................


THE GLENS FALLS NY CLIMATE NORMALS FOR TODAY
                         NORMAL    RECORD    YEAR
 MAXIMUM TEMPERATURE (F)   81        92      1963
 MINIMUM TEMPERATURE (F)   57        43      1985


SUNRISE AND SUNSET
JULY 24 2014..........SUNRISE   536 AM EDT   SUNSET   825 PM EDT
JULY 25 2014..........SUNRISE   537 AM EDT   SUNSET   824 PM EDT


-  INDICATES NEGATIVE NUMBERS.
R  INDICATES RECORD WAS SET OR TIED.
MM INDICATES DATA IS MISSING.
T  INDICATES TRACE AMOUNT.




$$
