305
CDUS41 KALY 050625
CLIGFL


CLIMATE REPORT
NATIONAL WEATHER SERVICE ALBANY NY
122 AM EST MON DEC 5 2016


...................................

...THE GLENS FALLS NY CLIMATE SUMMARY FOR DECEMBER 4 2016...

CLIMATE NORMAL PERIOD 1981 TO 2010
CLIMATE RECORD PERIOD 1949 TO 2016


WEATHER ITEM   OBSERVED TIME   RECORD YEAR NORMAL DEPARTURE LAST
                VALUE   (LST)  VALUE       VALUE  FROM      YEAR
                                                  NORMAL
..................................................................
TEMPERATURE (F)
 YESTERDAY
  MAXIMUM         37    304 PM  69    1982  39     -2       43
  MINIMUM         22   1056 PM  -4    1989  21      1       25
  AVERAGE         30                        30      0       34

PRECIPITATION (IN)
  YESTERDAY        0.00          1.58 1950   0.12  -0.12     0.00
  MONTH TO DATE    0.42                      0.45  -0.03     0.81
  SINCE DEC 1      0.42                      0.45  -0.03     0.81
  SINCE JAN 1     28.72                     36.46  -7.74    27.78

DEGREE DAYS
 HEATING
  YESTERDAY       35                        35      0       31
  MONTH TO DATE  104                       138    -34      118
  SINCE DEC 1    104                       138    -34      118
  SINCE JUL 1   1420                      1836   -416     1409

 COOLING
  YESTERDAY        0                         0      0        0
  MONTH TO DATE    0                         0      0        0
  SINCE DEC 1      0                         0      0        0
  SINCE JAN 1    643                       352    291      596
..................................................................


WIND (MPH)
  HIGHEST WIND SPEED    13   HIGHEST WIND DIRECTION     N (350)
  HIGHEST GUST SPEED    17   HIGHEST GUST DIRECTION    NW (310)
  AVERAGE WIND SPEED     4.0


SKY COVER
  AVERAGE SKY COVER 0.6



RELATIVE HUMIDITY (PERCENT)
 HIGHEST    88          1000 PM
 LOWEST     47          1200 AM
 AVERAGE    68

..........................................................


THE GLENS FALLS NY CLIMATE NORMALS FOR TODAY
                         NORMAL    RECORD    YEAR
 MAXIMUM TEMPERATURE (F)   38        64      2001
 MINIMUM TEMPERATURE (F)   21        -6      1989


SUNRISE AND SUNSET
DECEMBER  5 2016......SUNRISE   712 AM EST   SUNSET   419 PM EST
DECEMBER  6 2016......SUNRISE   713 AM EST   SUNSET   419 PM EST


-  INDICATES NEGATIVE NUMBERS.
R  INDICATES RECORD WAS SET OR TIED.
MM INDICATES DATA IS MISSING.
T  INDICATES TRACE AMOUNT.




$$
