000
CDUS41 KALY 072045
CLIGFL


CLIMATE REPORT
NATIONAL WEATHER SERVICE ALBANY NY
444 PM EDT TUE JUL 7 2015


...................................

...THE GLENS FALLS NY CLIMATE SUMMARY FOR JULY 7 2015...
VALID TODAY AS OF 0400 PM LOCAL TIME.

CLIMATE NORMAL PERIOD 1981 TO 2010
CLIMATE RECORD PERIOD 1949 TO 2015


WEATHER ITEM   OBSERVED TIME   RECORD YEAR NORMAL DEPARTURE LAST
                VALUE   (LST)  VALUE       VALUE  FROM      YEAR
                                                  NORMAL
..................................................................
TEMPERATURE (F)
 TODAY
  MAXIMUM         82    123 PM  95    2010  81      1       81
  MINIMUM         65    129 AM  42    1979  56      9       56
  AVERAGE         74                        68      6       69

PRECIPITATION (IN)
  TODAY            0.01          2.02 1994   0.12  -0.11     0.29
  MONTH TO DATE    0.27                      0.86  -0.59     2.47
  SINCE JUN 1      6.49                      4.41   2.08     6.87
  SINCE JAN 1     13.80                     18.90  -5.10    19.98

DEGREE DAYS
 HEATING
  TODAY            0                         1     -1        0
  MONTH TO DATE    6                         7     -1        0
  SINCE JUN 1     85                        97    -12       32
  SINCE JUL 1      6                         7     -1        0

 COOLING
  TODAY            9                         4      5        4
  MONTH TO DATE   23                        28     -5       57
  SINCE JUN 1     89                        97     -8      131
  SINCE JAN 1    165                       109     56      151
..................................................................


WIND (MPH)
  HIGHEST WIND SPEED    15   HIGHEST WIND DIRECTION     S (200)
  HIGHEST GUST SPEED    21   HIGHEST GUST DIRECTION     S (200)
  AVERAGE WIND SPEED     3.9


SKY COVER
  AVERAGE SKY COVER 0.6



RELATIVE HUMIDITY (PERCENT)
 HIGHEST    93           200 AM
 LOWEST     65           100 PM
 AVERAGE    79

..........................................................


THE GLENS FALLS NY CLIMATE NORMALS FOR TOMORROW
                         NORMAL    RECORD    YEAR
 MAXIMUM TEMPERATURE (F)   81        96      1988
 MINIMUM TEMPERATURE (F)   56        46      2000


SUNRISE AND SUNSET
JULY  7 2015..........SUNRISE   521 AM EDT   SUNSET   837 PM EDT
JULY  8 2015..........SUNRISE   522 AM EDT   SUNSET   837 PM EDT


-  INDICATES NEGATIVE NUMBERS.
R  INDICATES RECORD WAS SET OR TIED.
MM INDICATES DATA IS MISSING.
T  INDICATES TRACE AMOUNT.




$$
