000
CDUS41 KALY 270635
CLIGFL


CLIMATE REPORT
NATIONAL WEATHER SERVICE ALBANY NY
128 AM EST THU NOV 27 2014


...................................

...THE GLENS FALLS NY CLIMATE SUMMARY FOR NOVEMBER 26 2014...

CLIMATE NORMAL PERIOD 1981 TO 2010
CLIMATE RECORD PERIOD 1949 TO 2014


WEATHER ITEM   OBSERVED TIME   RECORD YEAR NORMAL DEPARTURE LAST
                VALUE   (LST)  VALUE       VALUE  FROM      YEAR
                                                  NORMAL
..................................................................
TEMPERATURE (F)
 YESTERDAY
  MAXIMUM         40    202 AM  64    1979  42     -2       33
  MINIMUM         30   1159 PM   7    2005  24      6       27
  AVERAGE         35                        33      2       30

PRECIPITATION (IN)
  YESTERDAY        0.31          1.66 1986   0.11   0.20     0.35
  MONTH TO DATE    1.85                      2.87  -1.02     1.91
  SINCE SEP 1      6.27                      9.76  -3.49     6.55
  SINCE JAN 1     32.31                     35.57  -3.26    31.82

DEGREE DAYS
 HEATING
  YESTERDAY       30                        32     -2       35
  MONTH TO DATE  711                       711      0      748
  SINCE SEP 1   1293                      1500   -207     1479
  SINCE JUL 1   1308                      1566   -258     1517

 COOLING
  YESTERDAY        0                         0      0        0
  MONTH TO DATE    0                         0      0        0
  SINCE SEP 1     54                        25     29       43
  SINCE JAN 1    392                       352     40      537
..................................................................


WIND (MPH)
  HIGHEST WIND SPEED    18   HIGHEST WIND DIRECTION     N (360)
  HIGHEST GUST SPEED    24   HIGHEST GUST DIRECTION     N (360)
  AVERAGE WIND SPEED     8.7


SKY COVER
  AVERAGE SKY COVER 0.8



RELATIVE HUMIDITY (PERCENT)
 HIGHEST    92           200 PM
 LOWEST     54           600 AM
 AVERAGE    73

..........................................................


THE GLENS FALLS NY CLIMATE NORMALS FOR TODAY
                         NORMAL    RECORD    YEAR
 MAXIMUM TEMPERATURE (F)   42        61      1976
 MINIMUM TEMPERATURE (F)   24         3      1957


SUNRISE AND SUNSET
NOVEMBER 27 2014......SUNRISE   702 AM EST   SUNSET   421 PM EST
NOVEMBER 28 2014......SUNRISE   704 AM EST   SUNSET   421 PM EST


-  INDICATES NEGATIVE NUMBERS.
R  INDICATES RECORD WAS SET OR TIED.
MM INDICATES DATA IS MISSING.
T  INDICATES TRACE AMOUNT.




$$
