000
CDUS41 KALY 280624
CLIGFL


CLIMATE REPORT
NATIONAL WEATHER SERVICE ALBANY NY
224 AM EDT WED SEP 28 2016


...................................

...THE GLENS FALLS NY CLIMATE SUMMARY FOR SEPTEMBER 27 2016...

CLIMATE NORMAL PERIOD 1981 TO 2010
CLIMATE RECORD PERIOD 1949 TO 2016


WEATHER ITEM   OBSERVED TIME   RECORD YEAR NORMAL DEPARTURE LAST
                VALUE   (LST)  VALUE       VALUE  FROM      YEAR
                                                  NORMAL
..................................................................
TEMPERATURE (F)
 YESTERDAY
  MAXIMUM         73    303 PM  81    2011  66      7       70
  MINIMUM         45   1158 PM  27    1966  42      3       37
  AVERAGE         59                        54      5       54

PRECIPITATION (IN)
  YESTERDAY        0.01          1.82 2009   0.12  -0.11     0.00
  MONTH TO DATE    1.13                      3.02  -1.89     1.87
  SINCE SEP 1      1.13                      3.02  -1.89     1.87
  SINCE JAN 1     22.29                     28.83  -6.54    19.39

DEGREE DAYS
 HEATING
  YESTERDAY        6                        11     -5       11
  MONTH TO DATE   79                       183   -104       67
  SINCE SEP 1     79                       183   -104       67
  SINCE JUL 1     85                       249   -164       80

 COOLING
  YESTERDAY        0                         0      0        0
  MONTH TO DATE   55                        23     32       93
  SINCE SEP 1     55                        23     32       93
  SINCE JAN 1    640                       350    290      592
..................................................................


WIND (MPH)
  HIGHEST WIND SPEED    13   HIGHEST WIND DIRECTION    SE (150)
  HIGHEST GUST SPEED    17   HIGHEST GUST DIRECTION    SE (150)
  AVERAGE WIND SPEED     4.2


SKY COVER
  AVERAGE SKY COVER 0.6



RELATIVE HUMIDITY (PERCENT)
 HIGHEST    93           300 AM
 LOWEST     44           200 PM
 AVERAGE    69

..........................................................


THE GLENS FALLS NY CLIMATE NORMALS FOR TODAY
                         NORMAL    RECORD    YEAR
 MAXIMUM TEMPERATURE (F)   66        82      1959
 MINIMUM TEMPERATURE (F)   41        27      1965


SUNRISE AND SUNSET
SEPTEMBER 28 2016.....SUNRISE   649 AM EDT   SUNSET   640 PM EDT
SEPTEMBER 29 2016.....SUNRISE   650 AM EDT   SUNSET   638 PM EDT


-  INDICATES NEGATIVE NUMBERS.
R  INDICATES RECORD WAS SET OR TIED.
MM INDICATES DATA IS MISSING.
T  INDICATES TRACE AMOUNT.




$$
