000
CDUS41 KALY 290631
CLIGFL


CLIMATE REPORT
NATIONAL WEATHER SERVICE ALBANY NY
229 AM EDT SAT APR 29 2017


...................................

...THE GLENS FALLS NY CLIMATE SUMMARY FOR APRIL 28 2017...

CLIMATE NORMAL PERIOD 1981 TO 2010
CLIMATE RECORD PERIOD 1949 TO 2017


WEATHER ITEM   OBSERVED TIME   RECORD YEAR NORMAL DEPARTURE LAST
                VALUE   (LST)  VALUE       VALUE  FROM      YEAR
                                                  NORMAL
..................................................................
TEMPERATURE (F)
 YESTERDAY
  MAXIMUM         80    312 PM  90    1990  62     18       55
  MINIMUM         55   1057 PM  22    1972  37     18       29
  AVERAGE         68                        50     18       42

PRECIPITATION (IN)
  YESTERDAY        0.01          1.47 1988   0.11  -0.10     0.00
  MONTH TO DATE    3.27                      2.77   0.50     1.46
  SINCE MAR 1      5.81                      5.71   0.10     3.74
  SINCE JAN 1     10.50                     10.65  -0.15     8.53

DEGREE DAYS
 HEATING
  YESTERDAY        0                        16    -16       23
  MONTH TO DATE  421                       583   -162      604
  SINCE MAR 1   1489                      1626   -137     1418
  SINCE JUL 1   6011                      7246  -1235     5598

 COOLING
  YESTERDAY        3                         0      3        0
  MONTH TO DATE    6                         0      6        0
  SINCE MAR 1      6                         0      6        0
  SINCE JAN 1      6                         0      6        0
..................................................................


WIND (MPH)
  HIGHEST WIND SPEED    17   HIGHEST WIND DIRECTION    SW (230)
  HIGHEST GUST SPEED    23   HIGHEST GUST DIRECTION     S (200)
  AVERAGE WIND SPEED     6.7


SKY COVER
  AVERAGE SKY COVER 0.5



RELATIVE HUMIDITY (PERCENT)
 HIGHEST    90           500 AM
 LOWEST     19           400 PM
 AVERAGE    55

..........................................................


THE GLENS FALLS NY CLIMATE NORMALS FOR TODAY
                         NORMAL    RECORD    YEAR
 MAXIMUM TEMPERATURE (F)   63        83      1986
 MINIMUM TEMPERATURE (F)   37        26      2012


SUNRISE AND SUNSET
APRIL 29 2017.........SUNRISE   550 AM EDT   SUNSET   754 PM EDT
APRIL 30 2017.........SUNRISE   549 AM EDT   SUNSET   755 PM EDT


-  INDICATES NEGATIVE NUMBERS.
R  INDICATES RECORD WAS SET OR TIED.
MM INDICATES DATA IS MISSING.
T  INDICATES TRACE AMOUNT.




$$
