000
CDUS41 KALY 170624
CLIGFL


CLIMATE REPORT
NATIONAL WEATHER SERVICE ALBANY NY
222 AM EDT THU AUG 17 2017


...................................

...THE GLENS FALLS NY CLIMATE SUMMARY FOR AUGUST 16 2017...

CLIMATE NORMAL PERIOD 1981 TO 2010
CLIMATE RECORD PERIOD 1949 TO 2017


WEATHER ITEM   OBSERVED TIME   RECORD YEAR NORMAL DEPARTURE LAST
                VALUE   (LST)  VALUE       VALUE  FROM      YEAR
                                                  NORMAL
..................................................................
TEMPERATURE (F)
 YESTERDAY
  MAXIMUM         77    230 PM  93    1959  79     -2       79
  MINIMUM         49   1149 PM  43    1964  55     -6       60
  AVERAGE         63                        67     -4       70

PRECIPITATION (IN)
  YESTERDAY        0.00          1.34 1951   0.12  -0.12     0.19
  MONTH TO DATE    0.74                      2.05  -1.31     2.09
  SINCE JUN 1     10.02                      9.69   0.33     8.93
  SINCE JAN 1     26.36                     24.18   2.18    20.55

DEGREE DAYS
 HEATING
  YESTERDAY        2                         1      1        0
  MONTH TO DATE    4                        16    -12        0
  SINCE JUN 1    109                       127    -18       44
  SINCE JUL 1     16                        37    -21        0

 COOLING
  YESTERDAY        0                         4     -4        5
  MONTH TO DATE   53                        64    -11      136
  SINCE JUN 1    265                       272     -7      454
  SINCE JAN 1    286                       284      2      510
..................................................................


WIND (MPH)
  HIGHEST WIND SPEED    15   HIGHEST WIND DIRECTION     E (80)
  HIGHEST GUST SPEED    19   HIGHEST GUST DIRECTION     E (70)
  AVERAGE WIND SPEED     5.2


SKY COVER
  AVERAGE SKY COVER 0.2



RELATIVE HUMIDITY (PERCENT)
 HIGHEST    97           300 AM
 LOWEST     49           400 PM
 AVERAGE    73

..........................................................


THE GLENS FALLS NY CLIMATE NORMALS FOR TODAY
                         NORMAL    RECORD    YEAR
 MAXIMUM TEMPERATURE (F)   79        93      1987
 MINIMUM TEMPERATURE (F)   55        41      1979


SUNRISE AND SUNSET
AUGUST 17 2017........SUNRISE   602 AM EDT   SUNSET   754 PM EDT
AUGUST 18 2017........SUNRISE   603 AM EDT   SUNSET   752 PM EDT


-  INDICATES NEGATIVE NUMBERS.
R  INDICATES RECORD WAS SET OR TIED.
MM INDICATES DATA IS MISSING.
T  INDICATES TRACE AMOUNT.




$$
