000
CDUS41 KALY 010621
CLIGFL


CLIMATE REPORT
NATIONAL WEATHER SERVICE ALBANY NY
221 AM EDT TUE SEP 1 2015


...................................

...THE GLENS FALLS NY CLIMATE SUMMARY FOR AUGUST 31 2015...

CLIMATE NORMAL PERIOD 1981 TO 2010
CLIMATE RECORD PERIOD 1949 TO 2015


WEATHER ITEM   OBSERVED TIME   RECORD YEAR NORMAL DEPARTURE LAST
                VALUE   (LST)  VALUE       VALUE  FROM      YEAR
                                                  NORMAL
..................................................................
TEMPERATURE (F)
 YESTERDAY
  MAXIMUM         87    211 PM  92    1953  76     11       76
  MINIMUM         58    445 AM  34    1965  52      6       67
  AVERAGE         73                        64      9       72

PRECIPITATION (IN)
  YESTERDAY        0.00          1.83 2005   0.10  -0.10     0.63
  MONTH TO DATE    1.77                      3.68  -1.91     2.83
  SINCE JUN 1     10.21                     11.32  -1.11    12.93
  SINCE JAN 1     17.52                     25.81  -8.29    26.04

DEGREE DAYS
 HEATING
  YESTERDAY        0                         3     -3        0
  MONTH TO DATE    2                        45    -43       14
  SINCE JUN 1     92                       156    -64       47
  SINCE JUL 1     13                        66    -53       15

 COOLING
  YESTERDAY        8                         2      6        7
  MONTH TO DATE  180                       107     73       85
  SINCE JUN 1    423                       315    108      318
  SINCE JAN 1    499                       327    172      338
..................................................................


WIND (MPH)
  HIGHEST WIND SPEED    17   HIGHEST WIND DIRECTION     W (290)
  HIGHEST GUST SPEED    24   HIGHEST GUST DIRECTION     W (290)
  AVERAGE WIND SPEED     4.9


SKY COVER
  AVERAGE SKY COVER 0.2



RELATIVE HUMIDITY (PERCENT)
 HIGHEST    97           600 AM
 LOWEST     42           100 PM
 AVERAGE    70

..........................................................


THE GLENS FALLS NY CLIMATE NORMALS FOR TODAY
                         NORMAL    RECORD    YEAR
 MAXIMUM TEMPERATURE (F)   76        91      1953
 MINIMUM TEMPERATURE (F)   52        38      1967


SUNRISE AND SUNSET
SEPTEMBER  1 2015.....SUNRISE   618 AM EDT   SUNSET   730 PM EDT
SEPTEMBER  2 2015.....SUNRISE   619 AM EDT   SUNSET   728 PM EDT


-  INDICATES NEGATIVE NUMBERS.
R  INDICATES RECORD WAS SET OR TIED.
MM INDICATES DATA IS MISSING.
T  INDICATES TRACE AMOUNT.




$$
