000
CDUS41 KALY 280621
CLIGFL


CLIMATE REPORT
NATIONAL WEATHER SERVICE ALBANY NY
221 AM EDT SUN SEP 28 2014


...................................

...THE GLENS FALLS NY CLIMATE SUMMARY FOR SEPTEMBER 27 2014...

CLIMATE NORMAL PERIOD 1981 TO 2010
CLIMATE RECORD PERIOD 1949 TO 2014


WEATHER ITEM   OBSERVED TIME   RECORD YEAR NORMAL DEPARTURE LAST
                VALUE   (LST)  VALUE       VALUE  FROM      YEAR
                                                  NORMAL
..................................................................
TEMPERATURE (F)
 YESTERDAY
  MAXIMUM         80    402 PM  81    2011  66     14       60
  MINIMUM         47    455 AM  27    1966  42      5       39
  AVERAGE         64                        54     10       50

PRECIPITATION (IN)
  YESTERDAY        0.00          1.82 2009   0.12  -0.12     0.00
  MONTH TO DATE    1.13                      3.02  -1.89     2.43
  SINCE SEP 1      1.13                      3.02  -1.89     2.43
  SINCE JAN 1     27.17                     28.83  -1.66    27.70

DEGREE DAYS
 HEATING
  YESTERDAY        1                        11    -10       15
  MONTH TO DATE  168                       183    -15      220
  SINCE SEP 1    168                       183    -15      220
  SINCE JUL 1    183                       249    -66      258

 COOLING
  YESTERDAY        0                         0      0        0
  MONTH TO DATE   47                        23     24       43
  SINCE SEP 1     47                        23     24       43
  SINCE JAN 1    385                       350     35      537
..................................................................


WIND (MPH)
  HIGHEST WIND SPEED     8   HIGHEST WIND DIRECTION     E (70)
  HIGHEST GUST SPEED    10   HIGHEST GUST DIRECTION    NE (60)
  AVERAGE WIND SPEED     0.6


SKY COVER
  AVERAGE SKY COVER 0.2



RELATIVE HUMIDITY (PERCENT)
 HIGHEST   100           300 AM
 LOWEST     45           300 PM
 AVERAGE    73

..........................................................


THE GLENS FALLS NY CLIMATE NORMALS FOR TODAY
                         NORMAL    RECORD    YEAR
 MAXIMUM TEMPERATURE (F)   66        82      1959
 MINIMUM TEMPERATURE (F)   41        27      1965


SUNRISE AND SUNSET
SEPTEMBER 28 2014.....SUNRISE   648 AM EDT   SUNSET   641 PM EDT
SEPTEMBER 29 2014.....SUNRISE   649 AM EDT   SUNSET   639 PM EDT


-  INDICATES NEGATIVE NUMBERS.
R  INDICATES RECORD WAS SET OR TIED.
MM INDICATES DATA IS MISSING.
T  INDICATES TRACE AMOUNT.




$$
