000
CDUS41 KALY 220632
CLIGFL


CLIMATE REPORT
NATIONAL WEATHER SERVICE ALBANY NY
231 AM EDT SUN MAY 22 2016


...................................

...THE GLENS FALLS NY CLIMATE SUMMARY FOR MAY 21 2016...

CLIMATE NORMAL PERIOD 1981 TO 2010
CLIMATE RECORD PERIOD 1949 TO 2016


WEATHER ITEM   OBSERVED TIME   RECORD YEAR NORMAL DEPARTURE LAST
                VALUE   (LST)  VALUE       VALUE  FROM      YEAR
                                                  NORMAL
..................................................................
TEMPERATURE (F)
 YESTERDAY
  MAXIMUM         69    522 PM  87    2009  70     -1       68
  MINIMUM         44    440 AM  29    2002  44      0       37
  AVERAGE         57                        57      0       53

PRECIPITATION (IN)
  YESTERDAY        0.00          1.49 1954   0.11  -0.11     0.00
  MONTH TO DATE    2.03                      2.43  -0.40     1.27
  SINCE MAR 1      5.77                      8.37  -2.60     3.92
  SINCE JAN 1     10.56                     13.31  -2.75     5.97

DEGREE DAYS
 HEATING
  YESTERDAY        8                         8      0       12
  MONTH TO DATE  249                       240      9      100
  SINCE MAR 1   1696                      1896   -200     1882
  SINCE JUL 1   5876                      7516  -1640     7563

 COOLING
  YESTERDAY        0                         0      0        0
  MONTH TO DATE    0                         0      0       38
  SINCE MAR 1      0                         1     -1       38
  SINCE JAN 1      0                         1     -1       38
..................................................................


WIND (MPH)
  HIGHEST WIND SPEED    12   HIGHEST WIND DIRECTION     S (190)
  HIGHEST GUST SPEED    15   HIGHEST GUST DIRECTION     S (190)
  AVERAGE WIND SPEED     3.7


SKY COVER
  AVERAGE SKY COVER 0.2



RELATIVE HUMIDITY (PERCENT)
 HIGHEST    92           400 AM
 LOWEST     42           200 PM
 AVERAGE    67

..........................................................


THE GLENS FALLS NY CLIMATE NORMALS FOR TODAY
                         NORMAL    RECORD    YEAR
 MAXIMUM TEMPERATURE (F)   70        88      1977
 MINIMUM TEMPERATURE (F)   45        30      2002


SUNRISE AND SUNSET
MAY 22 2016...........SUNRISE   523 AM EDT   SUNSET   820 PM EDT
MAY 23 2016...........SUNRISE   522 AM EDT   SUNSET   821 PM EDT


-  INDICATES NEGATIVE NUMBERS.
R  INDICATES RECORD WAS SET OR TIED.
MM INDICATES DATA IS MISSING.
T  INDICATES TRACE AMOUNT.




$$
