000
CDUS41 KALY 120623
CLIGFL


CLIMATE REPORT
NATIONAL WEATHER SERVICE ALBANY NY
222 AM EDT SAT APR 12 2014


...................................

...THE GLENS FALLS NY CLIMATE SUMMARY FOR APRIL 11 2014...

CLIMATE NORMAL PERIOD 1981 TO 2010
CLIMATE RECORD PERIOD 1949 TO 2014


WEATHER ITEM   OBSERVED TIME   RECORD YEAR NORMAL DEPARTURE LAST
                VALUE   (LST)  VALUE       VALUE  FROM      YEAR
                                                  NORMAL
..................................................................
TEMPERATURE (F)
 YESTERDAY
  MAXIMUM         67    119 PM  79    2011  55     12       44
  MINIMUM         34   1159 PM   9    1974  31      3       34
  AVERAGE         51                        43      8       39

PRECIPITATION (IN)
  YESTERDAY        T             0.86 1992   0.10  -0.10     0.02
  MONTH TO DATE    0.74                      1.07  -0.33     0.71
  SINCE MAR 1      3.46                      4.01  -0.55     3.82
  SINCE JAN 1      7.99                      8.95  -0.96     6.12

DEGREE DAYS
 HEATING
  YESTERDAY       14                        22     -8       26
  MONTH TO DATE  259                       268     -9      265
  SINCE MAR 1   1569                      1311    258     1251
  SINCE JUL 1   7338                      6931    407     6352

 COOLING
  YESTERDAY        0                         0      0        0
  MONTH TO DATE    0                         0      0        0
  SINCE MAR 1      0                         0      0        0
  SINCE JAN 1      0                         0      0        0
..................................................................


WIND (MPH)
  HIGHEST WIND SPEED    17   HIGHEST WIND DIRECTION    SW (240)
  HIGHEST GUST SPEED    24   HIGHEST GUST DIRECTION    SW (240)
  AVERAGE WIND SPEED     6.4


SKY COVER
  AVERAGE SKY COVER 0.5



RELATIVE HUMIDITY (PERCENT)
 HIGHEST    92          1100 PM
 LOWEST     18           200 PM
 AVERAGE    55

..........................................................


THE GLENS FALLS NY CLIMATE NORMALS FOR TODAY
                         NORMAL    RECORD    YEAR
 MAXIMUM TEMPERATURE (F)   55        73      2006
 MINIMUM TEMPERATURE (F)   31        18      1989


SUNRISE AND SUNSET
APRIL 12 2014.........SUNRISE   617 AM EDT   SUNSET   734 PM EDT
APRIL 13 2014.........SUNRISE   616 AM EDT   SUNSET   735 PM EDT


-  INDICATES NEGATIVE NUMBERS.
R  INDICATES RECORD WAS SET OR TIED.
MM INDICATES DATA IS MISSING.
T  INDICATES TRACE AMOUNT.




$$
