000
CDUS41 KALY 080627
CLIGFL


CLIMATE REPORT
NATIONAL WEATHER SERVICE ALBANY NY
226 AM EDT TUE JUL 8 2014


...................................

...THE GLENS FALLS NY CLIMATE SUMMARY FOR JULY 7 2014...

CLIMATE NORMAL PERIOD 1981 TO 2010
CLIMATE RECORD PERIOD 1949 TO 2014


WEATHER ITEM   OBSERVED TIME   RECORD YEAR NORMAL DEPARTURE LAST
                VALUE   (LST)  VALUE       VALUE  FROM      YEAR
                                                  NORMAL
..................................................................
TEMPERATURE (F)
 YESTERDAY
  MAXIMUM         81    349 PM  95    2010  81      0       89
  MINIMUM         56    451 AM  42    1979  56      0       65
  AVERAGE         69                        68      1       77

PRECIPITATION (IN)
  YESTERDAY        0.29          2.02 1994   0.12   0.17     0.14
  MONTH TO DATE    2.47                      0.86   1.61     1.75
  SINCE JUN 1      6.87                      4.41   2.46     7.44
  SINCE JAN 1     19.98                     18.90   1.08    19.37

DEGREE DAYS
 HEATING
  YESTERDAY        0                         1     -1        0
  MONTH TO DATE    0                         7     -7        0
  SINCE JUN 1     32                        97    -65       89
  SINCE JUL 1      0                         7     -7        0

 COOLING
  YESTERDAY        4                         4      0       12
  MONTH TO DATE   57                        28     29       78
  SINCE JUN 1    131                        97     34      178
  SINCE JAN 1    151                       109     42      211
..................................................................


WIND (MPH)
  HIGHEST WIND SPEED    15   HIGHEST WIND DIRECTION    SW (220)
  HIGHEST GUST SPEED    20   HIGHEST GUST DIRECTION    SW (220)
  AVERAGE WIND SPEED     5.9


SKY COVER
  AVERAGE SKY COVER 0.3



RELATIVE HUMIDITY (PERCENT)
 HIGHEST   100          1000 PM
 LOWEST     58          1000 AM
 AVERAGE    79

..........................................................


THE GLENS FALLS NY CLIMATE NORMALS FOR TODAY
                         NORMAL    RECORD    YEAR
 MAXIMUM TEMPERATURE (F)   81        96      1988
 MINIMUM TEMPERATURE (F)   56        46      2000


SUNRISE AND SUNSET
JULY  8 2014..........SUNRISE   522 AM EDT   SUNSET   836 PM EDT
JULY  9 2014..........SUNRISE   523 AM EDT   SUNSET   836 PM EDT


-  INDICATES NEGATIVE NUMBERS.
R  INDICATES RECORD WAS SET OR TIED.
MM INDICATES DATA IS MISSING.
T  INDICATES TRACE AMOUNT.




$$
