000
CDUS41 KALY 150629
CLIGFL


CLIMATE REPORT
NATIONAL WEATHER SERVICE ALBANY NY
129 AM EST WED FEB 15 2017


...................................

...THE GLENS FALLS NY CLIMATE SUMMARY FOR FEBRUARY 14 2017...

CLIMATE NORMAL PERIOD 1981 TO 2010
CLIMATE RECORD PERIOD 1949 TO 2017


WEATHER ITEM   OBSERVED TIME   RECORD YEAR NORMAL DEPARTURE LAST
                VALUE   (LST)  VALUE       VALUE  FROM      YEAR
                                                  NORMAL
..................................................................
TEMPERATURE (F)
 YESTERDAY
  MAXIMUM         35    348 PM  52    2011  33      2        4
  MINIMUM          4    454 AM -24    2003   9     -5      -14
  AVERAGE         20                        21     -1       -5

PRECIPITATION (IN)
  YESTERDAY        0.00          1.10 1962   0.07  -0.07     0.00
  MONTH TO DATE    1.85                      1.05   0.80     1.39
  SINCE DEC 1      6.90                      6.96  -0.06     6.50
  SINCE JAN 1      4.03                      3.91   0.12     2.45

DEGREE DAYS
 HEATING
  YESTERDAY       45                        44      1       70
  MONTH TO DATE  560                       636    -76      480
  SINCE DEC 1   2813                      3334   -521     2368
  SINCE JUL 1   4129                      5032   -903     3659

 COOLING
  YESTERDAY        0                         0      0        0
  MONTH TO DATE    0                         0      0        0
  SINCE DEC 1      0                         0      0        0
  SINCE JAN 1      0                         0      0        0
..................................................................


WIND (MPH)
  HIGHEST WIND SPEED    12   HIGHEST WIND DIRECTION    SE (150)
  HIGHEST GUST SPEED    15   HIGHEST GUST DIRECTION    SE (150)
  AVERAGE WIND SPEED     2.3


SKY COVER
  AVERAGE SKY COVER 0.5



RELATIVE HUMIDITY (PERCENT)
 HIGHEST    83           400 AM
 LOWEST     51           400 PM
 AVERAGE    67

..........................................................


THE GLENS FALLS NY CLIMATE NORMALS FOR TODAY
                         NORMAL    RECORD    YEAR
 MAXIMUM TEMPERATURE (F)   33        54      2006
 MINIMUM TEMPERATURE (F)   10       -20      1987


SUNRISE AND SUNSET
FEBRUARY 15 2017......SUNRISE   652 AM EST   SUNSET   526 PM EST
FEBRUARY 16 2017......SUNRISE   651 AM EST   SUNSET   527 PM EST


-  INDICATES NEGATIVE NUMBERS.
R  INDICATES RECORD WAS SET OR TIED.
MM INDICATES DATA IS MISSING.
T  INDICATES TRACE AMOUNT.




$$
