000
CDUS41 KALY 152159
CLIGFL


CLIMATE REPORT
NATIONAL WEATHER SERVICE ALBANY NY
458 PM EST WED NOV 15 2017


...................................

...THE GLENS FALLS NY CLIMATE SUMMARY FOR NOVEMBER 15 2017...
VALID TODAY AS OF 0400 PM LOCAL TIME.

CLIMATE NORMAL PERIOD 1981 TO 2010
CLIMATE RECORD PERIOD 1949 TO 2017


WEATHER ITEM   OBSERVED TIME   RECORD YEAR NORMAL DEPARTURE LAST
                VALUE   (LST)  VALUE       VALUE  FROM      YEAR
                                                  NORMAL
..................................................................
TEMPERATURE (F)
 TODAY
  MAXIMUM         44    331 PM  70    1956  47     -3       53
  MINIMUM         26    657 AM  12    1996  28     -2       33
  AVERAGE         35                        37     -2       43

PRECIPITATION (IN)
  TODAY            0.00          1.48 2007   0.11  -0.11     0.65
  MONTH TO DATE    0.74                      1.63  -0.89     1.50
  SINCE SEP 1      5.87                      8.52  -2.65     5.65
  SINCE JAN 1     33.00                     34.33  -1.33    26.81

DEGREE DAYS
 HEATING
  TODAY           30                        28      2       22
  MONTH TO DATE  414                       382     32      339
  SINCE SEP 1    889                      1171   -282      901
  SINCE JUL 1    956                      1237   -281      907

 COOLING
  TODAY            0                         0      0        0
  MONTH TO DATE    0                         0      0        0
  SINCE SEP 1     74                        25     49       58
  SINCE JAN 1    388                       352     36      643
..................................................................


WIND (MPH)
  HIGHEST WIND SPEED     8   HIGHEST WIND DIRECTION     E (100)
  HIGHEST GUST SPEED    12   HIGHEST GUST DIRECTION     E (100)
  AVERAGE WIND SPEED     1.4


SKY COVER
  AVERAGE SKY COVER 0.6



RELATIVE HUMIDITY (PERCENT)
 HIGHEST   100           400 AM
 LOWEST     53           300 PM
 AVERAGE    77

..........................................................


THE GLENS FALLS NY CLIMATE NORMALS FOR TOMORROW
                         NORMAL    RECORD    YEAR
 MAXIMUM TEMPERATURE (F)   46        69      2006
 MINIMUM TEMPERATURE (F)   27         8      1972


SUNRISE AND SUNSET
NOVEMBER 15 2017......SUNRISE   648 AM EST   SUNSET   430 PM EST
NOVEMBER 16 2017......SUNRISE   649 AM EST   SUNSET   429 PM EST


-  INDICATES NEGATIVE NUMBERS.
R  INDICATES RECORD WAS SET OR TIED.
MM INDICATES DATA IS MISSING.
T  INDICATES TRACE AMOUNT.




$$
