000
CDUS41 KALY 010622
CLIGFL


CLIMATE REPORT
NATIONAL WEATHER SERVICE ALBANY NY
221 AM EDT WED JUL 1 2015


...................................

...THE GLENS FALLS NY CLIMATE SUMMARY FOR JUNE 30 2015...

CLIMATE NORMAL PERIOD 1981 TO 2010
CLIMATE RECORD PERIOD 1949 TO 2015


WEATHER ITEM   OBSERVED TIME   RECORD YEAR NORMAL DEPARTURE LAST
                VALUE   (LST)  VALUE       VALUE  FROM      YEAR
                                                  NORMAL
..................................................................
TEMPERATURE (F)
 YESTERDAY
  MAXIMUM         72   1038 AM  97    1964  80     -8       84
  MINIMUM         55    433 AM  44    2007  55      0       64
  AVERAGE         64                        68     -4       74

PRECIPITATION (IN)
  YESTERDAY        0.35          2.74 1976   0.12   0.23      T
  MONTH TO DATE    6.22                      3.55   2.67     4.40
  SINCE JUN 1      6.22                      3.55   2.67     4.40
  SINCE JAN 1     13.53                     18.04  -4.51    17.51

DEGREE DAYS
 HEATING
  YESTERDAY        1                         1      0        0
  MONTH TO DATE   79                        89    -10       32
  SINCE JUN 1     79                        90    -11       32
  SINCE JUL 1   7676                      7676      0     7929

 COOLING
  YESTERDAY        0                         4     -4        9
  MONTH TO DATE   66                        69     -3       74
  SINCE JUN 1     66                        69     -3       74
  SINCE JAN 1    142                        81     61       94
..................................................................


WIND (MPH)
  HIGHEST WIND SPEED     8   HIGHEST WIND DIRECTION     N (20)
  HIGHEST GUST SPEED    10   HIGHEST GUST DIRECTION     N (340)
  AVERAGE WIND SPEED     2.0


SKY COVER
  AVERAGE SKY COVER 0.6



RELATIVE HUMIDITY (PERCENT)
 HIGHEST    97          1000 PM
 LOWEST     61          1100 AM
 AVERAGE    79

..........................................................


THE GLENS FALLS NY CLIMATE NORMALS FOR TODAY
                         NORMAL    RECORD    YEAR
 MAXIMUM TEMPERATURE (F)   80        93      1968
 MINIMUM TEMPERATURE (F)   56        44      1978


SUNRISE AND SUNSET
JULY  1 2015..........SUNRISE   518 AM EDT   SUNSET   839 PM EDT
JULY  2 2015..........SUNRISE   518 AM EDT   SUNSET   838 PM EDT


-  INDICATES NEGATIVE NUMBERS.
R  INDICATES RECORD WAS SET OR TIED.
MM INDICATES DATA IS MISSING.
T  INDICATES TRACE AMOUNT.




$$
