000
CDUS41 KALY 270624
CLIGFL


CLIMATE REPORT
NATIONAL WEATHER SERVICE ALBANY NY
223 AM EDT MON JUL 27 2015


...................................

...THE GLENS FALLS NY CLIMATE SUMMARY FOR JULY 26 2015...

CLIMATE NORMAL PERIOD 1981 TO 2010
CLIMATE RECORD PERIOD 1949 TO 2015


WEATHER ITEM   OBSERVED TIME   RECORD YEAR NORMAL DEPARTURE LAST
                VALUE   (LST)  VALUE       VALUE  FROM      YEAR
                                                  NORMAL
..................................................................
TEMPERATURE (F)
 YESTERDAY
  MAXIMUM         82    446 PM  93    1963  81      1       80
  MINIMUM         66    650 AM  44    1976  57      9       54
  AVERAGE         74                        69      5       67

PRECIPITATION (IN)
  YESTERDAY        0.04          1.50 1979   0.14  -0.10      T
  MONTH TO DATE    1.35                      3.41  -2.06     3.96
  SINCE JUN 1      7.57                      6.96   0.61     8.36
  SINCE JAN 1     14.88                     21.45  -6.57    21.47

DEGREE DAYS
 HEATING
  YESTERDAY        0                         1     -1        0
  MONTH TO DATE   11                        26    -15        1
  SINCE JUN 1     90                       116    -26       33
  SINCE JUL 1     11                        26    -15        1

 COOLING
  YESTERDAY        9                         5      4        2
  MONTH TO DATE  126                       122      4      147
  SINCE JUN 1    192                       191      1      221
  SINCE JAN 1    268                       203     65      241
..................................................................


WIND (MPH)
  HIGHEST WIND SPEED    13   HIGHEST WIND DIRECTION    SE (150)
  HIGHEST GUST SPEED    15   HIGHEST GUST DIRECTION    SW (220)
  AVERAGE WIND SPEED     6.1


SKY COVER
  AVERAGE SKY COVER 0.6



RELATIVE HUMIDITY (PERCENT)
 HIGHEST    93           700 AM
 LOWEST     67           400 PM
 AVERAGE    80

..........................................................


THE GLENS FALLS NY CLIMATE NORMALS FOR TODAY
                         NORMAL    RECORD    YEAR
 MAXIMUM TEMPERATURE (F)   81        96      1949
 MINIMUM TEMPERATURE (F)   57        43      2001


SUNRISE AND SUNSET
JULY 27 2015..........SUNRISE   539 AM EDT   SUNSET   822 PM EDT
JULY 28 2015..........SUNRISE   540 AM EDT   SUNSET   821 PM EDT


-  INDICATES NEGATIVE NUMBERS.
R  INDICATES RECORD WAS SET OR TIED.
MM INDICATES DATA IS MISSING.
T  INDICATES TRACE AMOUNT.




$$
