000
CDUS41 KALY 040625
CLIGFL


CLIMATE REPORT
NATIONAL WEATHER SERVICE ALBANY NY
125 AM EST SUN DEC 4 2016


...................................

...THE GLENS FALLS NY CLIMATE SUMMARY FOR DECEMBER 3 2016...

CLIMATE NORMAL PERIOD 1981 TO 2010
CLIMATE RECORD PERIOD 1949 TO 2016


WEATHER ITEM   OBSERVED TIME   RECORD YEAR NORMAL DEPARTURE LAST
                VALUE   (LST)  VALUE       VALUE  FROM      YEAR
                                                  NORMAL
..................................................................
TEMPERATURE (F)
 YESTERDAY
  MAXIMUM         44   1116 AM  58    2009  39      5       46
  MINIMUM         32    831 PM -16    1976  22     10       33
  AVERAGE         38                        30      8       40

PRECIPITATION (IN)
  YESTERDAY        T             1.13 2009   0.11  -0.11     0.06
  MONTH TO DATE    0.42                      0.33   0.09     0.81
  SINCE DEC 1      0.42                      0.33   0.09     0.81
  SINCE JAN 1     28.72                     36.34  -7.62    27.78

DEGREE DAYS
 HEATING
  YESTERDAY       27                        35     -8       25
  MONTH TO DATE   69                       103    -34       87
  SINCE DEC 1     69                       103    -34       87
  SINCE JUL 1   1385                      1801   -416     1378

 COOLING
  YESTERDAY        0                         0      0        0
  MONTH TO DATE    0                         0      0        0
  SINCE DEC 1      0                         0      0        0
  SINCE JAN 1    643                       352    291      596
..................................................................


WIND (MPH)
  HIGHEST WIND SPEED    21   HIGHEST WIND DIRECTION    NW (320)
  HIGHEST GUST SPEED    26   HIGHEST GUST DIRECTION    NW (310)
  AVERAGE WIND SPEED     7.4


SKY COVER
  AVERAGE SKY COVER 1.0



RELATIVE HUMIDITY (PERCENT)
 HIGHEST    70          1200 AM
 LOWEST     46           100 PM
 AVERAGE    58

..........................................................


THE GLENS FALLS NY CLIMATE NORMALS FOR TODAY
                         NORMAL    RECORD    YEAR
 MAXIMUM TEMPERATURE (F)   39        69      1982
 MINIMUM TEMPERATURE (F)   21        -4      1989


SUNRISE AND SUNSET
DECEMBER  4 2016......SUNRISE   711 AM EST   SUNSET   419 PM EST
DECEMBER  5 2016......SUNRISE   712 AM EST   SUNSET   419 PM EST


-  INDICATES NEGATIVE NUMBERS.
R  INDICATES RECORD WAS SET OR TIED.
MM INDICATES DATA IS MISSING.
T  INDICATES TRACE AMOUNT.




$$
