000
CDUS41 KALY 260623
CLIGFL


CLIMATE REPORT
NATIONAL WEATHER SERVICE ALBANY NY
222 AM EDT FRI SEP 26 2014


...................................

...THE GLENS FALLS NY CLIMATE SUMMARY FOR SEPTEMBER 25 2014...

CLIMATE NORMAL PERIOD 1981 TO 2010
CLIMATE RECORD PERIOD 1949 TO 2014


WEATHER ITEM   OBSERVED TIME   RECORD YEAR NORMAL DEPARTURE LAST
                VALUE   (LST)  VALUE       VALUE  FROM      YEAR
                                                  NORMAL
..................................................................
TEMPERATURE (F)
 YESTERDAY
  MAXIMUM         68    352 PM  84    2007  67      1       68
  MINIMUM         43    550 AM  26    1950  43      0       36
  AVERAGE         56                        55      1       52

PRECIPITATION (IN)
  YESTERDAY        0.00          1.49 1991   0.13  -0.13     0.00
  MONTH TO DATE    1.13                      2.78  -1.65     2.43
  SINCE SEP 1      1.13                      2.78  -1.65     2.43
  SINCE JAN 1     27.17                     28.59  -1.42    27.70

DEGREE DAYS
 HEATING
  YESTERDAY        9                        11     -2       13
  MONTH TO DATE  163                       161      2      193
  SINCE SEP 1    163                       161      2      193
  SINCE JUL 1    178                       227    -49      231

 COOLING
  YESTERDAY        0                         0      0        0
  MONTH TO DATE   47                        23     24       43
  SINCE SEP 1     47                        23     24       43
  SINCE JAN 1    385                       350     35      537
..................................................................


WIND (MPH)
  HIGHEST WIND SPEED     7   HIGHEST WIND DIRECTION    SE (150)
  HIGHEST GUST SPEED     9   HIGHEST GUST DIRECTION     S (160)
  AVERAGE WIND SPEED     0.5


SKY COVER
  AVERAGE SKY COVER 0.1



RELATIVE HUMIDITY (PERCENT)
 HIGHEST   100           200 AM
 LOWEST     53           200 PM
 AVERAGE    77

..........................................................


THE GLENS FALLS NY CLIMATE NORMALS FOR TODAY
                         NORMAL    RECORD    YEAR
 MAXIMUM TEMPERATURE (F)   66        87      2007
 MINIMUM TEMPERATURE (F)   42        28      1978


SUNRISE AND SUNSET
SEPTEMBER 26 2014.....SUNRISE   646 AM EDT   SUNSET   645 PM EDT
SEPTEMBER 27 2014.....SUNRISE   647 AM EDT   SUNSET   643 PM EDT


-  INDICATES NEGATIVE NUMBERS.
R  INDICATES RECORD WAS SET OR TIED.
MM INDICATES DATA IS MISSING.
T  INDICATES TRACE AMOUNT.




$$
