000
CDUS41 KALY 240622
CLIGFL


CLIMATE REPORT
NATIONAL WEATHER SERVICE ALBANY NY
122 AM EST MON NOV 24 2014


...................................

...THE GLENS FALLS NY CLIMATE SUMMARY FOR NOVEMBER 23 2014...

CLIMATE NORMAL PERIOD 1981 TO 2010
CLIMATE RECORD PERIOD 1949 TO 2014


WEATHER ITEM   OBSERVED TIME   RECORD YEAR NORMAL DEPARTURE LAST
                VALUE   (LST)  VALUE       VALUE  FROM      YEAR
                                                  NORMAL
..................................................................
TEMPERATURE (F)
 YESTERDAY
  MAXIMUM         53    227 PM  66    1953  43     10       45
  MINIMUM         33   1141 PM   7    2008  25      8       24
  AVERAGE         43                        34      9       35

PRECIPITATION (IN)
  YESTERDAY        T             1.02 2011   0.11  -0.11      T
  MONTH TO DATE    0.94                      2.54  -1.60     1.56
  SINCE SEP 1      5.36                      9.43  -4.07     6.20
  SINCE JAN 1     31.40                     35.24  -3.84    31.47

DEGREE DAYS
 HEATING
  YESTERDAY       22                        31     -9       30
  MONTH TO DATE  646                       617     29      622
  SINCE SEP 1   1228                      1406   -178     1353
  SINCE JUL 1   1243                      1472   -229     1391

 COOLING
  YESTERDAY        0                         0      0        0
  MONTH TO DATE    0                         0      0        0
  SINCE SEP 1     54                        25     29       43
  SINCE JAN 1    392                       352     40      537
..................................................................


WIND (MPH)
  HIGHEST WIND SPEED    14   HIGHEST WIND DIRECTION     S (190)
  HIGHEST GUST SPEED    18   HIGHEST GUST DIRECTION     S (190)
  AVERAGE WIND SPEED     4.0


SKY COVER
  AVERAGE SKY COVER 0.5



RELATIVE HUMIDITY (PERCENT)
 HIGHEST    89           900 PM
 LOWEST     54           100 PM
 AVERAGE    72

..........................................................


THE GLENS FALLS NY CLIMATE NORMALS FOR TODAY
                         NORMAL    RECORD    YEAR
 MAXIMUM TEMPERATURE (F)   43        67      1999
 MINIMUM TEMPERATURE (F)   25         8      2000


SUNRISE AND SUNSET
NOVEMBER 24 2014......SUNRISE   659 AM EST   SUNSET   423 PM EST
NOVEMBER 25 2014......SUNRISE   700 AM EST   SUNSET   423 PM EST


-  INDICATES NEGATIVE NUMBERS.
R  INDICATES RECORD WAS SET OR TIED.
MM INDICATES DATA IS MISSING.
T  INDICATES TRACE AMOUNT.




$$
