000
CDUS41 KALY 280626
CLIGFL


CLIMATE REPORT
NATIONAL WEATHER SERVICE ALBANY NY
125 AM EST MON NOV 28 2016


...................................

...THE GLENS FALLS NY CLIMATE SUMMARY FOR NOVEMBER 27 2016...

CLIMATE NORMAL PERIOD 1981 TO 2010
CLIMATE RECORD PERIOD 1949 TO 2016


WEATHER ITEM   OBSERVED TIME   RECORD YEAR NORMAL DEPARTURE LAST
                VALUE   (LST)  VALUE       VALUE  FROM      YEAR
                                                  NORMAL
..................................................................
TEMPERATURE (F)
 YESTERDAY
  MAXIMUM         40    105 PM  61    2015  42     -2       61
                                      1976
  MINIMUM         28   1156 PM   3    1957  24      4       31
  AVERAGE         34                        33      1       46

PRECIPITATION (IN)
  YESTERDAY        0.01          1.27 1965   0.11  -0.10     0.00
  MONTH TO DATE    2.38                      2.98  -0.60     1.01
  SINCE SEP 1      6.53                      9.87  -3.34     9.41
  SINCE JAN 1     27.69                     35.68  -7.99    26.93

DEGREE DAYS
 HEATING
  YESTERDAY       31                        32     -1       19
  MONTH TO DATE  666                       743    -77      571
  SINCE SEP 1   1228                      1532   -304     1191
  SINCE JUL 1   1234                      1598   -364     1204

 COOLING
  YESTERDAY        0                         0      0        0
  MONTH TO DATE    0                         0      0        0
  SINCE SEP 1     58                        25     33       97
  SINCE JAN 1    643                       352    291      596
..................................................................


WIND (MPH)
  HIGHEST WIND SPEED     9   HIGHEST WIND DIRECTION    NW (300)
  HIGHEST GUST SPEED    12   HIGHEST GUST DIRECTION    NW (300)
  AVERAGE WIND SPEED     2.4


SKY COVER
  AVERAGE SKY COVER 0.9



RELATIVE HUMIDITY (PERCENT)
 HIGHEST    96           200 AM
 LOWEST     64           800 PM
 AVERAGE    80

..........................................................


THE GLENS FALLS NY CLIMATE NORMALS FOR TODAY
                         NORMAL    RECORD    YEAR
 MAXIMUM TEMPERATURE (F)   41        66      1990
 MINIMUM TEMPERATURE (F)   24        -1      1951


SUNRISE AND SUNSET
NOVEMBER 28 2016......SUNRISE   704 AM EST   SUNSET   421 PM EST
NOVEMBER 29 2016......SUNRISE   705 AM EST   SUNSET   420 PM EST


-  INDICATES NEGATIVE NUMBERS.
R  INDICATES RECORD WAS SET OR TIED.
MM INDICATES DATA IS MISSING.
T  INDICATES TRACE AMOUNT.




$$
