888
CDUS41 KALY 190637
CLIGFL


CLIMATE REPORT
NATIONAL WEATHER SERVICE ALBANY NY
135 AM EST FRI JAN 19 2018


...................................

...THE GLENS FALLS NY CLIMATE SUMMARY FOR JANUARY 18 2018...

CLIMATE NORMAL PERIOD 1981 TO 2010
CLIMATE RECORD PERIOD 1949 TO 2018


WEATHER ITEM   OBSERVED TIME   RECORD YEAR NORMAL DEPARTURE LAST
                VALUE   (LST)  VALUE       VALUE  FROM      YEAR
                                                  NORMAL
..................................................................
TEMPERATURE (F)
 YESTERDAY
  MAXIMUM         22        MM  54    1990  28     -6       36
  MINIMUM         -9        MM -26    1977   7    -16       32
  AVERAGE          7                        17    -10       34

PRECIPITATION (IN)
  YESTERDAY        0.00          2.46 2006   0.09  -0.09     0.14
  MONTH TO DATE    1.24                      1.64  -0.40     1.13
  SINCE DEC 1      3.56                      4.69  -1.13     4.00
  SINCE JAN 1      1.24                      1.64  -0.40     1.13

DEGREE DAYS
 HEATING
  YESTERDAY       58                        48     10       31
  MONTH TO DATE  934                       844     90      694
  SINCE DEC 1   2308                      2084    224     1839
  SINCE JUL 1   3719                      3782    -63     3155

 COOLING
  YESTERDAY        0                         0      0        0
  MONTH TO DATE    0                         0      0        0
  SINCE DEC 1      0                         0      0        0
  SINCE JAN 1      0                         0      0        0
..................................................................


WIND (MPH)
  HIGHEST WIND SPEED     7   HIGHEST WIND DIRECTION     S (170)
  HIGHEST GUST SPEED    MM   HIGHEST GUST DIRECTION    MM
  AVERAGE WIND SPEED     2.7


SKY COVER
  AVERAGE SKY COVER 0.6



RELATIVE HUMIDITY (PERCENT)
 HIGHEST    95           500 AM
 LOWEST     77           200 PM
 AVERAGE    86

..........................................................


THE GLENS FALLS NY CLIMATE NORMALS FOR TODAY
                         NORMAL    RECORD    YEAR
 MAXIMUM TEMPERATURE (F)   28        56      1996
 MINIMUM TEMPERATURE (F)    7       -30      1976


SUNRISE AND SUNSET
JANUARY 19 2018.......SUNRISE   722 AM EST   SUNSET   449 PM EST
JANUARY 20 2018.......SUNRISE   721 AM EST   SUNSET   450 PM EST


-  INDICATES NEGATIVE NUMBERS.
R  INDICATES RECORD WAS SET OR TIED.
MM INDICATES DATA IS MISSING.
T  INDICATES TRACE AMOUNT.




$$
