000
CDUS41 KALY 102147
CLIGFL


CLIMATE REPORT
NATIONAL WEATHER SERVICE ALBANY NY
447 PM EST FRI NOV 10 2017


...................................

...THE GLENS FALLS NY CLIMATE SUMMARY FOR NOVEMBER 10 2017...
VALID TODAY AS OF 0400 PM LOCAL TIME.

CLIMATE NORMAL PERIOD 1981 TO 2010
CLIMATE RECORD PERIOD 1949 TO 2017


WEATHER ITEM   OBSERVED TIME   RECORD YEAR NORMAL DEPARTURE LAST
                VALUE   (LST)  VALUE       VALUE  FROM      YEAR
                                                  NORMAL
..................................................................
TEMPERATURE (F)
 TODAY
  MAXIMUM         45    100 AM  67    1999  49     -4       49
  MINIMUM         23    409 PM  14    2004  29     -6       26
  AVERAGE         34                        39     -5       38

PRECIPITATION (IN)
  TODAY            0.01          2.08 1990   0.11  -0.10     0.00
  MONTH TO DATE    0.71                      1.11  -0.40     0.85
  SINCE SEP 1      5.84                      8.00  -2.16     5.00
  SINCE JAN 1     32.97                     33.81  -0.84    26.16

DEGREE DAYS
 HEATING
  TODAY           31                        26      5       27
  MONTH TO DATE  242                       247     -5      223
  SINCE SEP 1    717                      1036   -319      785
  SINCE JUL 1    784                      1102   -318      791

 COOLING
  TODAY            0                         0      0        0
  MONTH TO DATE    0                         0      0        0
  SINCE SEP 1     74                        25     49       58
  SINCE JAN 1    388                       352     36      643
..................................................................


WIND (MPH)
  HIGHEST WIND SPEED    28   HIGHEST WIND DIRECTION    NW (300)
  HIGHEST GUST SPEED    37   HIGHEST GUST DIRECTION    NW (300)
  AVERAGE WIND SPEED    15.0


SKY COVER
  AVERAGE SKY COVER 0.5



RELATIVE HUMIDITY (PERCENT)
 HIGHEST    83          1200 AM
 LOWEST     32           300 PM
 AVERAGE    58

..........................................................


THE GLENS FALLS NY CLIMATE NORMALS FOR TOMORROW
                         NORMAL    RECORD    YEAR
 MAXIMUM TEMPERATURE (F)   49        68      2002
 MINIMUM TEMPERATURE (F)   29        15      1973


SUNRISE AND SUNSET
NOVEMBER 10 2017......SUNRISE   642 AM EST   SUNSET   435 PM EST
NOVEMBER 11 2017......SUNRISE   643 AM EST   SUNSET   434 PM EST


-  INDICATES NEGATIVE NUMBERS.
R  INDICATES RECORD WAS SET OR TIED.
MM INDICATES DATA IS MISSING.
T  INDICATES TRACE AMOUNT.




$$
