197
CDUS41 KALY 240623
CLIGFL


CLIMATE REPORT
NATIONAL WEATHER SERVICE ALBANY NY
222 AM EDT FRI MAR 24 2017


...................................

...THE GLENS FALLS NY CLIMATE SUMMARY FOR MARCH 23 2017...

CLIMATE NORMAL PERIOD 1981 TO 2010
CLIMATE RECORD PERIOD 1949 TO 2017


WEATHER ITEM   OBSERVED TIME   RECORD YEAR NORMAL DEPARTURE LAST
                VALUE   (LST)  VALUE       VALUE  FROM      YEAR
                                                  NORMAL
..................................................................
TEMPERATURE (F)
 YESTERDAY
  MAXIMUM         39    446 PM  70    1979  45     -6       47
  MINIMUM         11    350 AM   9    1974  23    -12       32
  AVERAGE         25                        34     -9       40

PRECIPITATION (IN)
  YESTERDAY        0.00          0.88 1968   0.11  -0.11     0.01
  MONTH TO DATE    0.66                      2.19  -1.53     1.43
  SINCE MAR 1      0.66                      2.19  -1.53     1.43
  SINCE JAN 1      5.35                      7.13  -1.78     6.22

DEGREE DAYS
 HEATING
  YESTERDAY       40                        31      9       25
  MONTH TO DATE  822                       814      8      644
  SINCE MAR 1    822                       814      8      644
  SINCE JUL 1   5344                      6434  -1090     4824

 COOLING
  YESTERDAY        0                         0      0        0
  MONTH TO DATE    0                         0      0        0
  SINCE MAR 1      0                         0      0        0
  SINCE JAN 1      0                         0      0        0
..................................................................


WIND (MPH)
  HIGHEST WIND SPEED    17   HIGHEST WIND DIRECTION     W (290)
  HIGHEST GUST SPEED    24   HIGHEST GUST DIRECTION     W (280)
  AVERAGE WIND SPEED     5.6


SKY COVER
  AVERAGE SKY COVER 0.0



RELATIVE HUMIDITY (PERCENT)
 HIGHEST    68          1000 PM
 LOWEST     20           300 PM
 AVERAGE    44

..........................................................


THE GLENS FALLS NY CLIMATE NORMALS FOR TODAY
                         NORMAL    RECORD    YEAR
 MAXIMUM TEMPERATURE (F)   46        65      1979
 MINIMUM TEMPERATURE (F)   24         4      1997


SUNRISE AND SUNSET
MARCH 24 2017.........SUNRISE   650 AM EDT   SUNSET   712 PM EDT
MARCH 25 2017.........SUNRISE   648 AM EDT   SUNSET   713 PM EDT


-  INDICATES NEGATIVE NUMBERS.
R  INDICATES RECORD WAS SET OR TIED.
MM INDICATES DATA IS MISSING.
T  INDICATES TRACE AMOUNT.




$$
