412
CDUS41 KALY 260622
CLIGFL


CLIMATE REPORT
NATIONAL WEATHER SERVICE ALBANY NY
221 AM EDT THU MAY 26 2016


...................................

...THE GLENS FALLS NY CLIMATE SUMMARY FOR MAY 25 2016...

CLIMATE NORMAL PERIOD 1981 TO 2010
CLIMATE RECORD PERIOD 1949 TO 2016


WEATHER ITEM   OBSERVED TIME   RECORD YEAR NORMAL DEPARTURE LAST
                VALUE   (LST)  VALUE       VALUE  FROM      YEAR
                                                  NORMAL
..................................................................
TEMPERATURE (F)
 YESTERDAY
  MAXIMUM         88    221 PM  90    2007  71     17       81
  MINIMUM         48    256 AM  30    1992  46      2       53
  AVERAGE         68                        58     10       67

PRECIPITATION (IN)
  YESTERDAY        T             0.95 1955   0.12  -0.12      T
  MONTH TO DATE    2.03                      2.92  -0.89     1.27
  SINCE MAR 1      5.77                      8.86  -3.09     3.92
  SINCE JAN 1     10.56                     13.80  -3.24     5.97

DEGREE DAYS
 HEATING
  YESTERDAY        0                         7     -7        0
  MONTH TO DATE  256                       271    -15      128
  SINCE MAR 1   1703                      1927   -224     1910
  SINCE JUL 1   5883                      7547  -1664     7591

 COOLING
  YESTERDAY        3                         1      2        2
  MONTH TO DATE    3                         2      1       40
  SINCE MAR 1      3                         3      0       40
  SINCE JAN 1      3                         3      0       40
..................................................................


WIND (MPH)
  HIGHEST WIND SPEED    29   HIGHEST WIND DIRECTION    NW (300)
  HIGHEST GUST SPEED    40   HIGHEST GUST DIRECTION    NW (300)
  AVERAGE WIND SPEED     5.8


SKY COVER
  AVERAGE SKY COVER 0.4



RELATIVE HUMIDITY (PERCENT)
 HIGHEST    93           100 AM
 LOWEST     31           300 PM
 AVERAGE    62

..........................................................


THE GLENS FALLS NY CLIMATE NORMALS FOR TODAY
                         NORMAL    RECORD    YEAR
 MAXIMUM TEMPERATURE (F)   71        92      2010
 MINIMUM TEMPERATURE (F)   46        31      2009


SUNRISE AND SUNSET
MAY 26 2016...........SUNRISE   520 AM EDT   SUNSET   823 PM EDT
MAY 27 2016...........SUNRISE   520 AM EDT   SUNSET   824 PM EDT


-  INDICATES NEGATIVE NUMBERS.
R  INDICATES RECORD WAS SET OR TIED.
MM INDICATES DATA IS MISSING.
T  INDICATES TRACE AMOUNT.




$$
