000
CDUS41 KALY 130624
CLIGFL


CLIMATE REPORT
NATIONAL WEATHER SERVICE ALBANY NY
123 AM EST SAT DEC 13 2014


...................................

...THE GLENS FALLS NY CLIMATE SUMMARY FOR DECEMBER 12 2014...

CLIMATE NORMAL PERIOD 1981 TO 2010
CLIMATE RECORD PERIOD 1949 TO 2014


WEATHER ITEM   OBSERVED TIME   RECORD YEAR NORMAL DEPARTURE LAST
                VALUE   (LST)  VALUE       VALUE  FROM      YEAR
                                                  NORMAL
..................................................................
TEMPERATURE (F)
 YESTERDAY
  MAXIMUM         33   1117 AM  56    1979  35     -2       21
  MINIMUM         23    830 AM -23    1977  18      5        4
  AVERAGE         28                        26      2       13

PRECIPITATION (IN)
  YESTERDAY        T             1.64 1959   0.10  -0.10     0.00
  MONTH TO DATE    2.53                      1.31   1.22     0.60
  SINCE DEC 1      2.53                      1.31   1.22     0.60
  SINCE JAN 1     34.88                     37.32  -2.44    33.44

DEGREE DAYS
 HEATING
  YESTERDAY       37                        39     -2       52
  MONTH TO DATE  432                       435     -3      426
  SINCE DEC 1    432                       435     -3      426
  SINCE JUL 1   1893                      2133   -240     2105

 COOLING
  YESTERDAY        0                         0      0        0
  MONTH TO DATE    0                         0      0        0
  SINCE DEC 1      0                         0      0        0
  SINCE JAN 1    392                       352     40      537
..................................................................


WIND (MPH)
  HIGHEST WIND SPEED    13   HIGHEST WIND DIRECTION     N (350)
  HIGHEST GUST SPEED    16   HIGHEST GUST DIRECTION     N (360)
  AVERAGE WIND SPEED     3.4


SKY COVER
  AVERAGE SKY COVER 1.0



RELATIVE HUMIDITY (PERCENT)
 HIGHEST   100           300 AM
 LOWEST     78          1200 PM
 AVERAGE    89

..........................................................


THE GLENS FALLS NY CLIMATE NORMALS FOR TODAY
                         NORMAL    RECORD    YEAR
 MAXIMUM TEMPERATURE (F)   35        50      1984
 MINIMUM TEMPERATURE (F)   17       -12      1995


SUNRISE AND SUNSET
DECEMBER 13 2014......SUNRISE   718 AM EST   SUNSET   419 PM EST
DECEMBER 14 2014......SUNRISE   719 AM EST   SUNSET   419 PM EST


-  INDICATES NEGATIVE NUMBERS.
R  INDICATES RECORD WAS SET OR TIED.
MM INDICATES DATA IS MISSING.
T  INDICATES TRACE AMOUNT.




$$
