000
CDUS41 KALY 170623
CLIGFL


CLIMATE REPORT
NATIONAL WEATHER SERVICE ALBANY NY
222 AM EDT FRI OCT 17 2014


...................................

...THE GLENS FALLS NY CLIMATE SUMMARY FOR OCTOBER 16 2014...

CLIMATE NORMAL PERIOD 1981 TO 2010
CLIMATE RECORD PERIOD 1949 TO 2014


WEATHER ITEM   OBSERVED TIME   RECORD YEAR NORMAL DEPARTURE LAST
                VALUE   (LST)  VALUE       VALUE  FROM      YEAR
                                                  NORMAL
..................................................................
TEMPERATURE (F)
 YESTERDAY
  MAXIMUM         73   1236 PM  80    1956  58     15       63
  MINIMUM         51   1159 PM  21    1978  35     16       47
  AVERAGE         62                        46     16       55

PRECIPITATION (IN)
  YESTERDAY        0.81          2.80 1955   0.11   0.70      T
  MONTH TO DATE    1.96                      1.85   0.11     0.95
  SINCE SEP 1      3.09                      5.23  -2.14     3.38
  SINCE JAN 1     29.13                     31.04  -1.91    28.65

DEGREE DAYS
 HEATING
  YESTERDAY        3                        19    -16       10
  MONTH TO DATE  154                       254   -100      158
  SINCE SEP 1    331                       473   -142      405
  SINCE JUL 1    346                       539   -193      443

 COOLING
  YESTERDAY        0                         0      0        0
  MONTH TO DATE    7                         0      7        0
  SINCE SEP 1     54                        24     30       43
  SINCE JAN 1    392                       351     41      537
..................................................................


WIND (MPH)
  HIGHEST WIND SPEED    15   HIGHEST WIND DIRECTION    SE (140)
  HIGHEST GUST SPEED    21   HIGHEST GUST DIRECTION    SE (130)
  AVERAGE WIND SPEED     4.6


SKY COVER
  AVERAGE SKY COVER 0.7



RELATIVE HUMIDITY (PERCENT)
 HIGHEST   100           100 AM
 LOWEST     78           600 PM
 AVERAGE    89

..........................................................


THE GLENS FALLS NY CLIMATE NORMALS FOR TODAY
                         NORMAL    RECORD    YEAR
 MAXIMUM TEMPERATURE (F)   58        77      1980
 MINIMUM TEMPERATURE (F)   35        21      1978


SUNRISE AND SUNSET
OCTOBER 17 2014.......SUNRISE   711 AM EDT   SUNSET   608 PM EDT
OCTOBER 18 2014.......SUNRISE   712 AM EDT   SUNSET   607 PM EDT


-  INDICATES NEGATIVE NUMBERS.
R  INDICATES RECORD WAS SET OR TIED.
MM INDICATES DATA IS MISSING.
T  INDICATES TRACE AMOUNT.




$$
