000
CDUS41 KALY 170623
CLIGFL


CLIMATE REPORT
NATIONAL WEATHER SERVICE ALBANY NY
222 AM EDT WED AUG 17 2016


...................................

...THE GLENS FALLS NY CLIMATE SUMMARY FOR AUGUST 16 2016...

CLIMATE NORMAL PERIOD 1981 TO 2010
CLIMATE RECORD PERIOD 1949 TO 2016


WEATHER ITEM   OBSERVED TIME   RECORD YEAR NORMAL DEPARTURE LAST
                VALUE   (LST)  VALUE       VALUE  FROM      YEAR
                                                  NORMAL
..................................................................
TEMPERATURE (F)
 YESTERDAY
  MAXIMUM         79    958 PM  93    1959  79      0       84
  MINIMUM         60    232 AM  43    1964  55      5       65
  AVERAGE         70                        67      3       75

PRECIPITATION (IN)
  YESTERDAY        0.19          1.34 1951   0.12   0.07     0.00
  MONTH TO DATE    1.53                      2.05  -0.52     1.43
  SINCE JUN 1      8.37                      9.69  -1.32     9.87
  SINCE JAN 1     19.99                     24.18  -4.19    17.18

DEGREE DAYS
 HEATING
  YESTERDAY        0                         1     -1        0
  MONTH TO DATE    0                        16    -16        1
  SINCE JUN 1     44                       127    -83       91
  SINCE JUL 1      0                        37    -37       12

 COOLING
  YESTERDAY        5                         4      1       10
  MONTH TO DATE  136                        64     72       79
  SINCE JUN 1    454                       272    182      322
  SINCE JAN 1    510                       284    226      398
..................................................................


WIND (MPH)
  HIGHEST WIND SPEED    17   HIGHEST WIND DIRECTION     S (190)
  HIGHEST GUST SPEED    24   HIGHEST GUST DIRECTION     S (200)
  AVERAGE WIND SPEED     3.1


SKY COVER
  AVERAGE SKY COVER 0.6



RELATIVE HUMIDITY (PERCENT)
 HIGHEST    93          1200 AM
 LOWEST     73          1100 AM
 AVERAGE    83

..........................................................


THE GLENS FALLS NY CLIMATE NORMALS FOR TODAY
                         NORMAL    RECORD    YEAR
 MAXIMUM TEMPERATURE (F)   79        93      1987
 MINIMUM TEMPERATURE (F)   55        41      1979


SUNRISE AND SUNSET
AUGUST 17 2016........SUNRISE   602 AM EDT   SUNSET   754 PM EDT
AUGUST 18 2016........SUNRISE   603 AM EDT   SUNSET   752 PM EDT


-  INDICATES NEGATIVE NUMBERS.
R  INDICATES RECORD WAS SET OR TIED.
MM INDICATES DATA IS MISSING.
T  INDICATES TRACE AMOUNT.




$$
