690
CDUS41 KALY 280624
CLIGFL


CLIMATE REPORT
NATIONAL WEATHER SERVICE ALBANY NY
223 AM EDT TUE MAR 28 2017


...................................

...THE GLENS FALLS NY CLIMATE SUMMARY FOR MARCH 27 2017...

CLIMATE NORMAL PERIOD 1981 TO 2010
CLIMATE RECORD PERIOD 1949 TO 2017


WEATHER ITEM   OBSERVED TIME   RECORD YEAR NORMAL DEPARTURE LAST
                VALUE   (LST)  VALUE       VALUE  FROM      YEAR
                                                  NORMAL
..................................................................
TEMPERATURE (F)
 YESTERDAY
  MAXIMUM         38    646 PM  74    1998  47     -9       58
  MINIMUM         32    446 AM   2    2014  25      7       28
  AVERAGE         35                        36     -1       43

PRECIPITATION (IN)
  YESTERDAY        0.51          1.61 1978   0.10   0.41     0.00
  MONTH TO DATE    1.48                      2.57  -1.09     1.83
  SINCE MAR 1      1.48                      2.57  -1.09     1.83
  SINCE JAN 1      6.17                      7.51  -1.34     6.62

DEGREE DAYS
 HEATING
  YESTERDAY       30                        29      1       22
  MONTH TO DATE  957                       932     25      734
  SINCE MAR 1    957                       932     25      734
  SINCE JUL 1   5479                      6552  -1073     4914

 COOLING
  YESTERDAY        0                         0      0        0
  MONTH TO DATE    0                         0      0        0
  SINCE MAR 1      0                         0      0        0
  SINCE JAN 1      0                         0      0        0
..................................................................


WIND (MPH)
  HIGHEST WIND SPEED     7   HIGHEST WIND DIRECTION     E (70)
  HIGHEST GUST SPEED     7   HIGHEST GUST DIRECTION     E (80)
  AVERAGE WIND SPEED     0.8


SKY COVER
  AVERAGE SKY COVER 1.0



RELATIVE HUMIDITY (PERCENT)
 HIGHEST   100           900 PM
 LOWEST     82          1200 AM
 AVERAGE    91

..........................................................


THE GLENS FALLS NY CLIMATE NORMALS FOR TODAY
                         NORMAL    RECORD    YEAR
 MAXIMUM TEMPERATURE (F)   48        76      1998
 MINIMUM TEMPERATURE (F)   25         8      1982


SUNRISE AND SUNSET
MARCH 28 2017.........SUNRISE   643 AM EDT   SUNSET   717 PM EDT
MARCH 29 2017.........SUNRISE   641 AM EDT   SUNSET   718 PM EDT


-  INDICATES NEGATIVE NUMBERS.
R  INDICATES RECORD WAS SET OR TIED.
MM INDICATES DATA IS MISSING.
T  INDICATES TRACE AMOUNT.




$$
