000
CDUS41 KALY 180625
CLIGFL


CLIMATE REPORT
NATIONAL WEATHER SERVICE ALBANY NY
223 AM EDT WED OCT 18 2017


...................................

...THE GLENS FALLS NY CLIMATE SUMMARY FOR OCTOBER 17 2017...

CLIMATE NORMAL PERIOD 1981 TO 2010
CLIMATE RECORD PERIOD 1949 TO 2017


WEATHER ITEM   OBSERVED TIME   RECORD YEAR NORMAL DEPARTURE LAST
                VALUE   (LST)  VALUE       VALUE  FROM      YEAR
                                                  NORMAL
..................................................................
TEMPERATURE (F)
 YESTERDAY
  MAXIMUM         56    415 PM  77    1980  58     -2       68
  MINIMUM         27    612 AM  21    1978  35     -8       49
  AVERAGE         42                        46     -4       59

PRECIPITATION (IN)
  YESTERDAY        0.00          1.02 1977   0.11  -0.11     0.35
  MONTH TO DATE    1.12                      1.96  -0.84     0.52
  SINCE SEP 1      3.44                      5.34  -1.90     1.73
  SINCE JAN 1     30.57                     31.15  -0.58    22.89

DEGREE DAYS
 HEATING
  YESTERDAY       23                        19      4        6
  MONTH TO DATE  177                       273    -96      200
  SINCE SEP 1    309                       492   -183      303
  SINCE JUL 1    376                       558   -182      309

 COOLING
  YESTERDAY        0                         0      0        0
  MONTH TO DATE    3                         0      3        0
  SINCE SEP 1     70                        24     46       55
  SINCE JAN 1    384                       351     33      640
..................................................................


WIND (MPH)
  HIGHEST WIND SPEED    16   HIGHEST WIND DIRECTION     S (160)
  HIGHEST GUST SPEED    22   HIGHEST GUST DIRECTION    SW (220)
  AVERAGE WIND SPEED     5.8


SKY COVER
  AVERAGE SKY COVER 0.0



RELATIVE HUMIDITY (PERCENT)
 HIGHEST    92           400 AM
 LOWEST     35           400 PM
 AVERAGE    64

..........................................................


THE GLENS FALLS NY CLIMATE NORMALS FOR TODAY
                         NORMAL    RECORD    YEAR
 MAXIMUM TEMPERATURE (F)   57        84      2016
 MINIMUM TEMPERATURE (F)   34        18      1978


SUNRISE AND SUNSET
OCTOBER 18 2017.......SUNRISE   712 AM EDT   SUNSET   606 PM EDT
OCTOBER 19 2017.......SUNRISE   713 AM EDT   SUNSET   605 PM EDT


-  INDICATES NEGATIVE NUMBERS.
R  INDICATES RECORD WAS SET OR TIED.
MM INDICATES DATA IS MISSING.
T  INDICATES TRACE AMOUNT.




$$
