000
CDUS41 KALY 250640
CLIGFL


CLIMATE REPORT
NATIONAL WEATHER SERVICE ALBANY NY
240 AM EDT WED MAR 25 2015


...................................

...THE GLENS FALLS NY CLIMATE SUMMARY FOR MARCH 24 2015...

CLIMATE NORMAL PERIOD 1981 TO 2010
CLIMATE RECORD PERIOD 1949 TO 2015


WEATHER ITEM   OBSERVED TIME   RECORD YEAR NORMAL DEPARTURE LAST
                VALUE   (LST)  VALUE       VALUE  FROM      YEAR
                                                  NORMAL
..................................................................
TEMPERATURE (F)
 YESTERDAY
  MAXIMUM         38    503 PM  65    1979  46     -8       31
  MINIMUM          9    609 AM   4    1997  24    -15        6
  AVERAGE         24                        35    -11       19

PRECIPITATION (IN)
  YESTERDAY        0.00          1.12 1993   0.09  -0.09     0.00
  MONTH TO DATE    0.14                      2.28  -2.14     1.53
  SINCE MAR 1      0.14                      2.28  -2.14     1.53
  SINCE JAN 1      2.19                      7.22  -5.03     6.06

DEGREE DAYS
 HEATING
  YESTERDAY       41                        30     11       46
  MONTH TO DATE  961                       844    117     1068
  SINCE MAR 1    961                       844    117     1068
  SINCE JUL 1   6642                      6464    178     6837

 COOLING
  YESTERDAY        0                         0      0        0
  MONTH TO DATE    0                         0      0        0
  SINCE MAR 1      0                         0      0        0
  SINCE JAN 1      0                         0      0        0
..................................................................


WIND (MPH)
  HIGHEST WIND SPEED    10   HIGHEST WIND DIRECTION     N (10)
  HIGHEST GUST SPEED    11   HIGHEST GUST DIRECTION     N (10)
  AVERAGE WIND SPEED     3.2


SKY COVER
  AVERAGE SKY COVER 0.0



RELATIVE HUMIDITY (PERCENT)
 HIGHEST    77          1100 PM
 LOWEST     35           200 PM
 AVERAGE    56

..........................................................


THE GLENS FALLS NY CLIMATE NORMALS FOR TODAY
                         NORMAL    RECORD    YEAR
 MAXIMUM TEMPERATURE (F)   46        67      1987
 MINIMUM TEMPERATURE (F)   24         2      2014


SUNRISE AND SUNSET
MARCH 25 2015.........SUNRISE   649 AM EDT   SUNSET   712 PM EDT
MARCH 26 2015.........SUNRISE   647 AM EDT   SUNSET   714 PM EDT


-  INDICATES NEGATIVE NUMBERS.
R  INDICATES RECORD WAS SET OR TIED.
MM INDICATES DATA IS MISSING.
T  INDICATES TRACE AMOUNT.




$$
