000
CDUS41 KALY 120635
CLIGFL


CLIMATE REPORT
NATIONAL WEATHER SERVICE ALBANY NY
134 AM EST SUN FEB 12 2017


...................................

...THE GLENS FALLS NY CLIMATE SUMMARY FOR FEBRUARY 11 2017...

CLIMATE NORMAL PERIOD 1981 TO 2010
CLIMATE RECORD PERIOD 1949 TO 2017


WEATHER ITEM   OBSERVED TIME   RECORD YEAR NORMAL DEPARTURE LAST
                VALUE   (LST)  VALUE       VALUE  FROM      YEAR
                                                  NORMAL
..................................................................
TEMPERATURE (F)
 YESTERDAY
  MAXIMUM         30    556 PM  57    1981  32     -2       28
  MINIMUM         14    307 AM -21    1979   9      5        1
  AVERAGE         22                        20      2       15

PRECIPITATION (IN)
  YESTERDAY        0.05          1.15 1955   0.08  -0.03      T
  MONTH TO DATE    1.18                      0.84   0.34     1.39
  SINCE DEC 1      6.23                      6.75  -0.52     6.50
  SINCE JAN 1      3.36                      3.70  -0.34     2.45

DEGREE DAYS
 HEATING
  YESTERDAY       43                        45     -2       50
  MONTH TO DATE  436                       503    -67      291
  SINCE DEC 1   2689                      3201   -512     2179
  SINCE JUL 1   4005                      4899   -894     3470

 COOLING
  YESTERDAY        0                         0      0        0
  MONTH TO DATE    0                         0      0        0
  SINCE DEC 1      0                         0      0        0
  SINCE JAN 1      0                         0      0        0
..................................................................


WIND (MPH)
  HIGHEST WIND SPEED     9   HIGHEST WIND DIRECTION    NE (40)
  HIGHEST GUST SPEED    11   HIGHEST GUST DIRECTION    NE (40)
  AVERAGE WIND SPEED     1.9


SKY COVER
  AVERAGE SKY COVER 1.0



RELATIVE HUMIDITY (PERCENT)
 HIGHEST    81           900 PM
 LOWEST     68           100 PM
 AVERAGE    75

..........................................................


THE GLENS FALLS NY CLIMATE NORMALS FOR TODAY
                         NORMAL    RECORD    YEAR
 MAXIMUM TEMPERATURE (F)   32        53      1999
 MINIMUM TEMPERATURE (F)    9       -25      1979


SUNRISE AND SUNSET
FEBRUARY 12 2017......SUNRISE   656 AM EST   SUNSET   522 PM EST
FEBRUARY 13 2017......SUNRISE   655 AM EST   SUNSET   523 PM EST


-  INDICATES NEGATIVE NUMBERS.
R  INDICATES RECORD WAS SET OR TIED.
MM INDICATES DATA IS MISSING.
T  INDICATES TRACE AMOUNT.




$$
