000
CDUS41 KALY 150629
CLIGFL


CLIMATE REPORT
NATIONAL WEATHER SERVICE ALBANY NY
128 AM EST WED NOV 15 2017


...................................

...THE GLENS FALLS NY CLIMATE SUMMARY FOR NOVEMBER 14 2017...

CLIMATE NORMAL PERIOD 1981 TO 2010
CLIMATE RECORD PERIOD 1949 TO 2017


WEATHER ITEM   OBSERVED TIME   RECORD YEAR NORMAL DEPARTURE LAST
                VALUE   (LST)  VALUE       VALUE  FROM      YEAR
                                                  NORMAL
..................................................................
TEMPERATURE (F)
 YESTERDAY
  MAXIMUM         38    215 AM  67    1973  47     -9       56
  MINIMUM         31    245 AM  11    1996  28      3       24
  AVERAGE         35                        38     -3       40

PRECIPITATION (IN)
  YESTERDAY        0.00          1.45 2009   0.10  -0.10     0.00
  MONTH TO DATE    0.74                      1.52  -0.78     0.85
  SINCE SEP 1      5.87                      8.41  -2.54     5.00
  SINCE JAN 1     33.00                     34.22  -1.22    26.16

DEGREE DAYS
 HEATING
  YESTERDAY       30                        27      3       25
  MONTH TO DATE  384                       354     30      317
  SINCE SEP 1    859                      1143   -284      879
  SINCE JUL 1    926                      1209   -283      885

 COOLING
  YESTERDAY        0                         0      0        0
  MONTH TO DATE    0                         0      0        0
  SINCE SEP 1     74                        25     49       58
  SINCE JAN 1    388                       352     36      643
..................................................................


WIND (MPH)
  HIGHEST WIND SPEED     6   HIGHEST WIND DIRECTION    NE (50)
  HIGHEST GUST SPEED     7   HIGHEST GUST DIRECTION    NE (50)
  AVERAGE WIND SPEED     3.0


SKY COVER
  AVERAGE SKY COVER 0.6



RELATIVE HUMIDITY (PERCENT)
 HIGHEST    96          1000 AM
 LOWEST     64           100 PM
 AVERAGE    80

..........................................................


THE GLENS FALLS NY CLIMATE NORMALS FOR TODAY
                         NORMAL    RECORD    YEAR
 MAXIMUM TEMPERATURE (F)   47        70      1956
 MINIMUM TEMPERATURE (F)   28        12      1996


SUNRISE AND SUNSET
NOVEMBER 15 2017......SUNRISE   648 AM EST   SUNSET   430 PM EST
NOVEMBER 16 2017......SUNRISE   649 AM EST   SUNSET   429 PM EST


-  INDICATES NEGATIVE NUMBERS.
R  INDICATES RECORD WAS SET OR TIED.
MM INDICATES DATA IS MISSING.
T  INDICATES TRACE AMOUNT.




$$
