562
CDUS41 KALY 110627
CLIGFL


CLIMATE REPORT
NATIONAL WEATHER SERVICE ALBANY NY
125 AM EST WED JAN 11 2017


...................................

...THE GLENS FALLS NY CLIMATE SUMMARY FOR JANUARY 10 2017...

CLIMATE NORMAL PERIOD 1981 TO 2010
CLIMATE RECORD PERIOD 1949 TO 2017


WEATHER ITEM   OBSERVED TIME   RECORD YEAR NORMAL DEPARTURE LAST
                VALUE   (LST)  VALUE       VALUE  FROM      YEAR
                                                  NORMAL
..................................................................
TEMPERATURE (F)
 YESTERDAY
  MAXIMUM         41   1135 PM  49    2016  28     13       49
                                      1972
  MINIMUM          3    315 AM -25    1968   8     -5       34
  AVERAGE         22                        18      4       42

PRECIPITATION (IN)
  YESTERDAY        0.01          0.98 1987   0.09  -0.08     0.77
  MONTH TO DATE    0.50                      0.89  -0.39     0.78
  SINCE DEC 1      3.37                      3.94  -0.57     4.83
  SINCE JAN 1      0.50                      0.89  -0.39     0.78

DEGREE DAYS
 HEATING
  YESTERDAY       43                        47     -4       23
  MONTH TO DATE  425                       464    -39      376
  SINCE DEC 1   1570                      1704   -134     1199
  SINCE JUL 1   2886                      3402   -516     2490

 COOLING
  YESTERDAY        0                         0      0        0
  MONTH TO DATE    0                         0      0        0
  SINCE DEC 1      0                         0      0        0
  SINCE JAN 1      0                         0      0        0
..................................................................


WIND (MPH)
  HIGHEST WIND SPEED    24   HIGHEST WIND DIRECTION     S (190)
  HIGHEST GUST SPEED    36   HIGHEST GUST DIRECTION     S (200)
  AVERAGE WIND SPEED     6.1


SKY COVER
  AVERAGE SKY COVER 0.6



RELATIVE HUMIDITY (PERCENT)
 HIGHEST    83           100 AM
 LOWEST     36           300 PM
 AVERAGE    60

..........................................................


THE GLENS FALLS NY CLIMATE NORMALS FOR TODAY
                         NORMAL    RECORD    YEAR
 MAXIMUM TEMPERATURE (F)   28        54      1980
 MINIMUM TEMPERATURE (F)    8       -33      1968


SUNRISE AND SUNSET
JANUARY 11 2017.......SUNRISE   725 AM EST   SUNSET   440 PM EST
JANUARY 12 2017.......SUNRISE   725 AM EST   SUNSET   441 PM EST


-  INDICATES NEGATIVE NUMBERS.
R  INDICATES RECORD WAS SET OR TIED.
MM INDICATES DATA IS MISSING.
T  INDICATES TRACE AMOUNT.




$$
