000
CDUS41 KALY 240626
CLIGFL


CLIMATE REPORT
NATIONAL WEATHER SERVICE ALBANY NY
124 AM EST WED DEC 24 2014


...................................

...THE GLENS FALLS NY CLIMATE SUMMARY FOR DECEMBER 23 2014...

CLIMATE NORMAL PERIOD 1981 TO 2010
CLIMATE RECORD PERIOD 1949 TO 2014


WEATHER ITEM   OBSERVED TIME   RECORD YEAR NORMAL DEPARTURE LAST
                VALUE   (LST)  VALUE       VALUE  FROM      YEAR
                                                  NORMAL
..................................................................
TEMPERATURE (F)
 YESTERDAY
  MAXIMUM         37   1159 PM  61    1990  31      6       37
  MINIMUM         32    453 AM -23    1989  13     19       32
  AVERAGE         35                        22     13       35

PRECIPITATION (IN)
  YESTERDAY        0.37          0.88 2004   0.09   0.28     0.04
  MONTH TO DATE    3.04                      2.34   0.70     1.92
  SINCE DEC 1      3.04                      2.34   0.70     1.92
  SINCE JAN 1     35.39                     38.35  -2.96    34.76

DEGREE DAYS
 HEATING
  YESTERDAY       30                        43    -13       30
  MONTH TO DATE  810                       885    -75      903
  SINCE DEC 1    810                       885    -75      903
  SINCE JUL 1   2271                      2583   -312     2582

 COOLING
  YESTERDAY        0                         0      0        0
  MONTH TO DATE    0                         0      0        0
  SINCE DEC 1      0                         0      0        0
  SINCE JAN 1    392                       352     40      537
..................................................................


WIND (MPH)
  HIGHEST WIND SPEED    12   HIGHEST WIND DIRECTION     N (340)
  HIGHEST GUST SPEED    15   HIGHEST GUST DIRECTION     N (350)
  AVERAGE WIND SPEED     4.4


SKY COVER
  AVERAGE SKY COVER 1.0



RELATIVE HUMIDITY (PERCENT)
 HIGHEST    96           800 AM
 LOWEST     85          1200 AM
 AVERAGE    91

..........................................................


THE GLENS FALLS NY CLIMATE NORMALS FOR TODAY
                         NORMAL    RECORD    YEAR
 MAXIMUM TEMPERATURE (F)   31        49      1957
 MINIMUM TEMPERATURE (F)   13       -23      1989


SUNRISE AND SUNSET
DECEMBER 24 2014......SUNRISE   725 AM EST   SUNSET   423 PM EST
DECEMBER 25 2014......SUNRISE   725 AM EST   SUNSET   424 PM EST


-  INDICATES NEGATIVE NUMBERS.
R  INDICATES RECORD WAS SET OR TIED.
MM INDICATES DATA IS MISSING.
T  INDICATES TRACE AMOUNT.




$$
