000
CDUS41 KALY 260624
CLIGFL


CLIMATE REPORT
NATIONAL WEATHER SERVICE ALBANY NY
223 AM EDT TUE APR 26 2016


...................................

...THE GLENS FALLS NY CLIMATE SUMMARY FOR APRIL 25 2016...

CLIMATE NORMAL PERIOD 1981 TO 2010
CLIMATE RECORD PERIOD 1949 TO 2016


WEATHER ITEM   OBSERVED TIME   RECORD YEAR NORMAL DEPARTURE LAST
                VALUE   (LST)  VALUE       VALUE  FROM      YEAR
                                                  NORMAL
..................................................................
TEMPERATURE (F)
 YESTERDAY
  MAXIMUM         57    538 PM  89    2009  61     -4       55
  MINIMUM         38    651 AM  23    2003  36      2       31
  AVERAGE         48                        48      0       43

PRECIPITATION (IN)
  YESTERDAY        T             1.03 1983   0.10  -0.10     0.00
  MONTH TO DATE    1.15                      2.45  -1.30     1.96
  SINCE MAR 1      3.43                      5.39  -1.96     2.64
  SINCE JAN 1      8.22                     10.33  -2.11     4.69

DEGREE DAYS
 HEATING
  YESTERDAY       17                        17      0       22
  MONTH TO DATE  535                       535      0      533
  SINCE MAR 1   1349                      1578   -229     1715
  SINCE JUL 1   5529                      7198  -1669     7396

 COOLING
  YESTERDAY        0                         0      0        0
  MONTH TO DATE    0                         0      0        0
  SINCE MAR 1      0                         0      0        0
  SINCE JAN 1      0                         0      0        0
..................................................................


WIND (MPH)
  HIGHEST WIND SPEED    15   HIGHEST WIND DIRECTION    NE (50)
  HIGHEST GUST SPEED    19   HIGHEST GUST DIRECTION    NE (50)
  AVERAGE WIND SPEED     5.5


SKY COVER
  AVERAGE SKY COVER 0.8



RELATIVE HUMIDITY (PERCENT)
 HIGHEST    55           100 AM
 LOWEST     28           100 PM
 AVERAGE    42

..........................................................


THE GLENS FALLS NY CLIMATE NORMALS FOR TODAY
                         NORMAL    RECORD    YEAR
 MAXIMUM TEMPERATURE (F)   62        84      1990
 MINIMUM TEMPERATURE (F)   36        22      1972


SUNRISE AND SUNSET
APRIL 26 2016.........SUNRISE   554 AM EDT   SUNSET   751 PM EDT
APRIL 27 2016.........SUNRISE   553 AM EDT   SUNSET   752 PM EDT


-  INDICATES NEGATIVE NUMBERS.
R  INDICATES RECORD WAS SET OR TIED.
MM INDICATES DATA IS MISSING.
T  INDICATES TRACE AMOUNT.




$$
