000
CDUS41 KALY 180622
CLIGFL


CLIMATE REPORT
NATIONAL WEATHER SERVICE ALBANY NY
221 AM EDT THU MAY 18 2017


...................................

...THE GLENS FALLS NY CLIMATE SUMMARY FOR MAY 17 2017...

CLIMATE NORMAL PERIOD 1981 TO 2010
CLIMATE RECORD PERIOD 1949 TO 2017


WEATHER ITEM   OBSERVED TIME   RECORD YEAR NORMAL DEPARTURE LAST
                VALUE   (LST)  VALUE       VALUE  FROM      YEAR
                                                  NORMAL
..................................................................
TEMPERATURE (F)
 YESTERDAY
  MAXIMUM         91R   351 PM  91    1977  69     22       69
  MINIMUM         50    436 AM  28    1967  43      7       42
  AVERAGE         71                        56     15       56

PRECIPITATION (IN)
  YESTERDAY        T             1.03 1990   0.11  -0.11     0.00
  MONTH TO DATE    2.95                      1.95   1.00     2.03
  SINCE MAR 1      8.79                      7.89   0.90     5.77
  SINCE JAN 1     13.48                     12.83   0.65    10.56

DEGREE DAYS
 HEATING
  YESTERDAY        0                        10    -10        9
  MONTH TO DATE  206                       205      1      213
  SINCE MAR 1   1718                      1861   -143     1660
  SINCE JUL 1   6240                      7481  -1241     5840

 COOLING
  YESTERDAY        6                         0      6        0
  MONTH TO DATE    6                         0      6        0
  SINCE MAR 1     12                         1     11        0
  SINCE JAN 1     12                         1     11        0
..................................................................


WIND (MPH)
  HIGHEST WIND SPEED    21   HIGHEST WIND DIRECTION    SW (240)
  HIGHEST GUST SPEED    29   HIGHEST GUST DIRECTION    SW (210)
  AVERAGE WIND SPEED     6.4


SKY COVER
  AVERAGE SKY COVER 0.1



RELATIVE HUMIDITY (PERCENT)
 HIGHEST    89           400 AM
 LOWEST     26           300 PM
 AVERAGE    58

..........................................................


THE GLENS FALLS NY CLIMATE NORMALS FOR TODAY
                         NORMAL    RECORD    YEAR
 MAXIMUM TEMPERATURE (F)   69        89      1962
 MINIMUM TEMPERATURE (F)   43        28      1983


SUNRISE AND SUNSET
MAY 18 2017...........SUNRISE   527 AM EDT   SUNSET   815 PM EDT
MAY 19 2017...........SUNRISE   526 AM EDT   SUNSET   816 PM EDT


-  INDICATES NEGATIVE NUMBERS.
R  INDICATES RECORD WAS SET OR TIED.
MM INDICATES DATA IS MISSING.
T  INDICATES TRACE AMOUNT.




$$
