573
CDUS41 KALY 270622
CLIGFL


CLIMATE REPORT
NATIONAL WEATHER SERVICE ALBANY NY
221 AM EDT WED APR 27 2016


...................................

...THE GLENS FALLS NY CLIMATE SUMMARY FOR APRIL 26 2016...

CLIMATE NORMAL PERIOD 1981 TO 2010
CLIMATE RECORD PERIOD 1949 TO 2016


WEATHER ITEM   OBSERVED TIME   RECORD YEAR NORMAL DEPARTURE LAST
                VALUE   (LST)  VALUE       VALUE  FROM      YEAR
                                                  NORMAL
..................................................................
TEMPERATURE (F)
 YESTERDAY
  MAXIMUM         44   1205 AM  84    1990  62    -18       56
  MINIMUM         32   1159 PM  22    1972  36     -4       44
  AVERAGE         38                        49    -11       50

PRECIPITATION (IN)
  YESTERDAY        0.31          1.09 1953   0.11   0.20     0.00
  MONTH TO DATE    1.46                      2.56  -1.10     1.96
  SINCE MAR 1      3.74                      5.50  -1.76     2.64
  SINCE JAN 1      8.53                     10.44  -1.91     4.69

DEGREE DAYS
 HEATING
  YESTERDAY       27                        16     11       15
  MONTH TO DATE  562                       551     11      548
  SINCE MAR 1   1376                      1594   -218     1730
  SINCE JUL 1   5556                      7214  -1658     7411

 COOLING
  YESTERDAY        0                         0      0        0
  MONTH TO DATE    0                         0      0        0
  SINCE MAR 1      0                         0      0        0
  SINCE JAN 1      0                         0      0        0
..................................................................


WIND (MPH)
  HIGHEST WIND SPEED    13   HIGHEST WIND DIRECTION     N (350)
  HIGHEST GUST SPEED    16   HIGHEST GUST DIRECTION    NE (30)
  AVERAGE WIND SPEED     6.6


SKY COVER
  AVERAGE SKY COVER 0.9



RELATIVE HUMIDITY (PERCENT)
 HIGHEST    89          1000 PM
 LOWEST     49          1200 AM
 AVERAGE    69

..........................................................


THE GLENS FALLS NY CLIMATE NORMALS FOR TODAY
                         NORMAL    RECORD    YEAR
 MAXIMUM TEMPERATURE (F)   62        90      1990
 MINIMUM TEMPERATURE (F)   37        23      2002


SUNRISE AND SUNSET
APRIL 27 2016.........SUNRISE   553 AM EDT   SUNSET   752 PM EDT
APRIL 28 2016.........SUNRISE   551 AM EDT   SUNSET   753 PM EDT


-  INDICATES NEGATIVE NUMBERS.
R  INDICATES RECORD WAS SET OR TIED.
MM INDICATES DATA IS MISSING.
T  INDICATES TRACE AMOUNT.




$$
