535
CDUS41 KALY 180622
CLIGFL


CLIMATE REPORT
NATIONAL WEATHER SERVICE ALBANY NY
222 AM EDT TUE JUL 18 2017


...................................

...THE GLENS FALLS NY CLIMATE SUMMARY FOR JULY 17 2017...

CLIMATE NORMAL PERIOD 1981 TO 2010
CLIMATE RECORD PERIOD 1949 TO 2017


WEATHER ITEM   OBSERVED TIME   RECORD YEAR NORMAL DEPARTURE LAST
                VALUE   (LST)  VALUE       VALUE  FROM      YEAR
                                                  NORMAL
..................................................................
TEMPERATURE (F)
 YESTERDAY
  MAXIMUM         85    120 PM  99    1953  81      4       84
  MINIMUM         60    502 AM  46    1954  57      3       62
  AVERAGE         73                        69      4       73

PRECIPITATION (IN)
  YESTERDAY        0.60          0.99 1988   0.14   0.46     0.27
  MONTH TO DATE    4.93                      2.18   2.75     3.22
  SINCE JUN 1      8.67                      5.73   2.94     6.33
  SINCE JAN 1     25.01                     20.22   4.79    17.95

DEGREE DAYS
 HEATING
  YESTERDAY        0                         1     -1        0
  MONTH TO DATE    3                        17    -14        0
  SINCE JUN 1     96                       107    -11       44
  SINCE JUL 1      3                        17    -14        0

 COOLING
  YESTERDAY        8                         5      3        8
  MONTH TO DATE   77                        77      0      111
  SINCE JUN 1    165                       146     19      214
  SINCE JAN 1    186                       158     28      270
..................................................................


WIND (MPH)
  HIGHEST WIND SPEED    23   HIGHEST WIND DIRECTION     N (340)
  HIGHEST GUST SPEED    28   HIGHEST GUST DIRECTION    NW (330)
  AVERAGE WIND SPEED     4.3


SKY COVER
  AVERAGE SKY COVER 0.4



RELATIVE HUMIDITY (PERCENT)
 HIGHEST   100           400 AM
 LOWEST     55           200 PM
 AVERAGE    78

..........................................................


THE GLENS FALLS NY CLIMATE NORMALS FOR TODAY
                         NORMAL    RECORD    YEAR
 MAXIMUM TEMPERATURE (F)   81        97      1953
 MINIMUM TEMPERATURE (F)   57        48      1956


SUNRISE AND SUNSET
JULY 18 2017..........SUNRISE   531 AM EDT   SUNSET   830 PM EDT
JULY 19 2017..........SUNRISE   532 AM EDT   SUNSET   829 PM EDT


-  INDICATES NEGATIVE NUMBERS.
R  INDICATES RECORD WAS SET OR TIED.
MM INDICATES DATA IS MISSING.
T  INDICATES TRACE AMOUNT.




$$
