000
CDUS41 KALY 270623
CLIGFL


CLIMATE REPORT
NATIONAL WEATHER SERVICE ALBANY NY
222 AM EDT THU AUG 27 2015


...................................

...THE GLENS FALLS NY CLIMATE SUMMARY FOR AUGUST 26 2015...

CLIMATE NORMAL PERIOD 1981 TO 2010
CLIMATE RECORD PERIOD 1949 TO 2015


WEATHER ITEM   OBSERVED TIME   RECORD YEAR NORMAL DEPARTURE LAST
                VALUE   (LST)  VALUE       VALUE  FROM      YEAR
                                                  NORMAL
..................................................................
TEMPERATURE (F)
 YESTERDAY
  MAXIMUM         77   1158 AM  92    1949  77      0       84
  MINIMUM         59    617 AM  42    1977  54      5       57
  AVERAGE         68                        65      3       71

PRECIPITATION (IN)
  YESTERDAY        0.00          0.61 1999   0.11  -0.11     0.00
  MONTH TO DATE    1.77                      3.18  -1.41     2.20
  SINCE JUN 1     10.21                     10.82  -0.61    12.30
  SINCE JAN 1     17.52                     25.31  -7.79    25.41

DEGREE DAYS
 HEATING
  YESTERDAY        0                         2     -2        0
  MONTH TO DATE    1                        32    -31       13
  SINCE JUN 1     91                       143    -52       46
  SINCE JUL 1     12                        53    -41       14

 COOLING
  YESTERDAY        3                         3      0        6
  MONTH TO DATE  167                        94     73       69
  SINCE JUN 1    410                       302    108      302
  SINCE JAN 1    486                       314    172      322
..................................................................


WIND (MPH)
  HIGHEST WIND SPEED    14   HIGHEST WIND DIRECTION    NW (310)
  HIGHEST GUST SPEED    16   HIGHEST GUST DIRECTION    NW (310)
  AVERAGE WIND SPEED     3.6


SKY COVER
  AVERAGE SKY COVER 0.7



RELATIVE HUMIDITY (PERCENT)
 HIGHEST    84           900 PM
 LOWEST     46          1200 PM
 AVERAGE    65

..........................................................


THE GLENS FALLS NY CLIMATE NORMALS FOR TODAY
                         NORMAL    RECORD    YEAR
 MAXIMUM TEMPERATURE (F)   77        96      1952
 MINIMUM TEMPERATURE (F)   53        40      1954


SUNRISE AND SUNSET
AUGUST 27 2015........SUNRISE   613 AM EDT   SUNSET   739 PM EDT
AUGUST 28 2015........SUNRISE   614 AM EDT   SUNSET   737 PM EDT


-  INDICATES NEGATIVE NUMBERS.
R  INDICATES RECORD WAS SET OR TIED.
MM INDICATES DATA IS MISSING.
T  INDICATES TRACE AMOUNT.




$$
