200
CDUS41 KALY 192046
CLIGFL


CLIMATE REPORT
NATIONAL WEATHER SERVICE ALBANY NY
446 PM EDT WED APR 19 2017


...................................

...THE GLENS FALLS NY CLIMATE SUMMARY FOR APRIL 19 2017...
VALID TODAY AS OF 0400 PM LOCAL TIME.

CLIMATE NORMAL PERIOD 1981 TO 2010
CLIMATE RECORD PERIOD 1949 TO 2017


WEATHER ITEM   OBSERVED TIME   RECORD YEAR NORMAL DEPARTURE LAST
                VALUE   (LST)  VALUE       VALUE  FROM      YEAR
                                                  NORMAL
..................................................................
TEMPERATURE (F)
 TODAY
  MAXIMUM         54   1149 AM  89    1976  59     -5       63
  MINIMUM         34   1207 AM  23    1990  34      0       44
  AVERAGE         44                        46     -2       54

PRECIPITATION (IN)
  TODAY            0.06          0.92 2013   0.10  -0.04     0.03
  MONTH TO DATE    2.37                      1.86   0.51     1.13
  SINCE MAR 1      4.91                      4.80   0.11     3.41
  SINCE JAN 1      9.60                      9.74  -0.14     8.20

DEGREE DAYS
 HEATING
  TODAY           21                        19      2       11
  MONTH TO DATE  321                       430   -109      451
  SINCE MAR 1   1389                      1473    -84     1265
  SINCE JUL 1   5911                      7093  -1182     5445

 COOLING
  TODAY            0                         0      0        0
  MONTH TO DATE    2                         0      2        0
  SINCE MAR 1      2                         0      2        0
  SINCE JAN 1      2                         0      2        0
..................................................................


WIND (MPH)
  HIGHEST WIND SPEED    24   HIGHEST WIND DIRECTION     S (200)
  HIGHEST GUST SPEED    32   HIGHEST GUST DIRECTION     S (190)
  AVERAGE WIND SPEED    10.4


SKY COVER
  AVERAGE SKY COVER 0.9



RELATIVE HUMIDITY (PERCENT)
 HIGHEST    76           100 AM
 LOWEST     46          1200 PM
 AVERAGE    61

..........................................................


THE GLENS FALLS NY CLIMATE NORMALS FOR TOMORROW
                         NORMAL    RECORD    YEAR
 MAXIMUM TEMPERATURE (F)   59        83      1954
 MINIMUM TEMPERATURE (F)   34        22      1974


SUNRISE AND SUNSET
APRIL 19 2017.........SUNRISE   605 AM EDT   SUNSET   742 PM EDT
APRIL 20 2017.........SUNRISE   604 AM EDT   SUNSET   744 PM EDT


-  INDICATES NEGATIVE NUMBERS.
R  INDICATES RECORD WAS SET OR TIED.
MM INDICATES DATA IS MISSING.
T  INDICATES TRACE AMOUNT.




$$
