000
CDUS41 KALY 130624
CLIGFL


CLIMATE REPORT
NATIONAL WEATHER SERVICE ALBANY NY
224 AM EDT SAT AUG 13 2016


...................................

...THE GLENS FALLS NY CLIMATE SUMMARY FOR AUGUST 12 2016...

CLIMATE NORMAL PERIOD 1981 TO 2010
CLIMATE RECORD PERIOD 1949 TO 2016


WEATHER ITEM   OBSERVED TIME   RECORD YEAR NORMAL DEPARTURE LAST
                VALUE   (LST)  VALUE       VALUE  FROM      YEAR
                                                  NORMAL
..................................................................
TEMPERATURE (F)
 YESTERDAY
  MAXIMUM         92R   156 PM  92    2002  80     12       79
  MINIMUM         73   1159 PM  42    2006  56     17       60
  AVERAGE         83                        68     15       70

PRECIPITATION (IN)
  YESTERDAY        0.01          1.02 2004   0.13  -0.12     0.14
  MONTH TO DATE    1.34                      1.56  -0.22     1.02
  SINCE JUN 1      8.18                      9.20  -1.02     9.46
  SINCE JAN 1     19.80                     23.69  -3.89    16.77

DEGREE DAYS
 HEATING
  YESTERDAY        0                         1     -1        0
  MONTH TO DATE    0                        12    -12        1
  SINCE JUN 1     44                       123    -79       91
  SINCE JUL 1      0                        33    -33       12

 COOLING
  YESTERDAY       18                         4     14        5
  MONTH TO DATE   97                        48     49       54
  SINCE JUN 1    415                       256    159      297
  SINCE JAN 1    471                       268    203      373
..................................................................


WIND (MPH)
  HIGHEST WIND SPEED    23   HIGHEST WIND DIRECTION    SW (220)
  HIGHEST GUST SPEED    31   HIGHEST GUST DIRECTION    SW (220)
  AVERAGE WIND SPEED     7.4


SKY COVER
  AVERAGE SKY COVER 0.3



RELATIVE HUMIDITY (PERCENT)
 HIGHEST    94           100 AM
 LOWEST     52           200 PM
 AVERAGE    73

..........................................................


THE GLENS FALLS NY CLIMATE NORMALS FOR TODAY
                         NORMAL    RECORD    YEAR
 MAXIMUM TEMPERATURE (F)   80        92      1988
 MINIMUM TEMPERATURE (F)   56        41      2006


SUNRISE AND SUNSET
AUGUST 13 2016........SUNRISE   558 AM EDT   SUNSET   800 PM EDT
AUGUST 14 2016........SUNRISE   559 AM EDT   SUNSET   758 PM EDT


-  INDICATES NEGATIVE NUMBERS.
R  INDICATES RECORD WAS SET OR TIED.
MM INDICATES DATA IS MISSING.
T  INDICATES TRACE AMOUNT.




$$
