551
CDUS41 KALY 190632
CLIGFL


CLIMATE REPORT
NATIONAL WEATHER SERVICE ALBANY NY
231 AM EDT FRI MAY 19 2017


...................................

...THE GLENS FALLS NY CLIMATE SUMMARY FOR MAY 18 2017...

CLIMATE NORMAL PERIOD 1981 TO 2010
CLIMATE RECORD PERIOD 1949 TO 2017


WEATHER ITEM   OBSERVED TIME   RECORD YEAR NORMAL DEPARTURE LAST
                VALUE   (LST)  VALUE       VALUE  FROM      YEAR
                                                  NORMAL
..................................................................
TEMPERATURE (F)
 YESTERDAY
  MAXIMUM         MM        MM  89    1962  69     MM       65
  MINIMUM         MM        MM  28    1983  43     MM       37
  AVERAGE         MM                        56     MM       51

PRECIPITATION (IN)
  YESTERDAY       MM             0.78 1976   0.13  MM        0.00
  MONTH TO DATE    2.95                      2.08   0.87     2.03
  SINCE MAR 1      8.79                      8.02   0.77     5.77
  SINCE JAN 1     13.48                     12.96   0.52    10.56

DEGREE DAYS
 HEATING
  YESTERDAY       MM                         9     MM       14
  MONTH TO DATE  206                       214     -8      227
  SINCE MAR 1   1718                      1870   -152     1674
  SINCE JUL 1   6240                      7490  -1250     5854

 COOLING
  YESTERDAY       MM                         0     MM        0
  MONTH TO DATE    6                         0      6        0
  SINCE MAR 1     12                         1     11        0
  SINCE JAN 1     12                         1     11        0
..................................................................


WIND (MPH)
  HIGHEST WIND SPEED    MM   HIGHEST WIND DIRECTION    MM
  HIGHEST GUST SPEED    MM   HIGHEST GUST DIRECTION    MM
  AVERAGE WIND SPEED    MM


SKY COVER
  AVERAGE SKY COVER  MM



RELATIVE HUMIDITY (PERCENT)
 HIGHEST    MM
 LOWEST     MM
 AVERAGE    MM

..........................................................


THE GLENS FALLS NY CLIMATE NORMALS FOR TODAY
                         NORMAL    RECORD    YEAR
 MAXIMUM TEMPERATURE (F)   69        88      1989
 MINIMUM TEMPERATURE (F)   44        28      2002


SUNRISE AND SUNSET
MAY 19 2017...........SUNRISE   526 AM EDT   SUNSET   816 PM EDT
MAY 20 2017...........SUNRISE   525 AM EDT   SUNSET   817 PM EDT


-  INDICATES NEGATIVE NUMBERS.
R  INDICATES RECORD WAS SET OR TIED.
MM INDICATES DATA IS MISSING.
T  INDICATES TRACE AMOUNT.




$$
