000
CDUS41 KALY 100626
CLIGFL


CLIMATE REPORT
NATIONAL WEATHER SERVICE ALBANY NY
225 AM EDT SAT JUN 10 2017


...................................

...THE GLENS FALLS NY CLIMATE SUMMARY FOR JUNE 9 2017...

CLIMATE NORMAL PERIOD 1981 TO 2010
CLIMATE RECORD PERIOD 1949 TO 2017


WEATHER ITEM   OBSERVED TIME   RECORD YEAR NORMAL DEPARTURE LAST
                VALUE   (LST)  VALUE       VALUE  FROM      YEAR
                                                  NORMAL
..................................................................
TEMPERATURE (F)
 YESTERDAY
  MAXIMUM         79    435 PM  95    2008  75      4       66
  MINIMUM         52   1155 PM  37    1977  50      2       51
  AVERAGE         66                        63      3       59

PRECIPITATION (IN)
  YESTERDAY        0.00          1.02 2015   0.12  -0.12     0.00
  MONTH TO DATE    1.15                      1.07   0.08     1.92
  SINCE JUN 1      1.15                      1.07   0.08     1.92
  SINCE JAN 1     17.49                     15.56   1.93    13.54

DEGREE DAYS
 HEATING
  YESTERDAY        0                         4     -4        6
  MONTH TO DATE   64                        43     21       12
  SINCE JUN 1     64                        43     21       12
  SINCE JUL 1   6381                      7629  -1248     5895

 COOLING
  YESTERDAY        1                         2     -1        0
  MONTH TO DATE    1                        11    -10       26
  SINCE JUN 1      1                        11    -10       26
  SINCE JAN 1     22                        23     -1       82
..................................................................


WIND (MPH)
  HIGHEST WIND SPEED    17   HIGHEST WIND DIRECTION     W (290)
  HIGHEST GUST SPEED    24   HIGHEST GUST DIRECTION     W (290)
  AVERAGE WIND SPEED     5.2


SKY COVER
  AVERAGE SKY COVER 0.5



RELATIVE HUMIDITY (PERCENT)
 HIGHEST    72          1200 AM
 LOWEST     63           800 AM
 AVERAGE    68

..........................................................


THE GLENS FALLS NY CLIMATE NORMALS FOR TODAY
                         NORMAL    RECORD    YEAR
 MAXIMUM TEMPERATURE (F)   75        94      2008
 MINIMUM TEMPERATURE (F)   51        35      1975


SUNRISE AND SUNSET
JUNE 10 2017..........SUNRISE   514 AM EDT   SUNSET   834 PM EDT
JUNE 11 2017..........SUNRISE   514 AM EDT   SUNSET   835 PM EDT


-  INDICATES NEGATIVE NUMBERS.
R  INDICATES RECORD WAS SET OR TIED.
MM INDICATES DATA IS MISSING.
T  INDICATES TRACE AMOUNT.




$$
