000
CDUS41 KALY 200626
CLIGFL


CLIMATE REPORT
NATIONAL WEATHER SERVICE ALBANY NY
125 AM EST SUN NOV 20 2016


...................................

...THE GLENS FALLS NY CLIMATE SUMMARY FOR NOVEMBER 19 2016...

CLIMATE NORMAL PERIOD 1981 TO 2010
CLIMATE RECORD PERIOD 1949 TO 2016


WEATHER ITEM   OBSERVED TIME   RECORD YEAR NORMAL DEPARTURE LAST
                VALUE   (LST)  VALUE       VALUE  FROM      YEAR
                                                  NORMAL
..................................................................
TEMPERATURE (F)
 YESTERDAY
  MAXIMUM         60    239 PM  62    1985  45     15       59
  MINIMUM         29    206 AM   6    1997  27      2       49
  AVERAGE         45                        36      9       54

PRECIPITATION (IN)
  YESTERDAY        0.00          1.76 2003   0.12  -0.12     0.65
  MONTH TO DATE    1.67                      2.09  -0.42     1.01
  SINCE SEP 1      5.82                      8.98  -3.16     9.41
  SINCE JAN 1     26.98                     34.79  -7.81    26.93

DEGREE DAYS
 HEATING
  YESTERDAY       20                        29     -9       11
  MONTH TO DATE  427                       496    -69      347
  SINCE SEP 1    989                      1285   -296      967
  SINCE JUL 1    995                      1351   -356      980

 COOLING
  YESTERDAY        0                         0      0        0
  MONTH TO DATE    0                         0      0        0
  SINCE SEP 1     58                        25     33       97
  SINCE JAN 1    643                       352    291      596
..................................................................


WIND (MPH)
  HIGHEST WIND SPEED     9   HIGHEST WIND DIRECTION     N (360)
  HIGHEST GUST SPEED    12   HIGHEST GUST DIRECTION     N (360)
  AVERAGE WIND SPEED     1.4


SKY COVER
  AVERAGE SKY COVER 0.6



RELATIVE HUMIDITY (PERCENT)
 HIGHEST   100          1000 AM
 LOWEST     46           200 PM
 AVERAGE    73

..........................................................


THE GLENS FALLS NY CLIMATE NORMALS FOR TODAY
                         NORMAL    RECORD    YEAR
 MAXIMUM TEMPERATURE (F)   45        70      1991
 MINIMUM TEMPERATURE (F)   26         7      1986


SUNRISE AND SUNSET
NOVEMBER 20 2016......SUNRISE   655 AM EST   SUNSET   425 PM EST
NOVEMBER 21 2016......SUNRISE   656 AM EST   SUNSET   425 PM EST


-  INDICATES NEGATIVE NUMBERS.
R  INDICATES RECORD WAS SET OR TIED.
MM INDICATES DATA IS MISSING.
T  INDICATES TRACE AMOUNT.




$$
