000
CDUS41 KALY 090623
CLIGFL


CLIMATE REPORT
NATIONAL WEATHER SERVICE ALBANY NY
223 AM EDT WED APR 9 2014


...................................

...THE GLENS FALLS NY CLIMATE SUMMARY FOR APRIL 8 2014...

CLIMATE NORMAL PERIOD 1981 TO 2010
CLIMATE RECORD PERIOD 1949 TO 2014


WEATHER ITEM   OBSERVED TIME   RECORD YEAR NORMAL DEPARTURE LAST
                VALUE   (LST)  VALUE       VALUE  FROM      YEAR
                                                  NORMAL
..................................................................
TEMPERATURE (F)
 YESTERDAY
  MAXIMUM         56    154 PM  79    1991  53      3       59
  MINIMUM         35   1150 PM  19    1995  30      5       43
  AVERAGE         46                        42      4       51

PRECIPITATION (IN)
  YESTERDAY        0.26          0.37 2001   0.10   0.16      T
  MONTH TO DATE    0.74                      0.76  -0.02     0.02
  SINCE MAR 1      3.46                      3.70  -0.24     3.13
  SINCE JAN 1      7.99                      8.64  -0.65     5.43

DEGREE DAYS
 HEATING
  YESTERDAY       19                        23     -4       14
  MONTH TO DATE  196                       200     -4      209
  SINCE MAR 1   1506                      1243    263     1195
  SINCE JUL 1   7275                      6863    412     6296

 COOLING
  YESTERDAY        0                         0      0        0
  MONTH TO DATE    0                         0      0        0
  SINCE MAR 1      0                         0      0        0
  SINCE JAN 1      0                         0      0        0
..................................................................


WIND (MPH)
  HIGHEST WIND SPEED    24   HIGHEST WIND DIRECTION     W (290)
  HIGHEST GUST SPEED    35   HIGHEST GUST DIRECTION     W (290)
  AVERAGE WIND SPEED     6.6


SKY COVER
  AVERAGE SKY COVER 1.0



RELATIVE HUMIDITY (PERCENT)
 HIGHEST    96          1200 PM
 LOWEST     58           700 PM
 AVERAGE    77

..........................................................


THE GLENS FALLS NY CLIMATE NORMALS FOR TODAY
                         NORMAL    RECORD    YEAR
 MAXIMUM TEMPERATURE (F)   54        75      1991
 MINIMUM TEMPERATURE (F)   30        17      1997


SUNRISE AND SUNSET
APRIL  9 2014.........SUNRISE   622 AM EDT   SUNSET   730 PM EDT
APRIL 10 2014.........SUNRISE   621 AM EDT   SUNSET   732 PM EDT


-  INDICATES NEGATIVE NUMBERS.
R  INDICATES RECORD WAS SET OR TIED.
MM INDICATES DATA IS MISSING.
T  INDICATES TRACE AMOUNT.




$$
