000
CDUS41 KALY 120628
CLIGFL


CLIMATE REPORT
NATIONAL WEATHER SERVICE ALBANY NY
127 AM EST MON FEB 12 2018


...................................

...THE GLENS FALLS NY CLIMATE SUMMARY FOR FEBRUARY 11 2018...

CLIMATE NORMAL PERIOD 1981 TO 2010
CLIMATE RECORD PERIOD 1949 TO 2018


WEATHER ITEM   OBSERVED TIME   RECORD YEAR NORMAL DEPARTURE LAST
                VALUE   (LST)  VALUE       VALUE  FROM      YEAR
                                                  NORMAL
..................................................................
TEMPERATURE (F)
 YESTERDAY
  MAXIMUM         31   1159 PM  57    1981  32     -1       30
  MINIMUM         25    908 AM -21    1979   9     16       14
  AVERAGE         28                        20      8       22

PRECIPITATION (IN)
  YESTERDAY        0.02          1.15 1955   0.08  -0.06     0.05
  MONTH TO DATE    1.48                      0.84   0.64     1.18
  SINCE DEC 1      6.07                      6.75  -0.68     6.23
  SINCE JAN 1      3.75                      3.70   0.05     3.36

DEGREE DAYS
 HEATING
  YESTERDAY       37                        45     -8       43
  MONTH TO DATE  506                       503      3      436
  SINCE DEC 1   3324                      3201    123     2689
  SINCE JUL 1   4735                      4899   -164     4005

 COOLING
  YESTERDAY        0                         0      0        0
  MONTH TO DATE    0                         0      0        0
  SINCE DEC 1      0                         0      0        0
  SINCE JAN 1      0                         0      0        0
..................................................................


WIND (MPH)
  HIGHEST WIND SPEED    12   HIGHEST WIND DIRECTION     E (70)
  HIGHEST GUST SPEED    13   HIGHEST GUST DIRECTION     E (70)
  AVERAGE WIND SPEED     3.6


SKY COVER
  AVERAGE SKY COVER 1.0



RELATIVE HUMIDITY (PERCENT)
 HIGHEST   100          1200 PM
 LOWEST     84           500 AM
 AVERAGE    92

..........................................................


THE GLENS FALLS NY CLIMATE NORMALS FOR TODAY
                         NORMAL    RECORD    YEAR
 MAXIMUM TEMPERATURE (F)   32        53      1999
 MINIMUM TEMPERATURE (F)    9       -25      1979


SUNRISE AND SUNSET
FEBRUARY 12 2018......SUNRISE   657 AM EST   SUNSET   521 PM EST
FEBRUARY 13 2018......SUNRISE   655 AM EST   SUNSET   523 PM EST


-  INDICATES NEGATIVE NUMBERS.
R  INDICATES RECORD WAS SET OR TIED.
MM INDICATES DATA IS MISSING.
T  INDICATES TRACE AMOUNT.




$$
