000
CDUS41 KALY 100633
CLIGFL


CLIMATE REPORT
NATIONAL WEATHER SERVICE ALBANY NY
232 AM EDT SUN SEP 10 2017


...................................

...THE GLENS FALLS NY CLIMATE SUMMARY FOR SEPTEMBER 9 2017...

CLIMATE NORMAL PERIOD 1981 TO 2010
CLIMATE RECORD PERIOD 1949 TO 2017


WEATHER ITEM   OBSERVED TIME   RECORD YEAR NORMAL DEPARTURE LAST
                VALUE   (LST)  VALUE       VALUE  FROM      YEAR
                                                  NORMAL
..................................................................
TEMPERATURE (F)
 YESTERDAY
  MAXIMUM         65    400 PM  92    1959  73     -8       87
  MINIMUM         47   1159 PM  36    1980  49     -2       62
  AVERAGE         56                        61     -5       75

PRECIPITATION (IN)
  YESTERDAY        T             1.53 1987   0.11  -0.11     0.02
  MONTH TO DATE    2.13                      0.92   1.21     0.15
  SINCE SEP 1      2.13                      0.92   1.21     0.15
  SINCE JAN 1     29.26                     26.73   2.53    21.31

DEGREE DAYS
 HEATING
  YESTERDAY        9                         5      4        0
  MONTH TO DATE   67                        36     31        4
  SINCE SEP 1     67                        36     31        4
  SINCE JUL 1    134                       102     32       10

 COOLING
  YESTERDAY        0                         1     -1       10
  MONTH TO DATE    2                        14    -12       36
  SINCE SEP 1      2                        14    -12       36
  SINCE JAN 1    316                       341    -25      621
..................................................................


WIND (MPH)
  HIGHEST WIND SPEED    13   HIGHEST WIND DIRECTION    NW (320)
  HIGHEST GUST SPEED    16   HIGHEST GUST DIRECTION    NW (330)
  AVERAGE WIND SPEED     4.9


SKY COVER
  AVERAGE SKY COVER 0.8



RELATIVE HUMIDITY (PERCENT)
 HIGHEST    96          1000 PM
 LOWEST     60          1200 PM
 AVERAGE    78

..........................................................


THE GLENS FALLS NY CLIMATE NORMALS FOR TODAY
                         NORMAL    RECORD    YEAR
 MAXIMUM TEMPERATURE (F)   73        91      2002
 MINIMUM TEMPERATURE (F)   49        33      1978


SUNRISE AND SUNSET
SEPTEMBER 10 2017.....SUNRISE   629 AM EDT   SUNSET   713 PM EDT
SEPTEMBER 11 2017.....SUNRISE   630 AM EDT   SUNSET   711 PM EDT


-  INDICATES NEGATIVE NUMBERS.
R  INDICATES RECORD WAS SET OR TIED.
MM INDICATES DATA IS MISSING.
T  INDICATES TRACE AMOUNT.




$$
