000
CDUS41 KALY 150627
CLIGFL


CLIMATE REPORT
NATIONAL WEATHER SERVICE ALBANY NY
126 AM EST MON DEC 15 2014


...................................

...THE GLENS FALLS NY CLIMATE SUMMARY FOR DECEMBER 14 2014...

CLIMATE NORMAL PERIOD 1981 TO 2010
CLIMATE RECORD PERIOD 1949 TO 2014


WEATHER ITEM   OBSERVED TIME   RECORD YEAR NORMAL DEPARTURE LAST
                VALUE   (LST)  VALUE       VALUE  FROM      YEAR
                                                  NORMAL
..................................................................
TEMPERATURE (F)
 YESTERDAY
  MAXIMUM         36    948 PM  49    2006  34      2       14
  MINIMUM         24   1236 AM -17    2005  17      7        4
  AVERAGE         30                        26      4        9

PRECIPITATION (IN)
  YESTERDAY        0.00          0.87 1954   0.10  -0.10     0.32
  MONTH TO DATE    2.53                      1.51   1.02     0.92
  SINCE DEC 1      2.53                      1.51   1.02     0.92
  SINCE JAN 1     34.88                     37.52  -2.64    33.76

DEGREE DAYS
 HEATING
  YESTERDAY       35                        39     -4       56
  MONTH TO DATE  508                       513     -5      531
  SINCE DEC 1    508                       513     -5      531
  SINCE JUL 1   1969                      2211   -242     2210

 COOLING
  YESTERDAY        0                         0      0        0
  MONTH TO DATE    0                         0      0        0
  SINCE DEC 1      0                         0      0        0
  SINCE JAN 1    392                       352     40      537
..................................................................


WIND (MPH)
  HIGHEST WIND SPEED    10   HIGHEST WIND DIRECTION    NW (320)
  HIGHEST GUST SPEED    12   HIGHEST GUST DIRECTION    NW (320)
  AVERAGE WIND SPEED     1.2


SKY COVER
  AVERAGE SKY COVER 1.0



RELATIVE HUMIDITY (PERCENT)
 HIGHEST    92          1200 AM
 LOWEST     75           900 PM
 AVERAGE    84

..........................................................


THE GLENS FALLS NY CLIMATE NORMALS FOR TODAY
                         NORMAL    RECORD    YEAR
 MAXIMUM TEMPERATURE (F)   34        51      1975
 MINIMUM TEMPERATURE (F)   16       -14      2005


SUNRISE AND SUNSET
DECEMBER 15 2014......SUNRISE   720 AM EST   SUNSET   419 PM EST
DECEMBER 16 2014......SUNRISE   721 AM EST   SUNSET   420 PM EST


-  INDICATES NEGATIVE NUMBERS.
R  INDICATES RECORD WAS SET OR TIED.
MM INDICATES DATA IS MISSING.
T  INDICATES TRACE AMOUNT.




$$
