000
CDUS41 KALY 190625
CLIGFL


CLIMATE REPORT
NATIONAL WEATHER SERVICE ALBANY NY
124 AM EST SUN NOV 19 2017


...................................

...THE GLENS FALLS NY CLIMATE SUMMARY FOR NOVEMBER 18 2017...

CLIMATE NORMAL PERIOD 1981 TO 2010
CLIMATE RECORD PERIOD 1949 TO 2017


WEATHER ITEM   OBSERVED TIME   RECORD YEAR NORMAL DEPARTURE LAST
                VALUE   (LST)  VALUE       VALUE  FROM      YEAR
                                                  NORMAL
..................................................................
TEMPERATURE (F)
 YESTERDAY
  MAXIMUM         36   1159 PM  64    1953  46    -10       57
  MINIMUM         15    459 AM  14    1997  27    -12       30
  AVERAGE         26                        36    -10       44

PRECIPITATION (IN)
  YESTERDAY        0.10          1.27 1968   0.12  -0.02     0.00
  MONTH TO DATE    1.03                      1.97  -0.94     1.67
  SINCE SEP 1      6.16                      8.86  -2.70     5.82
  SINCE JAN 1     33.29                     34.67  -1.38    26.98

DEGREE DAYS
 HEATING
  YESTERDAY       39                        29     10       21
  MONTH TO DATE  509                       467     42      407
  SINCE SEP 1    984                      1256   -272      969
  SINCE JUL 1   1051                      1322   -271      975

 COOLING
  YESTERDAY        0                         0      0        0
  MONTH TO DATE    0                         0      0        0
  SINCE SEP 1     74                        25     49       58
  SINCE JAN 1    388                       352     36      643
..................................................................


WIND (MPH)
  HIGHEST WIND SPEED     7   HIGHEST WIND DIRECTION     E (70)
  HIGHEST GUST SPEED     8   HIGHEST GUST DIRECTION    SW (210)
  AVERAGE WIND SPEED     0.5


SKY COVER
  AVERAGE SKY COVER 0.5



RELATIVE HUMIDITY (PERCENT)
 HIGHEST   100           600 AM
 LOWEST     64           100 PM
 AVERAGE    82

..........................................................


THE GLENS FALLS NY CLIMATE NORMALS FOR TODAY
                         NORMAL    RECORD    YEAR
 MAXIMUM TEMPERATURE (F)   45        62      1985
 MINIMUM TEMPERATURE (F)   27         6      1997


SUNRISE AND SUNSET
NOVEMBER 19 2017......SUNRISE   653 AM EST   SUNSET   426 PM EST
NOVEMBER 20 2017......SUNRISE   654 AM EST   SUNSET   426 PM EST


-  INDICATES NEGATIVE NUMBERS.
R  INDICATES RECORD WAS SET OR TIED.
MM INDICATES DATA IS MISSING.
T  INDICATES TRACE AMOUNT.




$$
